{"id":9007,"date":"2023-06-01T17:47:02","date_gmt":"2023-06-01T20:47:02","guid":{"rendered":"https:\/\/www.ficindaial.com.br\/fundacao\/?page_id=9007"},"modified":"2023-09-18T08:43:11","modified_gmt":"2023-09-18T11:43:11","slug":"12o-encontro-regional-de-corais","status":"publish","type":"page","link":"https:\/\/www.ficindaial.com.br\/fundacao\/12o-encontro-regional-de-corais\/","title":{"rendered":"12\u00ba ENCONTRO REGIONAL DE CORAIS"},"content":{"rendered":"\n<hr class=\"wp-block-separator\"\/>\n\n\n\n<h5 class=\"wp-block-heading\" style=\"text-align:left\"><br><\/h5>\n\n\n\n<div class=\"wp-block-image\"><figure class=\"alignleft is-resized\"><img loading=\"lazy\" decoding=\"async\" src=\"https:\/\/www.ficindaial.com.br\/fundacao\/wp-content\/uploads\/2023\/06\/12\u00ba-Encontro-de-Corais-1024x1024.png\" alt=\"\" class=\"wp-image-9012\" width=\"322\" height=\"322\" srcset=\"https:\/\/www.ficindaial.com.br\/fundacao\/wp-content\/uploads\/2023\/06\/12\u00ba-Encontro-de-Corais-1024x1024.png 1024w, https:\/\/www.ficindaial.com.br\/fundacao\/wp-content\/uploads\/2023\/06\/12\u00ba-Encontro-de-Corais-150x150.png 150w, https:\/\/www.ficindaial.com.br\/fundacao\/wp-content\/uploads\/2023\/06\/12\u00ba-Encontro-de-Corais-300x300.png 300w, https:\/\/www.ficindaial.com.br\/fundacao\/wp-content\/uploads\/2023\/06\/12\u00ba-Encontro-de-Corais-768x768.png 768w, https:\/\/www.ficindaial.com.br\/fundacao\/wp-content\/uploads\/2023\/06\/12\u00ba-Encontro-de-Corais-270x270.png 270w, https:\/\/www.ficindaial.com.br\/fundacao\/wp-content\/uploads\/2023\/06\/12\u00ba-Encontro-de-Corais-230x230.png 230w, https:\/\/www.ficindaial.com.br\/fundacao\/wp-content\/uploads\/2023\/06\/12\u00ba-Encontro-de-Corais.png 1080w\" sizes=\"(max-width: 322px) 100vw, 322px\" \/><\/figure><\/div>\n\n\n\n<h5 class=\"wp-block-heading\"><strong>Objetivo<\/strong><\/h5>\n\n\n\n<p>O <strong>12\u00ba ENCONTRO REGIONAL DE CORAIS<\/strong>, edi\u00e7\u00e3o 2023, tem por finalidade proporcionar o interc\u00e2mbio cultural, a difus\u00e3o, a integra\u00e7\u00e3o, o incentivo, o desenvolvimento e o fortalecimento de la\u00e7os entre Corais e grupos vocais da regi\u00e3o e o p\u00fablico.<br><\/p>\n\n\n\n<hr class=\"wp-block-separator\"\/>\n\n\n\n<h5 class=\"wp-block-heading\"><strong>Realiza\u00e7\u00e3o<\/strong><\/h5>\n\n\n\n<p>O evento \u00e9 realizado pela Funda\u00e7\u00e3o Indaialense de Cultura &#8220;<em>Prefeito Victor Petters<\/em>&#8221; (FIC) com apoio da Prefeitura Municipal de Indaial.<\/p>\n\n\n\n<hr class=\"wp-block-separator\"\/>\n\n\n\n<h5 class=\"wp-block-heading\"><strong>Data e Local<\/strong><\/h5>\n\n\n\n<p class=\"has-text-color has-vivid-red-color\"><strong>DATA: 07 de Outubro de 2023 <\/strong><br><strong>EVENTO CANCELADO POR N\u00c3O ATINGIR N\u00daMERO M\u00cdNIMO DE INSCRITOS<br><\/strong><\/p>\n\n\n\n<hr class=\"wp-block-separator\"\/>\n\n\n\n<h5 class=\"wp-block-heading\"><strong>Quem pode participar<\/strong><\/h5>\n\n\n\n<p>Corais e Grupos Vocais com componentes maiores de 15 anos, de todas as categorias, pertencentes a empresas p\u00fablicas, privadas, \u00f3rg\u00e3os governamentais, religiosos, institui\u00e7\u00f5es de ensino musical e universit\u00e1rio ou grupos independentes, com repert\u00f3rio de m\u00fasica erudita e popular livre.<\/p>\n\n\n\n<p><strong>CATEGORIAS E VAGAS DISPON\u00cdVEIS<br><\/strong> 5 grupos com at\u00e9 15 componentes<br> 5 grupos de 15 a 24 componentes<br> 5 grupos acima de 25 componentes<\/p>\n\n\n\n<p><em>O limite de inscri\u00e7\u00f5es ser\u00e1 de 05 grupos por categoria, as inscri\u00e7\u00f5es poder\u00e3o ser encerradas ap\u00f3s o preenchimento de vagas de cada categoria. <\/em><\/p>\n\n\n\n<hr class=\"wp-block-separator\"\/>\n\n\n\n<h5 class=\"wp-block-heading\"><strong>Apresenta\u00e7\u00f5es<\/strong><\/h5>\n\n\n\n<p>A dura\u00e7\u00e3o total da apresenta\u00e7\u00e3o<strong>&nbsp;n\u00e3o poder\u00e1 ultrapassar 15 (quinze) minutos<\/strong>, entre entrada, apresenta\u00e7\u00e3o e sa\u00edda.<\/p>\n\n\n\n<p>Os Corais participantes dever\u00e3o permanecer no local de apresenta\u00e7\u00e3o no hor\u00e1rio integral com o prop\u00f3sito de interagir, intercambiar e prestigiar os demais corais.<\/p>\n\n\n\n<p>Ao final das apresenta\u00e7\u00f5es teremos um grande coro formado por todos os coralistas participantes com m\u00fasica a ser disponibilizada no link de inscri\u00e7\u00e3o, para esta m\u00fasica a reg\u00eancia ficar\u00e1 sob responsabilidade do Maestro do Coral da FIC.  <br><\/p>\n\n\n\n<hr class=\"wp-block-separator\"\/>\n\n\n\n<h5 class=\"wp-block-heading\">REGULAMENTO<\/h5>\n\n\n\n<p>Antes de fazer a inscri\u00e7\u00e3o leia o regulamento abaixo<\/p>\n\n\n\n<div class=\"wp-block-file\"><a href=\"https:\/\/www.ficindaial.com.br\/fundacao\/wp-content\/uploads\/2023\/06\/12\u00ba-Encontro-de-Corais-2023-REGULAMENTO-1-1.pdf\">12\u00ba Encontro de Corais &#8211; 2023 &#8211; REGULAMENTO<\/a><a href=\"https:\/\/www.ficindaial.com.br\/fundacao\/wp-content\/uploads\/2023\/06\/12\u00ba-Encontro-de-Corais-2023-REGULAMENTO-1-1.pdf\" class=\"wp-block-file__button\" download>Baixar<\/a><\/div>\n\n\n\n<h5 class=\"wp-block-heading\"><strong>Inscri\u00e7\u00e3o<\/strong><\/h5>\n\n\n\n<p><strong>Inscri\u00e7\u00f5es: &nbsp;01\/06 a 15\/09\/2023<\/strong>&nbsp;de forma online atrav\u00e9s de formul\u00e1rio<br>A Lista dos participantes ser\u00e1 divulgada nesta p\u00e1gina no dia&nbsp;<strong>18\/09\/2023<\/strong><\/p>\n\n\n\n<p>A participa\u00e7\u00e3o no evento ser\u00e1 de forma gratuita, n\u00e3o havendo taxa de inscri\u00e7\u00e3o.<\/p>\n\n\n\n<p style=\"background-color:#e1e9f4\" class=\"has-background\"><a href=\"https:\/\/forms.gle\/sTCekSsMma3NMPyB7\">Formul\u00e1rio de Inscri\u00e7\u00e3o<\/a><\/p>\n\n\n\n<p style=\"background-color:#e1e9f4\" class=\"has-background\"><a href=\"https:\/\/forms.gle\/8Ad8izSxXDSyFwY88\">Formul\u00e1rio de informa\u00e7\u00f5es do Repert\u00f3rio<\/a><\/p>\n\n\n\n<hr class=\"wp-block-separator\"\/>\n\n\n\n<ul class=\"wp-block-list\"><li><strong>Informa\u00e7\u00f5es solicitadas no Formul\u00e1rio de Inscri\u00e7\u00e3o<\/strong><\/li><li><em>Nome do Grupo<\/em><\/li><li><em>Cidade<\/em><\/li><li><em>Modalidade<\/em><\/li><li><em>Categoria<\/em><\/li><li><em>N\u00famero de Integrantes<\/em><\/li><li><em>Nome do  Regente \/ Maestro<\/em><\/li><li><em>N\u00famero de Instrumentistas (se houver)<\/em><\/li><li><em>Apresenta\u00e7\u00e3o do grupo<\/em><\/li><li><em>Envio de foto do grupo para divulga\u00e7\u00e3o<\/em><\/li><li><em>Link do Youtube com v\u00eddeo do grupo (se tiver)<\/em><\/li><li><em>Nome e telefone do respons\u00e1vel do grupo<\/em><\/li><\/ul>\n\n\n\n<ul class=\"wp-block-list\"><li><strong>Informa\u00e7\u00f5es solicitadas no formul\u00e1rio de repert\u00f3rio<\/strong><\/li><li><em>Nome de cada m\u00fasica<\/em><\/li><li><em>Compositor\/arranjador<\/em><\/li><li><em>Tempo m\u00e9dio de dura\u00e7\u00e3o das m\u00fasicas apresentadas <\/em><\/li><li><em>Informa\u00e7\u00f5es sobre o acompanhamento das m\u00fasicas e suas necessidades<\/em><\/li><li><\/li><\/ul>\n\n\n\n<p><\/p>\n\n\n\n<hr class=\"wp-block-separator\"\/>\n\n\n\n<figure class=\"wp-block-image is-resized\"><img loading=\"lazy\" decoding=\"async\" src=\"https:\/\/www.ficindaial.com.br\/fundacao\/wp-content\/uploads\/2023\/06\/BANNERS-SITE-37-1-1024x215.png\" alt=\"\" class=\"wp-image-9016\" width=\"714\" height=\"149\" srcset=\"https:\/\/www.ficindaial.com.br\/fundacao\/wp-content\/uploads\/2023\/06\/BANNERS-SITE-37-1-1024x215.png 1024w, https:\/\/www.ficindaial.com.br\/fundacao\/wp-content\/uploads\/2023\/06\/BANNERS-SITE-37-1-300x63.png 300w, https:\/\/www.ficindaial.com.br\/fundacao\/wp-content\/uploads\/2023\/06\/BANNERS-SITE-37-1-768x161.png 768w\" sizes=\"(max-width: 714px) 100vw, 714px\" \/><\/figure>\n","protected":false},"excerpt":{"rendered":"<p>Objetivo O 12\u00ba ENCONTRO REGIONAL DE CORAIS, edi\u00e7\u00e3o 2023, tem por finalidade proporcionar o interc\u00e2mbio cultural, a difus\u00e3o, a integra\u00e7\u00e3o, o incentivo, o desenvolvimento e o fortalecimento de la\u00e7os entre Corais e grupos vocais da regi\u00e3o e o p\u00fablico. Realiza\u00e7\u00e3o<\/p>\n","protected":false},"author":2,"featured_media":0,"parent":0,"menu_order":0,"comment_status":"closed","ping_status":"closed","template":"","meta":{"saved_in_kubio":false,"ngg_post_thumbnail":0,"footnotes":""},"class_list":["post-9007","page","type-page","status-publish","hentry"],"kubio_ai_page_context":{"short_desc":"","purpose":"general"},"_links":{"self":[{"href":"https:\/\/www.ficindaial.com.br\/fundacao\/wp-json\/wp\/v2\/pages\/9007","targetHints":{"allow":["GET"]}}],"collection":[{"href":"https:\/\/www.ficindaial.com.br\/fundacao\/wp-json\/wp\/v2\/pages"}],"about":[{"href":"https:\/\/www.ficindaial.com.br\/fundacao\/wp-json\/wp\/v2\/types\/page"}],"author":[{"embeddable":true,"href":"https:\/\/www.ficindaial.com.br\/fundacao\/wp-json\/wp\/v2\/users\/2"}],"replies":[{"embeddable":true,"href":"https:\/\/www.ficindaial.com.br\/fundacao\/wp-json\/wp\/v2\/comments?post=9007"}],"version-history":[{"count":18,"href":"https:\/\/www.ficindaial.com.br\/fundacao\/wp-json\/wp\/v2\/pages\/9007\/revisions"}],"predecessor-version":[{"id":9474,"href":"https:\/\/www.ficindaial.com.br\/fundacao\/wp-json\/wp\/v2\/pages\/9007\/revisions\/9474"}],"wp:attachment":[{"href":"https:\/\/www.ficindaial.com.br\/fundacao\/wp-json\/wp\/v2\/media?parent=9007"}],"curies":[{"name":"wp","href":"https:\/\/api.w.org\/{rel}","templated":true}]}}