{"id":8884,"date":"2023-05-03T12:54:49","date_gmt":"2023-05-03T15:54:49","guid":{"rendered":"https:\/\/www.ficindaial.com.br\/fundacao\/?page_id=8884"},"modified":"2023-05-03T12:54:50","modified_gmt":"2023-05-03T15:54:50","slug":"grupo-de-dancas-classicas","status":"publish","type":"page","link":"https:\/\/www.ficindaial.com.br\/fundacao\/grupo-de-dancas-classicas\/","title":{"rendered":"Grupo de Dan\u00e7as Cl\u00e1ssicas"},"content":{"rendered":"\n<p>O grupo de Dan\u00e7as Cl\u00e1ssicas da FIC surgiu em 2021, com a necessidade de um grupo destinado aos alunos avan\u00e7ados de Ballet e Dan\u00e7a Contempor\u00e2nea da FIC afim de participar de eventos e competi\u00e7\u00f5es.&nbsp;<br><\/p>\n\n\n\n<p>O grupo passou por audi\u00e7\u00e3o em sua forma\u00e7\u00e3o e hoje \u00e9 composto por 10 integrantes que representam a FIC.<br><\/p>\n\n\n\n<hr class=\"wp-block-separator\"\/>\n\n\n\n<ul class=\"wp-block-gallery columns-3 is-cropped wp-block-gallery-1 is-layout-flex wp-block-gallery-is-layout-flex\"><li class=\"blocks-gallery-item\"><figure><img loading=\"lazy\" decoding=\"async\" width=\"1024\" height=\"452\" src=\"https:\/\/www.ficindaial.com.br\/fundacao\/wp-content\/uploads\/2023\/05\/IMG_4778-1024x452.jpg\" alt=\"\" data-id=\"8885\" class=\"wp-image-8885\" srcset=\"https:\/\/www.ficindaial.com.br\/fundacao\/wp-content\/uploads\/2023\/05\/IMG_4778-1024x452.jpg 1024w, https:\/\/www.ficindaial.com.br\/fundacao\/wp-content\/uploads\/2023\/05\/IMG_4778-300x132.jpg 300w, https:\/\/www.ficindaial.com.br\/fundacao\/wp-content\/uploads\/2023\/05\/IMG_4778-768x339.jpg 768w, https:\/\/www.ficindaial.com.br\/fundacao\/wp-content\/uploads\/2023\/05\/IMG_4778.jpg 2037w\" sizes=\"(max-width: 1024px) 100vw, 1024px\" \/><\/figure><\/li><li class=\"blocks-gallery-item\"><figure><img loading=\"lazy\" decoding=\"async\" width=\"1024\" height=\"459\" src=\"https:\/\/www.ficindaial.com.br\/fundacao\/wp-content\/uploads\/2023\/05\/IMG_4971-1-1024x459.jpg\" alt=\"\" data-id=\"8888\" data-link=\"https:\/\/www.ficindaial.com.br\/fundacao\/?attachment_id=8888\" class=\"wp-image-8888\" srcset=\"https:\/\/www.ficindaial.com.br\/fundacao\/wp-content\/uploads\/2023\/05\/IMG_4971-1-1024x459.jpg 1024w, https:\/\/www.ficindaial.com.br\/fundacao\/wp-content\/uploads\/2023\/05\/IMG_4971-1-300x134.jpg 300w, https:\/\/www.ficindaial.com.br\/fundacao\/wp-content\/uploads\/2023\/05\/IMG_4971-1-768x344.jpg 768w, https:\/\/www.ficindaial.com.br\/fundacao\/wp-content\/uploads\/2023\/05\/IMG_4971-1.jpg 2048w\" sizes=\"(max-width: 1024px) 100vw, 1024px\" \/><\/figure><\/li><li class=\"blocks-gallery-item\"><figure><img loading=\"lazy\" decoding=\"async\" width=\"1024\" height=\"683\" src=\"https:\/\/www.ficindaial.com.br\/fundacao\/wp-content\/uploads\/2023\/05\/IMG_4977-1-1024x683.jpg\" alt=\"\" data-id=\"8889\" data-link=\"https:\/\/www.ficindaial.com.br\/fundacao\/?attachment_id=8889\" class=\"wp-image-8889\" srcset=\"https:\/\/www.ficindaial.com.br\/fundacao\/wp-content\/uploads\/2023\/05\/IMG_4977-1-1024x683.jpg 1024w, https:\/\/www.ficindaial.com.br\/fundacao\/wp-content\/uploads\/2023\/05\/IMG_4977-1-300x200.jpg 300w, https:\/\/www.ficindaial.com.br\/fundacao\/wp-content\/uploads\/2023\/05\/IMG_4977-1-768x512.jpg 768w, https:\/\/www.ficindaial.com.br\/fundacao\/wp-content\/uploads\/2023\/05\/IMG_4977-1.jpg 2048w\" sizes=\"(max-width: 1024px) 100vw, 1024px\" \/><\/figure><\/li><\/ul>\n","protected":false},"excerpt":{"rendered":"<p>O grupo de Dan\u00e7as Cl\u00e1ssicas da FIC surgiu em 2021, com a necessidade de um grupo destinado aos alunos avan\u00e7ados de Ballet e Dan\u00e7a Contempor\u00e2nea da FIC afim de participar de eventos e competi\u00e7\u00f5es.&nbsp; O grupo passou por audi\u00e7\u00e3o em<\/p>\n","protected":false},"author":2,"featured_media":0,"parent":0,"menu_order":0,"comment_status":"closed","ping_status":"closed","template":"","meta":{"saved_in_kubio":false,"ngg_post_thumbnail":0,"footnotes":""},"class_list":["post-8884","page","type-page","status-publish","hentry"],"kubio_ai_page_context":{"short_desc":"","purpose":"general"},"_links":{"self":[{"href":"https:\/\/www.ficindaial.com.br\/fundacao\/wp-json\/wp\/v2\/pages\/8884","targetHints":{"allow":["GET"]}}],"collection":[{"href":"https:\/\/www.ficindaial.com.br\/fundacao\/wp-json\/wp\/v2\/pages"}],"about":[{"href":"https:\/\/www.ficindaial.com.br\/fundacao\/wp-json\/wp\/v2\/types\/page"}],"author":[{"embeddable":true,"href":"https:\/\/www.ficindaial.com.br\/fundacao\/wp-json\/wp\/v2\/users\/2"}],"replies":[{"embeddable":true,"href":"https:\/\/www.ficindaial.com.br\/fundacao\/wp-json\/wp\/v2\/comments?post=8884"}],"version-history":[{"count":1,"href":"https:\/\/www.ficindaial.com.br\/fundacao\/wp-json\/wp\/v2\/pages\/8884\/revisions"}],"predecessor-version":[{"id":8890,"href":"https:\/\/www.ficindaial.com.br\/fundacao\/wp-json\/wp\/v2\/pages\/8884\/revisions\/8890"}],"wp:attachment":[{"href":"https:\/\/www.ficindaial.com.br\/fundacao\/wp-json\/wp\/v2\/media?parent=8884"}],"curies":[{"name":"wp","href":"https:\/\/api.w.org\/{rel}","templated":true}]}}

Grupo de Danças Clássicas

<p>O grupo de Danças Clássicas da FIC surgiu em 2021, com a necessidade de um grupo destinado aos alunos avançados de Ballet e Dança Contemporânea da FIC afim de participar de eventos e competições.&nbsp;<br></p>



<p>O grupo passou por audição em sua formação e hoje é composto por 10 integrantes que representam a FIC.<br></p>



<hr class="wp-block-separator"/>



<ul class="wp-block-gallery columns-3 is-cropped wp-block-gallery-1 is-layout-flex wp-block-gallery-is-layout-flex"><li class="blocks-gallery-item"><figure><img loading="lazy" decoding="async" width="1024" height="452" src="https://www.ficindaial.com.br/fundacao/wp-content/uploads/2023/05/IMG_4778-1024x452.jpg" alt="" data-id="8885" class="wp-image-8885" srcset="https://www.ficindaial.com.br/fundacao/wp-content/uploads/2023/05/IMG_4778-1024x452.jpg 1024w, https://www.ficindaial.com.br/fundacao/wp-content/uploads/2023/05/IMG_4778-300x132.jpg 300w, https://www.ficindaial.com.br/fundacao/wp-content/uploads/2023/05/IMG_4778-768x339.jpg 768w, https://www.ficindaial.com.br/fundacao/wp-content/uploads/2023/05/IMG_4778.jpg 2037w" sizes="(max-width: 1024px) 100vw, 1024px" /></figure></li><li class="blocks-gallery-item"><figure><img loading="lazy" decoding="async" width="1024" height="459" src="https://www.ficindaial.com.br/fundacao/wp-content/uploads/2023/05/IMG_4971-1-1024x459.jpg" alt="" data-id="8888" data-link="https://www.ficindaial.com.br/fundacao/?attachment_id=8888" class="wp-image-8888" srcset="https://www.ficindaial.com.br/fundacao/wp-content/uploads/2023/05/IMG_4971-1-1024x459.jpg 1024w, https://www.ficindaial.com.br/fundacao/wp-content/uploads/2023/05/IMG_4971-1-300x134.jpg 300w, https://www.ficindaial.com.br/fundacao/wp-content/uploads/2023/05/IMG_4971-1-768x344.jpg 768w, https://www.ficindaial.com.br/fundacao/wp-content/uploads/2023/05/IMG_4971-1.jpg 2048w" sizes="(max-width: 1024px) 100vw, 1024px" /></figure></li><li class="blocks-gallery-item"><figure><img loading="lazy" decoding="async" width="1024" height="683" src="https://www.ficindaial.com.br/fundacao/wp-content/uploads/2023/05/IMG_4977-1-1024x683.jpg" alt="" data-id="8889" data-link="https://www.ficindaial.com.br/fundacao/?attachment_id=8889" class="wp-image-8889" srcset="https://www.ficindaial.com.br/fundacao/wp-content/uploads/2023/05/IMG_4977-1-1024x683.jpg 1024w, https://www.ficindaial.com.br/fundacao/wp-content/uploads/2023/05/IMG_4977-1-300x200.jpg 300w, https://www.ficindaial.com.br/fundacao/wp-content/uploads/2023/05/IMG_4977-1-768x512.jpg 768w, https://www.ficindaial.com.br/fundacao/wp-content/uploads/2023/05/IMG_4977-1.jpg 2048w" sizes="(max-width: 1024px) 100vw, 1024px" /></figure></li></ul>

<p>O grupo de Danças Clássicas da FIC surgiu em 2021, com a necessidade de um grupo destinado aos alunos avançados de Ballet e Dança Contemporânea da FIC afim de participar de eventos e competições.&nbsp; O grupo passou por audição em</p>
