{"id":8683,"date":"2023-02-28T09:53:08","date_gmt":"2023-02-28T12:53:08","guid":{"rendered":"https:\/\/www.ficindaial.com.br\/fundacao\/?page_id=8683"},"modified":"2023-11-20T13:14:14","modified_gmt":"2023-11-20T16:14:14","slug":"edital-001-2023-premio-de-ocupacao-do-espaco-do-salao-de-exposicoes-da-fic-2023","status":"publish","type":"page","link":"https:\/\/www.ficindaial.com.br\/fundacao\/edital-001-2023-premio-de-ocupacao-do-espaco-do-salao-de-exposicoes-da-fic-2023\/","title":{"rendered":"Edital 001\/2023 &#8211; Pr\u00eamio de  Ocupa\u00e7\u00e3o do Espa\u00e7o do Sal\u00e3o De Exposi\u00e7\u00f5es  da FIC 2023"},"content":{"rendered":"\n<hr class=\"wp-block-separator has-css-opacity\"\/>\n\n\n\n<p>O presente edital tem por finalidade premiar exposi\u00e7\u00f5es in\u00e9ditas de artes visuais a serem expostas em espa\u00e7o cedido pela FIC, localizado na pr\u00f3pria Funda\u00e7\u00e3o Indaialense de Cultura Prefeito Victor Petters, situada \u00e0 Rua Dr. Blumenau, n\u00ba 05, Centro, CEP 89.080-003, na cidade de Indaial.<\/p>\n\n\n\n<p>O edital ter\u00e1 04 premia\u00e7\u00f5es com classifica\u00e7\u00e3o indicativa livre e ser\u00e1 dividido em 2 categorias, assim dispostas:<\/p>\n\n\n\n<ul class=\"wp-block-list\">\n<li><strong>Categoria Municipal <\/strong>&#8211;&nbsp; Um (01) pr\u00eamio de R$ 2.500,00 (dois mil e quinhentos reais)<\/li>\n\n\n\n<li> <strong>Categoria Intermunicipal &#8211;&nbsp; <\/strong>Tr\u00eas (03) pr\u00eamios de R$ 2.500,00 (dois mil e quinhentos reais) cada. <\/li>\n<\/ul>\n\n\n\n<hr class=\"wp-block-separator has-css-opacity\"\/>\n\n\n\n<p>O presente Edital do Pr\u00eamio de Ocupa\u00e7\u00e3o tem como objetivo receber exposi\u00e7\u00e3o em espa\u00e7o cedido e ocorrer\u00e1 01 (uma) vez por ano por artista ou grupo. <\/p>\n\n\n\n<p> A cess\u00e3o ocorrer\u00e1 de acordo com o cronograma de Exposi\u00e7\u00f5es organizado pela FIC. <\/p>\n\n\n\n<p>O Espa\u00e7o dispon\u00edvel para este Edital \u00e9 denominado <strong>\u201cSal\u00e3o de Exposi\u00e7\u00f5es FIC\u201d<\/strong> medindo 28 metros quadrados com dimens\u00f5es de 4m X 7m. (ANEXO I &#8211; Planta Baixa)<br><\/p>\n\n\n\n<hr class=\"wp-block-separator has-css-opacity\"\/>\n\n\n\n<p class=\"has-very-light-gray-background-color has-background\"><strong>PER\u00cdODO DE INSCRI\u00c7\u00c3O<\/strong><\/p>\n\n\n\n<p>As inscri\u00e7\u00f5es ser\u00e3o gratuitas e ocorrer\u00e3o de<strong> 01 de mar\u00e7o de 2023  a 30 de abril de 2023, de forma on-line<\/strong><\/p>\n\n\n\n<hr class=\"wp-block-separator has-css-opacity\"\/>\n\n\n\n<p class=\"has-very-light-gray-background-color has-background\"><strong>QUEM PODE PARTICIPAR<\/strong><\/p>\n\n\n\n<p>Poder\u00e3o inscrever-se pessoas <strong>f\u00edsicas e jur\u00eddicas<\/strong> (com ou sem fins lucrativos), enquadrados como: Artistas, curadores e colecionadores.<\/p>\n\n\n\n<ul class=\"wp-block-list\">\n<li>N\u00e3o ser\u00e3o aceitos inscri\u00e7\u00f5es de trabalhos j\u00e1 expostos no Sal\u00e3o de Exposi\u00e7\u00e3o FIC contemplados em editais anteriores. N\u00e3o ser\u00e1 exclu\u00edda a participa\u00e7\u00e3o do artista com trabalhos in\u00e9ditos.<\/li>\n\n\n\n<li>\u00c9 vedada<strong> <\/strong>a participa\u00e7\u00e3o de:&nbsp;<\/li>\n<\/ul>\n\n\n\n<ol class=\"wp-block-list\">\n<li>Integrantes das Comiss\u00f5es de Sele\u00e7\u00e3o e Organiza\u00e7\u00e3o e seus familiares at\u00e9 2\u00ba grau de parentesco; <\/li>\n\n\n\n<li>Agentes p\u00fablicos com v\u00ednculo ativo na<strong> <\/strong>administra\u00e7\u00e3o direta e indireta<strong> <\/strong>do Munic\u00edpio de Indaial<strong>, &nbsp; <\/strong>seus c\u00f4njuges e familiares at\u00e9 2\u00ba grau de parentesco na linha reta ou colateral, ainda que por afinidade;&nbsp;<\/li>\n\n\n\n<li>Servidores terceirizados, prestadores de servi\u00e7o, agentes pol\u00edticos e pessoas que tenham algum&nbsp; v\u00ednculo empregat\u00edcio direto e\/ou indireto com o Munic\u00edpio de Indaial; <\/li>\n\n\n\n<li>Conselheiros integrantes da Comiss\u00e3o de Avalia\u00e7\u00e3o e Sele\u00e7\u00e3o indicados pelo Conselho Municipal de Pol\u00edticas Culturais;<\/li>\n\n\n\n<li><\/li>\n<\/ol>\n\n\n\n<hr class=\"wp-block-separator has-css-opacity\"\/>\n\n\n\n<p class=\"has-very-light-gray-background-color has-background\"><strong>EDITAL<\/strong><\/p>\n\n\n\n<div class=\"wp-block-file\"><a id=\"wp-block-file--media-c24e09eb-f68e-4aee-ace7-e9ee1115bb9d\" href=\"https:\/\/www.ficindaial.com.br\/fundacao\/wp-content\/uploads\/2023\/02\/2023_GABINETE_DECRETOS_5722.docx.pdf\">001_20223 &#8211; EDITAL<\/a><a href=\"https:\/\/www.ficindaial.com.br\/fundacao\/wp-content\/uploads\/2023\/02\/2023_GABINETE_DECRETOS_5722.docx.pdf\" class=\"wp-block-file__button wp-element-button\" download aria-describedby=\"wp-block-file--media-c24e09eb-f68e-4aee-ace7-e9ee1115bb9d\">Baixar<\/a><\/div>\n\n\n\n<div class=\"wp-block-file\"><a id=\"wp-block-file--media-49b861b3-fb2f-47ea-a7e1-d2c179697af4\" href=\"https:\/\/www.ficindaial.com.br\/fundacao\/wp-content\/uploads\/2023\/02\/001_2023-ANEXO-I-ESPA\u00c7O.pdf\">001_2023 &#8211; ANEXO I &#8211; ESPA\u00c7O<\/a><a href=\"https:\/\/www.ficindaial.com.br\/fundacao\/wp-content\/uploads\/2023\/02\/001_2023-ANEXO-I-ESPA\u00c7O.pdf\" class=\"wp-block-file__button wp-element-button\" download aria-describedby=\"wp-block-file--media-49b861b3-fb2f-47ea-a7e1-d2c179697af4\">Baixar<\/a><\/div>\n\n\n\n<div class=\"wp-block-file\"><a id=\"wp-block-file--media-18971855-2802-4c2e-8bc4-8956030cff0d\" href=\"https:\/\/www.ficindaial.com.br\/fundacao\/wp-content\/uploads\/2023\/02\/001_2023-ANEXO-II-CRONOGRAM-DE-EXPOSI\u00c7\u00c3O.pdf\">001_2023 &#8211; ANEXO II &#8211; CRONOGRAM DE EXPOSI\u00c7\u00c3O<\/a><a href=\"https:\/\/www.ficindaial.com.br\/fundacao\/wp-content\/uploads\/2023\/02\/001_2023-ANEXO-II-CRONOGRAM-DE-EXPOSI\u00c7\u00c3O.pdf\" class=\"wp-block-file__button wp-element-button\" download aria-describedby=\"wp-block-file--media-18971855-2802-4c2e-8bc4-8956030cff0d\">Baixar<\/a><\/div>\n\n\n\n<div class=\"wp-block-file\"><a id=\"wp-block-file--media-34e5ce56-d1b8-4c96-99ba-16fa4c08bc9c\" href=\"https:\/\/www.ficindaial.com.br\/fundacao\/wp-content\/uploads\/2023\/02\/001_2023-ANEXO-III-CRONOGRAMA-INSCRI\u00c7\u00c3O.pdf\">001_2023 &#8211; ANEXO III &#8211; CRONOGRAMA INSCRI\u00c7\u00c3O<\/a><a href=\"https:\/\/www.ficindaial.com.br\/fundacao\/wp-content\/uploads\/2023\/02\/001_2023-ANEXO-III-CRONOGRAMA-INSCRI\u00c7\u00c3O.pdf\" class=\"wp-block-file__button wp-element-button\" download aria-describedby=\"wp-block-file--media-34e5ce56-d1b8-4c96-99ba-16fa4c08bc9c\">Baixar<\/a><\/div>\n\n\n\n<div class=\"wp-block-file\"><a id=\"wp-block-file--media-a7163e33-aaca-42af-80b5-e0f02ed7c46a\" href=\"https:\/\/www.ficindaial.com.br\/fundacao\/wp-content\/uploads\/2023\/02\/ANEXO-IV-DECLARA\u00c7\u00c3O-DE-RESID\u00caNCIA-DE-TERCEIROS-1.docx\">001_2023 &#8211; ANEXO IV  DECLARA\u00c7\u00c3O DE RESID\u00caNCIA DE TERCEIROS<\/a><a href=\"https:\/\/www.ficindaial.com.br\/fundacao\/wp-content\/uploads\/2023\/02\/ANEXO-IV-DECLARA\u00c7\u00c3O-DE-RESID\u00caNCIA-DE-TERCEIROS-1.docx\" class=\"wp-block-file__button wp-element-button\" download aria-describedby=\"wp-block-file--media-a7163e33-aaca-42af-80b5-e0f02ed7c46a\">Baixar<\/a><\/div>\n\n\n\n<hr class=\"wp-block-separator has-css-opacity\"\/>\n\n\n\n<p><strong>FORMUL\u00c1RIOS DE INSCRI\u00c7\u00c3O E ENVIO DE PROJETO CULTURAL<\/strong><\/p>\n\n\n\n<p>Para participa\u00e7\u00e3o neste edital \u00e9 necess\u00e1rio que o preponente fa\u00e7a a inscri\u00e7\u00e3o na modalidade &#8216;Pessoa F\u00edsica ou Jur\u00eddica&#8221; e posteriormente o &#8220;cadastro do projeto&#8221;.<\/p>\n\n\n\n<p><a href=\"https:\/\/forms.gle\/tKtv4ouFpynXJAVj9\">Pessoa F\u00edsica (Documental)<\/a><\/p>\n\n\n\n<p><a href=\"https:\/\/forms.gle\/AbhWSQ8TSJY4y7ki6\">Pessoa Jur\u00eddica (Documental)<\/a><\/p>\n\n\n\n<p><a href=\"https:\/\/forms.gle\/dcCiuhKW2eV32fxm8\">Cadastro de Projeto <\/a><\/p>\n\n\n\n<hr class=\"wp-block-separator has-css-opacity\"\/>\n\n\n\n<p class=\"has-very-light-gray-background-color has-background\"><strong>HOMOLOGA\u00c7\u00d5ES<\/strong><\/p>\n\n\n\n<div class=\"wp-block-file\"><a id=\"wp-block-file--media-6a53fa2f-f203-4edf-ae87-0182936bfc33\" href=\"https:\/\/www.ficindaial.com.br\/fundacao\/wp-content\/uploads\/2023\/05\/001_2023-HOMOLOGA\u00c7\u00c3O-DAS-INSCRI\u00c7\u00d5ES-2.pdf\">001_2023 &#8211; HOMOLOGA\u00c7\u00c3O DAS INSCRI\u00c7\u00d5ES<\/a><a href=\"https:\/\/www.ficindaial.com.br\/fundacao\/wp-content\/uploads\/2023\/05\/001_2023-HOMOLOGA\u00c7\u00c3O-DAS-INSCRI\u00c7\u00d5ES-2.pdf\" class=\"wp-block-file__button wp-element-button\" download aria-describedby=\"wp-block-file--media-6a53fa2f-f203-4edf-ae87-0182936bfc33\">Baixar<\/a><\/div>\n\n\n\n<div class=\"wp-block-file\"><a id=\"wp-block-file--media-69f36175-4de3-47b5-9282-ec9edb4ce1d4\" href=\"https:\/\/www.ficindaial.com.br\/fundacao\/wp-content\/uploads\/2023\/05\/COMUNICADO.pdf\">COMUNICADO<\/a><a href=\"https:\/\/www.ficindaial.com.br\/fundacao\/wp-content\/uploads\/2023\/05\/COMUNICADO.pdf\" class=\"wp-block-file__button wp-element-button\" download aria-describedby=\"wp-block-file--media-69f36175-4de3-47b5-9282-ec9edb4ce1d4\">Baixar<\/a><\/div>\n\n\n\n<div class=\"wp-block-file\"><a id=\"wp-block-file--media-32e4547a-fab1-4a3c-a390-c4d5babf69db\" href=\"https:\/\/www.ficindaial.com.br\/fundacao\/wp-content\/uploads\/2023\/05\/HOMOLOGA\u00c7\u00c3O-DO-RESULTADO-DOS-SELECIONADOS.pdf\">HOMOLOGA\u00c7\u00c3O DO RESULTADO DOS SELECIONADOS<\/a><a href=\"https:\/\/www.ficindaial.com.br\/fundacao\/wp-content\/uploads\/2023\/05\/HOMOLOGA\u00c7\u00c3O-DO-RESULTADO-DOS-SELECIONADOS.pdf\" class=\"wp-block-file__button wp-element-button\" download aria-describedby=\"wp-block-file--media-32e4547a-fab1-4a3c-a390-c4d5babf69db\">Baixar<\/a><\/div>\n\n\n\n<div class=\"wp-block-file\"><a id=\"wp-block-file--media-7e6bbda9-b65f-4c3f-96be-d4eb95779ea3\" href=\"https:\/\/www.ficindaial.com.br\/fundacao\/wp-content\/uploads\/2023\/05\/CRONOGAMA-DAS-EXPOSI\u00c7\u00d5ES.pdf\">CRONOGAMA DAS EXPOSI\u00c7\u00d5ES<\/a><a href=\"https:\/\/www.ficindaial.com.br\/fundacao\/wp-content\/uploads\/2023\/05\/CRONOGAMA-DAS-EXPOSI\u00c7\u00d5ES.pdf\" class=\"wp-block-file__button wp-element-button\" download aria-describedby=\"wp-block-file--media-7e6bbda9-b65f-4c3f-96be-d4eb95779ea3\">Baixar<\/a><\/div>\n\n\n\n<hr class=\"wp-block-separator has-css-opacity\"\/>\n\n\n\n<p><strong>REALIZA\u00c7\u00d5ES<\/strong><\/p>\n\n\n\n<p><strong>Exposi\u00e7\u00e3o:  Caminho de Sempre (Denise Patr\u00edcio)<\/strong><\/p>\n\n\n\n<p><\/p>\n\n\n\n<figure class=\"wp-block-embed is-type-rich is-provider-fundacao-indaialense-de-cultura\"><div class=\"wp-block-embed__wrapper\">\n<blockquote class=\"wp-embedded-content\" data-secret=\"q6w0R8657F\"><a href=\"https:\/\/www.ficindaial.com.br\/fundacao\/exposicao-caminho-de-sempre\/\">Exposi\u00e7\u00e3o: Caminho de Sempre<\/a><\/blockquote><iframe loading=\"lazy\" class=\"wp-embedded-content\" sandbox=\"allow-scripts\" security=\"restricted\" style=\"position: absolute; clip: rect(1px, 1px, 1px, 1px);\" title=\"&#8220;Exposi\u00e7\u00e3o: Caminho de Sempre&#8221; &#8212; Funda\u00e7\u00e3o Indaialense de Cultura\" src=\"https:\/\/www.ficindaial.com.br\/fundacao\/exposicao-caminho-de-sempre\/embed\/#?secret=e1zcJtYUdG#?secret=q6w0R8657F\" data-secret=\"q6w0R8657F\" width=\"600\" height=\"338\" frameborder=\"0\" marginwidth=\"0\" marginheight=\"0\" scrolling=\"no\"><\/iframe>\n<\/div><\/figure>\n\n\n\n<hr class=\"wp-block-separator has-css-opacity\"\/>\n\n\n\n<div class=\"wp-block-columns has-2-columns is-layout-flex wp-container-core-columns-is-layout-28f84493 wp-block-columns-is-layout-flex\">\n<div class=\"wp-block-column is-layout-flow wp-block-column-is-layout-flow\">\n<figure class=\"wp-block-image\"><img loading=\"lazy\" decoding=\"async\" width=\"1024\" height=\"1024\" src=\"https:\/\/www.ficindaial.com.br\/fundacao\/wp-content\/uploads\/2023\/07\/Palestra-1-1024x1024.png\" alt=\"\" class=\"wp-image-9263\" srcset=\"https:\/\/www.ficindaial.com.br\/fundacao\/wp-content\/uploads\/2023\/07\/Palestra-1-1024x1024.png 1024w, https:\/\/www.ficindaial.com.br\/fundacao\/wp-content\/uploads\/2023\/07\/Palestra-1-150x150.png 150w, https:\/\/www.ficindaial.com.br\/fundacao\/wp-content\/uploads\/2023\/07\/Palestra-1-300x300.png 300w, https:\/\/www.ficindaial.com.br\/fundacao\/wp-content\/uploads\/2023\/07\/Palestra-1-768x768.png 768w, https:\/\/www.ficindaial.com.br\/fundacao\/wp-content\/uploads\/2023\/07\/Palestra-1-270x270.png 270w, https:\/\/www.ficindaial.com.br\/fundacao\/wp-content\/uploads\/2023\/07\/Palestra-1-230x230.png 230w, https:\/\/www.ficindaial.com.br\/fundacao\/wp-content\/uploads\/2023\/07\/Palestra-1.png 1080w\" sizes=\"(max-width: 1024px) 100vw, 1024px\" \/><\/figure>\n<\/div>\n\n\n\n<div class=\"wp-block-column is-layout-flow wp-block-column-is-layout-flow\">\n<p><strong>Palestra:<\/strong> Trajet\u00f3ria art\u00edstica e processos criativos<\/p>\n\n\n\n<p><strong>Artista: Denise Patr\u00edcio <\/strong><\/p>\n\n\n\n<p>Ser\u00e1 uma apresenta\u00e7\u00e3o da trajet\u00f3ria art\u00edstica de Denise Patr\u00edcio e sobre as refer\u00eancias que deram origem \u00e0s pinturas apresentadas na exposi\u00e7\u00e3o &#8220;caminho de sempre&#8221;.<\/p>\n\n\n\n<p><strong>Data: 07 de Julho| 2023<\/strong><br><strong>Hor\u00e1rio<\/strong>: 19 horas<br><strong>Local: Sal\u00e3o de Exposi\u00e7\u00f5es &#8211; FIC<\/strong><\/p>\n\n\n\n<p><strong>Inscri\u00e7\u00e3o<\/strong>: https:\/\/forms.gle\/sRPotJ3jKCf52kxd8<\/p>\n\n\n\n<p><\/p>\n<\/div>\n<\/div>\n\n\n\n<hr class=\"wp-block-separator has-css-opacity\"\/>\n\n\n\n<figure class=\"wp-block-embed is-type-rich is-provider-fundacao-indaialense-de-cultura\"><div class=\"wp-block-embed__wrapper\">\n<blockquote class=\"wp-embedded-content\" data-secret=\"aIFhOQH6DM\"><a href=\"https:\/\/www.ficindaial.com.br\/fundacao\/exposicao-do-visivel-ao-invisivel\/\">Exposi\u00e7\u00e3o: Do Vis\u00edvel ao Invis\u00edvel<\/a><\/blockquote><iframe loading=\"lazy\" class=\"wp-embedded-content\" sandbox=\"allow-scripts\" security=\"restricted\" style=\"position: absolute; clip: rect(1px, 1px, 1px, 1px);\" title=\"&#8220;Exposi\u00e7\u00e3o: Do Vis\u00edvel ao Invis\u00edvel&#8221; &#8212; Funda\u00e7\u00e3o Indaialense de Cultura\" src=\"https:\/\/www.ficindaial.com.br\/fundacao\/exposicao-do-visivel-ao-invisivel\/embed\/#?secret=bS7y8CVjAY#?secret=aIFhOQH6DM\" data-secret=\"aIFhOQH6DM\" width=\"600\" height=\"338\" frameborder=\"0\" marginwidth=\"0\" marginheight=\"0\" scrolling=\"no\"><\/iframe>\n<\/div><\/figure>\n\n\n\n<hr class=\"wp-block-separator has-css-opacity\"\/>\n\n\n\n<div class=\"wp-block-columns has-2-columns is-layout-flex wp-container-core-columns-is-layout-28f84493 wp-block-columns-is-layout-flex\">\n<div class=\"wp-block-column is-layout-flow wp-block-column-is-layout-flow\">\n<figure class=\"wp-block-image\"><img loading=\"lazy\" decoding=\"async\" width=\"1024\" height=\"1024\" src=\"https:\/\/www.ficindaial.com.br\/fundacao\/wp-content\/uploads\/2023\/08\/C\u00f3pia-de-Palestra-1-1024x1024.png\" alt=\"\" class=\"wp-image-9382\" srcset=\"https:\/\/www.ficindaial.com.br\/fundacao\/wp-content\/uploads\/2023\/08\/C\u00f3pia-de-Palestra-1-1024x1024.png 1024w, https:\/\/www.ficindaial.com.br\/fundacao\/wp-content\/uploads\/2023\/08\/C\u00f3pia-de-Palestra-1-150x150.png 150w, https:\/\/www.ficindaial.com.br\/fundacao\/wp-content\/uploads\/2023\/08\/C\u00f3pia-de-Palestra-1-300x300.png 300w, https:\/\/www.ficindaial.com.br\/fundacao\/wp-content\/uploads\/2023\/08\/C\u00f3pia-de-Palestra-1-768x768.png 768w, https:\/\/www.ficindaial.com.br\/fundacao\/wp-content\/uploads\/2023\/08\/C\u00f3pia-de-Palestra-1-270x270.png 270w, https:\/\/www.ficindaial.com.br\/fundacao\/wp-content\/uploads\/2023\/08\/C\u00f3pia-de-Palestra-1-230x230.png 230w, https:\/\/www.ficindaial.com.br\/fundacao\/wp-content\/uploads\/2023\/08\/C\u00f3pia-de-Palestra-1.png 1080w\" sizes=\"(max-width: 1024px) 100vw, 1024px\" \/><\/figure>\n<\/div>\n\n\n\n<div class=\"wp-block-column is-layout-flow wp-block-column-is-layout-flow\">\n<p><strong>Palestra:<\/strong> Artes visuais, espa\u00e7os e a\u00e7\u00f5es de encontro e intera\u00e7\u00e3o<\/p>\n\n\n\n<p><strong>Artista: <\/strong> <strong>Celaine Refosco<\/strong> <\/p>\n\n\n\n<p><strong>Data: 08 de Agosto| 2023<\/strong><br><strong>Hor\u00e1rio<\/strong>: 19 horas<br><strong>Local: Sal\u00e3o de Exposi\u00e7\u00f5es &#8211; FIC<\/strong><\/p>\n\n\n\n<p><strong>Inscri\u00e7\u00f5es: <\/strong>https:\/\/forms.gle\/iS3EWPiwSoNvQwca6<\/p>\n<\/div>\n<\/div>\n\n\n\n<hr class=\"wp-block-separator has-css-opacity\"\/>\n\n\n\n<figure class=\"wp-block-embed is-type-rich is-provider-fundacao-indaialense-de-cultura\"><div class=\"wp-block-embed__wrapper\">\n<blockquote class=\"wp-embedded-content\" data-secret=\"ZVxcIy2bI6\"><a href=\"https:\/\/www.ficindaial.com.br\/fundacao\/exposicao-anatomia-da-ausencia\/\">Exposi\u00e7\u00e3o: Anatomia da Aus\u00eancia<\/a><\/blockquote><iframe loading=\"lazy\" class=\"wp-embedded-content\" sandbox=\"allow-scripts\" security=\"restricted\" style=\"position: absolute; clip: rect(1px, 1px, 1px, 1px);\" title=\"&#8220;Exposi\u00e7\u00e3o: Anatomia da Aus\u00eancia&#8221; &#8212; Funda\u00e7\u00e3o Indaialense de Cultura\" src=\"https:\/\/www.ficindaial.com.br\/fundacao\/exposicao-anatomia-da-ausencia\/embed\/#?secret=cTp6rH4u6r#?secret=ZVxcIy2bI6\" data-secret=\"ZVxcIy2bI6\" width=\"600\" height=\"338\" frameborder=\"0\" marginwidth=\"0\" marginheight=\"0\" scrolling=\"no\"><\/iframe>\n<\/div><\/figure>\n\n\n\n<p><\/p>\n\n\n\n<div class=\"wp-block-columns has-2-columns is-layout-flex wp-container-core-columns-is-layout-28f84493 wp-block-columns-is-layout-flex\">\n<div class=\"wp-block-column is-layout-flow wp-block-column-is-layout-flow\">\n<figure class=\"wp-block-image\"><img loading=\"lazy\" decoding=\"async\" width=\"1024\" height=\"1024\" src=\"https:\/\/www.ficindaial.com.br\/fundacao\/wp-content\/uploads\/2023\/10\/Palestra-Roseli-Sartori--1024x1024.png\" alt=\"\" class=\"wp-image-9577\" srcset=\"https:\/\/www.ficindaial.com.br\/fundacao\/wp-content\/uploads\/2023\/10\/Palestra-Roseli-Sartori--1024x1024.png 1024w, https:\/\/www.ficindaial.com.br\/fundacao\/wp-content\/uploads\/2023\/10\/Palestra-Roseli-Sartori--150x150.png 150w, https:\/\/www.ficindaial.com.br\/fundacao\/wp-content\/uploads\/2023\/10\/Palestra-Roseli-Sartori--300x300.png 300w, https:\/\/www.ficindaial.com.br\/fundacao\/wp-content\/uploads\/2023\/10\/Palestra-Roseli-Sartori--768x768.png 768w, https:\/\/www.ficindaial.com.br\/fundacao\/wp-content\/uploads\/2023\/10\/Palestra-Roseli-Sartori--270x270.png 270w, https:\/\/www.ficindaial.com.br\/fundacao\/wp-content\/uploads\/2023\/10\/Palestra-Roseli-Sartori--230x230.png 230w, https:\/\/www.ficindaial.com.br\/fundacao\/wp-content\/uploads\/2023\/10\/Palestra-Roseli-Sartori-.png 1080w\" sizes=\"(max-width: 1024px) 100vw, 1024px\" \/><\/figure>\n<\/div>\n\n\n\n<div class=\"wp-block-column is-layout-flow wp-block-column-is-layout-flow\">\n<p><strong>Palestra<\/strong>: Processo Criativo<\/p>\n\n\n\n<p><strong>Artista: Roseli Sartori<br>Curadoria Gleber Pieniz<\/strong><\/p>\n\n\n\n<p><strong>Data<\/strong>: 27 de Setembro | 2023<br><strong>Hor\u00e1rio<\/strong>: 19 horas<br><strong>Local: Sal\u00e3o de Exposi\u00e7\u00f5es &#8211; FIC<\/strong><\/p>\n\n\n\n<p>Inscri\u00e7\u00f5es: https:\/\/forms.gle\/eCBonQ6cjabTgG696  <\/p>\n<\/div>\n<\/div>\n\n\n\n<hr class=\"wp-block-separator has-css-opacity\"\/>\n\n\n\n<figure class=\"wp-block-embed is-type-rich is-provider-fundacao-indaialense-de-cultura\"><div class=\"wp-block-embed__wrapper\">\n<blockquote class=\"wp-embedded-content\" data-secret=\"iS8PKHhahR\"><a href=\"https:\/\/www.ficindaial.com.br\/fundacao\/exposicao-e-como-se-a-camera-guardasse-um-segredo-de-imagens-suspensas-atraves-dos-anos\/\">EXPOSI\u00c7\u00c3O: \u00e9 como se a c\u00e2mera guardasse um segredo de imagens suspensas atrav\u00e9s dos anos<\/a><\/blockquote><iframe loading=\"lazy\" class=\"wp-embedded-content\" sandbox=\"allow-scripts\" security=\"restricted\" style=\"position: absolute; clip: rect(1px, 1px, 1px, 1px);\" title=\"&#8220;EXPOSI\u00c7\u00c3O: \u00e9 como se a c\u00e2mera guardasse um segredo de imagens suspensas atrav\u00e9s dos anos&#8221; &#8212; Funda\u00e7\u00e3o Indaialense de Cultura\" src=\"https:\/\/www.ficindaial.com.br\/fundacao\/exposicao-e-como-se-a-camera-guardasse-um-segredo-de-imagens-suspensas-atraves-dos-anos\/embed\/#?secret=hrQVrz93Y5#?secret=iS8PKHhahR\" data-secret=\"iS8PKHhahR\" width=\"600\" height=\"338\" frameborder=\"0\" marginwidth=\"0\" marginheight=\"0\" scrolling=\"no\"><\/iframe>\n<\/div><\/figure>\n\n\n\n<div class=\"wp-block-columns is-layout-flex wp-container-core-columns-is-layout-28f84493 wp-block-columns-is-layout-flex\">\n<div class=\"wp-block-column is-layout-flow wp-block-column-is-layout-flow\">\n<figure class=\"wp-block-image size-large\"><img loading=\"lazy\" decoding=\"async\" width=\"1024\" height=\"1024\" src=\"https:\/\/www.ficindaial.com.br\/fundacao\/wp-content\/uploads\/2023\/11\/Imagem-do-WhatsApp-de-2023-10-23-as-14.02.21_ab9f8d68-1024x1024.jpg\" alt=\"\" class=\"wp-image-9993\" srcset=\"https:\/\/www.ficindaial.com.br\/fundacao\/wp-content\/uploads\/2023\/11\/Imagem-do-WhatsApp-de-2023-10-23-as-14.02.21_ab9f8d68-1024x1024.jpg 1024w, https:\/\/www.ficindaial.com.br\/fundacao\/wp-content\/uploads\/2023\/11\/Imagem-do-WhatsApp-de-2023-10-23-as-14.02.21_ab9f8d68-300x300.jpg 300w, https:\/\/www.ficindaial.com.br\/fundacao\/wp-content\/uploads\/2023\/11\/Imagem-do-WhatsApp-de-2023-10-23-as-14.02.21_ab9f8d68-150x150.jpg 150w, https:\/\/www.ficindaial.com.br\/fundacao\/wp-content\/uploads\/2023\/11\/Imagem-do-WhatsApp-de-2023-10-23-as-14.02.21_ab9f8d68-768x768.jpg 768w, https:\/\/www.ficindaial.com.br\/fundacao\/wp-content\/uploads\/2023\/11\/Imagem-do-WhatsApp-de-2023-10-23-as-14.02.21_ab9f8d68-270x270.jpg 270w, https:\/\/www.ficindaial.com.br\/fundacao\/wp-content\/uploads\/2023\/11\/Imagem-do-WhatsApp-de-2023-10-23-as-14.02.21_ab9f8d68-230x230.jpg 230w, https:\/\/www.ficindaial.com.br\/fundacao\/wp-content\/uploads\/2023\/11\/Imagem-do-WhatsApp-de-2023-10-23-as-14.02.21_ab9f8d68.jpg 1080w\" sizes=\"(max-width: 1024px) 100vw, 1024px\" \/><\/figure>\n<\/div>\n\n\n\n<div class=\"wp-block-column is-layout-flow wp-block-column-is-layout-flow\">\n<p><strong>Palestra<\/strong>: Processos fotogr\u00e1ficos: C\u00e2mera e Mem\u00f3ria<\/p>\n\n\n\n<p><strong>Artista: Nestor Varela<br><\/strong><\/p>\n\n\n\n<p><strong>Data<\/strong>: 31 de Outubro | 2023<br><strong>Hor\u00e1rio<\/strong>: 19 horas<br><strong>Local: Sal\u00e3o de Exposi\u00e7\u00f5es &#8211; FIC<\/strong><\/p>\n<\/div>\n<\/div>\n","protected":false},"excerpt":{"rendered":"<p>O presente edital tem por finalidade premiar exposi\u00e7\u00f5es in\u00e9ditas de artes visuais a serem expostas em espa\u00e7o cedido pela FIC, localizado na pr\u00f3pria Funda\u00e7\u00e3o Indaialense de Cultura Prefeito Victor Petters, situada \u00e0 Rua Dr. Blumenau, n\u00ba 05, Centro, CEP 89.080-003,<\/p>\n","protected":false},"author":2,"featured_media":0,"parent":0,"menu_order":0,"comment_status":"closed","ping_status":"closed","template":"","meta":{"saved_in_kubio":false,"ngg_post_thumbnail":0,"footnotes":""},"class_list":["post-8683","page","type-page","status-publish","hentry"],"kubio_ai_page_context":{"short_desc":"","purpose":"general"},"_links":{"self":[{"href":"https:\/\/www.ficindaial.com.br\/fundacao\/wp-json\/wp\/v2\/pages\/8683","targetHints":{"allow":["GET"]}}],"collection":[{"href":"https:\/\/www.ficindaial.com.br\/fundacao\/wp-json\/wp\/v2\/pages"}],"about":[{"href":"https:\/\/www.ficindaial.com.br\/fundacao\/wp-json\/wp\/v2\/types\/page"}],"author":[{"embeddable":true,"href":"https:\/\/www.ficindaial.com.br\/fundacao\/wp-json\/wp\/v2\/users\/2"}],"replies":[{"embeddable":true,"href":"https:\/\/www.ficindaial.com.br\/fundacao\/wp-json\/wp\/v2\/comments?post=8683"}],"version-history":[{"count":15,"href":"https:\/\/www.ficindaial.com.br\/fundacao\/wp-json\/wp\/v2\/pages\/8683\/revisions"}],"predecessor-version":[{"id":9995,"href":"https:\/\/www.ficindaial.com.br\/fundacao\/wp-json\/wp\/v2\/pages\/8683\/revisions\/9995"}],"wp:attachment":[{"href":"https:\/\/www.ficindaial.com.br\/fundacao\/wp-json\/wp\/v2\/media?parent=8683"}],"curies":[{"name":"wp","href":"https:\/\/api.w.org\/{rel}","templated":true}]}}