{"id":6595,"date":"2021-08-23T09:08:29","date_gmt":"2021-08-23T12:08:29","guid":{"rendered":"https:\/\/www.ficindaial.com.br\/fundacao\/?page_id=6595"},"modified":"2021-10-23T10:29:08","modified_gmt":"2021-10-23T13:29:08","slug":"edital-007-2021","status":"publish","type":"page","link":"https:\/\/www.ficindaial.com.br\/fundacao\/edital-007-2021\/","title":{"rendered":"Edital 007\/2021"},"content":{"rendered":"\n<p style=\"text-align:center\"><strong>EDITAL DE PROCESSO SELETIVO SIMPLIFICADO PARA PREENCHIMENTO DE VAGAS DO PROGRAMA BOLSA MONITOR ART\u00cdSTICO<\/strong><strong> N\u00ba 007 \/2021<\/strong><strong> DA FUNDA\u00c7\u00c3O INDAIALENSE DE CULTURA PREFEITO VICTOR PETTERS<\/strong><\/p>\n\n\n\n<hr class=\"wp-block-separator\"\/>\n\n\n\n<div class=\"wp-block-image\"><figure class=\"alignleft is-resized\"><img loading=\"lazy\" decoding=\"async\" src=\"https:\/\/www.ficindaial.com.br\/fundacao\/wp-content\/uploads\/2021\/08\/Sensibilizarte-Inverno-Cultural-1024x1024.png\" alt=\"\" class=\"wp-image-6624\" width=\"306\" height=\"306\" srcset=\"https:\/\/www.ficindaial.com.br\/fundacao\/wp-content\/uploads\/2021\/08\/Sensibilizarte-Inverno-Cultural-1024x1024.png 1024w, https:\/\/www.ficindaial.com.br\/fundacao\/wp-content\/uploads\/2021\/08\/Sensibilizarte-Inverno-Cultural-150x150.png 150w, https:\/\/www.ficindaial.com.br\/fundacao\/wp-content\/uploads\/2021\/08\/Sensibilizarte-Inverno-Cultural-300x300.png 300w, https:\/\/www.ficindaial.com.br\/fundacao\/wp-content\/uploads\/2021\/08\/Sensibilizarte-Inverno-Cultural-768x768.png 768w, https:\/\/www.ficindaial.com.br\/fundacao\/wp-content\/uploads\/2021\/08\/Sensibilizarte-Inverno-Cultural-270x270.png 270w, https:\/\/www.ficindaial.com.br\/fundacao\/wp-content\/uploads\/2021\/08\/Sensibilizarte-Inverno-Cultural-230x230.png 230w, https:\/\/www.ficindaial.com.br\/fundacao\/wp-content\/uploads\/2021\/08\/Sensibilizarte-Inverno-Cultural.png 1080w\" sizes=\"(max-width: 306px) 100vw, 306px\" \/><\/figure><\/div>\n\n\n\n<p>ANDR\u00c9 LUIZ MOSER, Prefeito Municipal, no uso de suas atribui\u00e7\u00f5es legais, torna p\u00fablica a realiza\u00e7\u00e3o de <strong>PROCESSO SELETIVO SIMPLIFICADO DE AN\u00c1LISE DOCUMENTAL E AUDI\u00c7\u00d5ES VIRTUAIS N\u00ba007\/2021<\/strong> para admiss\u00e3o em car\u00e1ter tempor\u00e1rio e forma\u00e7\u00e3o de cadastro de reserva para atender necessidade tempor\u00e1ria do <strong>Programa Bolsa Monitor Art\u00edstico<\/strong>&nbsp; no exerc\u00edcio do ano de 2022 de excepcional interesse p\u00fablico o<strong> Programa Sensibilizarte &#8211; Artes nos Bairros<\/strong> nas modalidades de<strong> Canto e Coral<\/strong>, <strong>Dan\u00e7as Folcl\u00f3ricas (Alem\u00e3, Italiana e Polonesa),<\/strong> <strong>Dan\u00e7as Urbanas, Instrumentos de Sopro, Teatro,<\/strong> <strong>Viol\u00e3o, Viola Caipira, Violino e Violoncelo <\/strong>d\u00e1 outras provid\u00eancias.<\/p>\n\n\n\n<hr class=\"wp-block-separator\"\/>\n\n\n\n<h4 class=\"wp-block-heading\">ETAPAS DO PROCESSO<\/h4>\n\n\n\n<p>O processo Seletivo Simplificado para concess\u00e3o do Bolsa Monitor Art\u00edstico contar\u00e1 com as seguintes etapas: <\/p>\n\n\n\n<p><strong>1\u00aa Etapa: <\/strong>Envio de inscri\u00e7\u00e3o e comprova\u00e7\u00e3o documental atrav\u00e9s de formul\u00e1rio online. <\/p>\n\n\n\n<p><strong>2\u00aa Etapa: <\/strong>Envio de v\u00eddeo-aula conforme tema&nbsp; estabelecido pela Comiss\u00e3o Executiva do Bolsa Monitor Art\u00edstico atrav\u00e9s de formul\u00e1rio online. <br><\/p>\n\n\n\n<hr class=\"wp-block-separator\"\/>\n\n\n\n<h4 class=\"wp-block-heading\">REQUISITOS<\/h4>\n\n\n\n<p>Para se inscrever no Programa Bolsa Monitor Art\u00edstico o candidato dever\u00e1 se enquadrar em pelo menos, uma das al\u00edneas abaixo:<\/p>\n\n\n\n<p><em>I \u2013 contar, comprovadamente, com, no m\u00ednimo, 03 (tr\u00eas) anos de forma\u00e7\u00e3o art\u00edstica em uma das modalidades disponibilizadas e ter idade m\u00ednima de 16 anos, apresentando autoriza\u00e7\u00e3o do respons\u00e1vel quando menor de idade;<\/em><\/p>\n\n\n\n<p><em>II \u2013 estar regularmente matriculado, em uma das modalidades art\u00edsticas ofertadas pela Funda\u00e7\u00e3o Indaialense de Cultura ou ser integrante de grupo cultural reconhecido pelo munic\u00edpio por no m\u00ednimo 03 (tr\u00eas) anos;<\/em><br><\/p>\n\n\n\n<hr class=\"wp-block-separator\"\/>\n\n\n\n<h4 class=\"wp-block-heading\">BOLSAS DISPON\u00cdVEIS<\/h4>\n\n\n\n<p><strong><em>Modalidades:<\/em><\/strong><\/p>\n\n\n\n<ul class=\"wp-block-list\"><li>Bolsa Monitor Art\u00edstico &#8211; Canto e Coral;<\/li><li>Bolsa Monitor Art\u00edstico &#8211; Dan\u00e7as Folcl\u00f3ricas (Alem\u00e3, Italiana e Polonesa);<\/li><li>Bolsa Monitor Art\u00edstico &#8211; Dan\u00e7as Urbanas;<\/li><li>Bolsa Monitor Art\u00edstico &#8211; Instrumentos de Sopro (Clarinete, Flauta Doce, Saxofone);<\/li><li>Bolsa Monitor Art\u00edstico &#8211; Teatro;<\/li><li>Bolsa Monitor Art\u00edstico &#8211; Viol\u00e3o Popular;<\/li><li>Bolsa Monitor Art\u00edstico &#8211; Viola Caipira;<\/li><li>Bolsa Monitor Art\u00edstico &#8211; Violino e Viola de Arco;<\/li><li>Bolsa Monitor Art\u00edstico &#8211; Violoncelo.<\/li><\/ul>\n\n\n\n<p><em>&nbsp;Para as modalidades de <strong>Dan\u00e7as Folcl\u00f3ricas<\/strong> os candidatos dever\u00e3o estar aptos a atuar no ensino de Dan\u00e7a Alem\u00e3, Italiana e Polonesa, assim como os candidatos de<strong> Instrumento de Sopro<\/strong> dever\u00e3o estar aptos a atuar no ensino de Clarinete, Flauta Doce e Saxofone<\/em><br><\/p>\n\n\n\n<hr class=\"wp-block-separator\"\/>\n\n\n\n<h4 class=\"wp-block-heading\">CATEGORIAS<\/h4>\n\n\n\n<p>Os selecionados do Bolsa Monitor Art\u00edstico far\u00e3o a escolha de vagas ap\u00f3s a homologa\u00e7\u00e3o do resultado classificat\u00f3rio de acordo com a demanda de horas semanais dispon\u00edveis em cada modalidade organizadas pela Funda\u00e7\u00e3o Indaialense de Cultura conforme descrito abaixo:&nbsp;<br><\/p>\n\n\n\n<p><strong>Bolsa Monitor Art\u00edstico I:<\/strong> valor mensal unit\u00e1rio de R$ 500,00 (quinhentos reais) e ter disponibilidade para<strong> atuar 8 (oito) horas<\/strong> <strong>semanais <\/strong>como monitor art\u00edstico no <strong>Programa Sensibilizarte \u2013 Arte nos Bairros<\/strong> e, al\u00e9m da carga hor\u00e1ria citada <strong>dever\u00e1 participar de grupos art\u00edsticos quando existentes, dentro de sua \u00e1rea de atua\u00e7\u00e3o, <\/strong>sendo estes mantidos ou apoiados pela Funda\u00e7\u00e3o Indaialense de Cultura.<\/p>\n\n\n\n<p><strong>Bolsa Monitor Art\u00edstico II:<\/strong> valor mensal ser\u00e1 de R$ 1.000,00 (mil reais) e ter disponibilidade para <strong>atuar 16 (dezesseis) horas semanais <\/strong>como monitor art\u00edstico no<strong> Programa Sensibilizarte \u2013 Arte nos Bairros<\/strong> e, al\u00e9m da carga hor\u00e1ria citada <strong>dever\u00e1 participar de grupos art\u00edsticos quando existentes, dentro de sua \u00e1rea de atua\u00e7\u00e3o, <\/strong>sendo estes mantidos ou apoiados pela Funda\u00e7\u00e3o Indaialense de Cultura.<\/p>\n\n\n\n<p><strong>Bolsa Monitor Art\u00edstico III:<\/strong> valor mensal ser\u00e1 de R$ 1.500,00 (mil e quinhentos reais) e ter disponibilidade para<strong> atuar 24 (vinte e quatro) horas semanais<\/strong> como monitor art\u00edstico no P<strong>rograma Sensibilizarte \u2013 Arte nos Bairros<\/strong> e, al\u00e9m da carga hor\u00e1ria citada <strong>dever\u00e1 participar de grupos art\u00edsticos quando existentes, dentro de sua \u00e1rea de atua\u00e7\u00e3o<\/strong>, sendo estes mantidos ou apoiados pela Funda\u00e7\u00e3o Indaialense de Cultura.<br><\/p>\n\n\n\n<hr class=\"wp-block-separator\"\/>\n\n\n\n<p><em>OBS: Para este edital n\u00e3o h\u00e1 taxa de inscri\u00e7\u00e3o<\/em><\/p>\n\n\n\n<hr class=\"wp-block-separator\"\/>\n\n\n\n<h4 class=\"wp-block-heading\"><a href=\"https:\/\/www.ficindaial.com.br\/fundacao\/wp-content\/uploads\/2021\/08\/Decreto-3891-2021-Indaial-SC.pdf\">Confira aqui todas as informa\u00e7\u00f5es deste edital<\/a><\/h4>\n\n\n\n<p><a href=\"https:\/\/www.ficindaial.com.br\/fundacao\/wp-content\/uploads\/2021\/08\/Como-se-inscriver-Monitor-Art%C3%ADstico-2022.pdf\">Como fazer a Inscri\u00e7\u00e3o<\/a><\/p>\n\n\n\n<div class=\"wp-block-file\"><a href=\"https:\/\/www.ficindaial.com.br\/fundacao\/wp-content\/uploads\/2021\/10\/portaria-106_21.pdf\">Portaria 106_21 &#8211; COA<\/a><a href=\"https:\/\/www.ficindaial.com.br\/fundacao\/wp-content\/uploads\/2021\/10\/portaria-106_21.pdf\" class=\"wp-block-file__button\" download>Baixar<\/a><\/div>\n\n\n\n<hr class=\"wp-block-separator\"\/>\n\n\n\n<h4 class=\"wp-block-heading\"><a href=\"https:\/\/forms.gle\/4bCZLsfdwpn5QkgDA\">Fa\u00e7a aqui a inscri\u00e7\u00e3o Online  &#8211; 1\u00aa Etapa<\/a><\/h4>\n\n\n\n<p><a href=\"https:\/\/www.ficindaial.com.br\/fundacao\/wp-content\/uploads\/2021\/08\/Anexo-I-1.pdf\">Anexo I &#8211; Cronograma<\/a><\/p>\n\n\n\n<p><a href=\"https:\/\/www.ficindaial.com.br\/fundacao\/wp-content\/uploads\/2021\/08\/Anexo-II-1.pdf\">Anexo II &#8211; Modalidade e valor das Bolsas<\/a><\/p>\n\n\n\n<p><a href=\"https:\/\/www.ficindaial.com.br\/fundacao\/wp-content\/uploads\/2021\/08\/Anexo-III-1.pdf\">Anexo III &#8211; Atribui\u00e7\u00f5es<\/a><\/p>\n\n\n\n<p><a href=\"https:\/\/www.ficindaial.com.br\/fundacao\/wp-content\/uploads\/2021\/08\/ANEXO-IV-2.pdf\">Anexo IV  &#8211; Termo de Autoriza\u00e7\u00e3o candidatos menor de idade (16 a 17 anos)<\/a><\/p>\n\n\n\n<hr class=\"wp-block-separator\"\/>\n\n\n\n<div class=\"wp-block-file\"><a href=\"https:\/\/www.ficindaial.com.br\/fundacao\/wp-content\/uploads\/2021\/10\/Edital-007_2021-Homologa\u00e7\u00e3o-dos-Inscritos-Bolsa-Monitor-Art\u00edstico-1.pdf\">Edital 007_2021 &#8211; Homologa\u00e7\u00e3o dos Inscritos &#8211;  Bolsa Monitor Art\u00edstico<\/a><a href=\"https:\/\/www.ficindaial.com.br\/fundacao\/wp-content\/uploads\/2021\/10\/Edital-007_2021-Homologa\u00e7\u00e3o-dos-Inscritos-Bolsa-Monitor-Art\u00edstico-1.pdf\" class=\"wp-block-file__button\" download>Baixar<\/a><\/div>\n\n\n\n<div class=\"wp-block-file\"><a href=\"https:\/\/www.ficindaial.com.br\/fundacao\/wp-content\/uploads\/2021\/10\/Edital-007_2021-Homologa\u00e7\u00e3o-An\u00e1lise-Documental-Bolsa-Monitor-Art\u00edstico.pdf\">Edital 007_2021 &#8211; Homologa\u00e7\u00e3o  &#8211; An\u00e1lise Documental &#8211;  Bolsa Monitor Art\u00edstico<\/a><a href=\"https:\/\/www.ficindaial.com.br\/fundacao\/wp-content\/uploads\/2021\/10\/Edital-007_2021-Homologa\u00e7\u00e3o-An\u00e1lise-Documental-Bolsa-Monitor-Art\u00edstico.pdf\" class=\"wp-block-file__button\" download>Baixar<\/a><\/div>\n\n\n\n<div class=\"wp-block-file\"><a href=\"https:\/\/www.ficindaial.com.br\/fundacao\/wp-content\/uploads\/2021\/10\/HOMOLOGA\u00c7\u00c3O-DOS-APROVADOS.pdf\">Edital 007_2021 &#8211; Homologa\u00e7\u00e3o Aprovados na 2\u00aa Etapa<\/a><a href=\"https:\/\/www.ficindaial.com.br\/fundacao\/wp-content\/uploads\/2021\/10\/HOMOLOGA\u00c7\u00c3O-DOS-APROVADOS.pdf\" class=\"wp-block-file__button\" download>Baixar<\/a><\/div>\n\n\n\n<div class=\"wp-block-file\"><a href=\"https:\/\/www.ficindaial.com.br\/fundacao\/wp-content\/uploads\/2021\/10\/CONVOCA\u00c7\u00c3O-PARA-ESCOLHA-DE-CARGA-HOR\u00c1RIA-2.pdf\">CONVOCA\u00c7\u00c3O PARA ESCOLHA DE CARGA HOR\u00c1RIA<\/a><a href=\"https:\/\/www.ficindaial.com.br\/fundacao\/wp-content\/uploads\/2021\/10\/CONVOCA\u00c7\u00c3O-PARA-ESCOLHA-DE-CARGA-HOR\u00c1RIA-2.pdf\" class=\"wp-block-file__button\" download>Baixar<\/a><\/div>\n\n\n\n<hr class=\"wp-block-separator\"\/>\n\n\n\n<p style=\"background-color:#ffe3ea\" class=\"has-background\"><a href=\"https:\/\/forms.gle\/XVcCCcb7dVNgKrM26\">Formul\u00e1rio para Envio &#8211; V\u00eddeo-aula<\/a><\/p>\n\n\n\n<hr class=\"wp-block-separator\"\/>\n\n\n\n<p style=\"background-color:#ffd7e1\" class=\"has-background\"><strong>Confira o Tema das V\u00eddeo aulas abaixo:<\/strong><\/p>\n\n\n\n<hr class=\"wp-block-separator\"\/>\n\n\n\n<div class=\"wp-block-file\"><a href=\"https:\/\/www.ficindaial.com.br\/fundacao\/wp-content\/uploads\/2021\/10\/DAN\u00c7A-URBANA.pdf\">Tema da Aula &#8211; DAN\u00c7A URBANA<\/a><a href=\"https:\/\/www.ficindaial.com.br\/fundacao\/wp-content\/uploads\/2021\/10\/DAN\u00c7A-URBANA.pdf\" class=\"wp-block-file__button\" download>Baixar<\/a><\/div>\n\n\n\n<hr class=\"wp-block-separator\"\/>\n\n\n\n<div class=\"wp-block-file\"><a href=\"https:\/\/www.ficindaial.com.br\/fundacao\/wp-content\/uploads\/2021\/10\/DAN\u00c7AS-FOLCL\u00d3RICAS.pdf\">Tema da Aula &#8211; DAN\u00c7AS FOLCL\u00d3RICAS<\/a><a href=\"https:\/\/www.ficindaial.com.br\/fundacao\/wp-content\/uploads\/2021\/10\/DAN\u00c7AS-FOLCL\u00d3RICAS.pdf\" class=\"wp-block-file__button\" download>Baixar<\/a><\/div>\n\n\n\n<hr class=\"wp-block-separator\"\/>\n\n\n\n<div class=\"wp-block-file\"><a href=\"https:\/\/www.ficindaial.com.br\/fundacao\/wp-content\/uploads\/2021\/10\/TEATRO-1.pdf\">Tema da Aula &#8211; TEATRO<\/a><a href=\"https:\/\/www.ficindaial.com.br\/fundacao\/wp-content\/uploads\/2021\/10\/TEATRO-1.pdf\" class=\"wp-block-file__button\" download>Baixar<\/a><\/div>\n\n\n\n<hr class=\"wp-block-separator\"\/>\n\n\n\n<div class=\"wp-block-file\"><a href=\"https:\/\/www.ficindaial.com.br\/fundacao\/wp-content\/uploads\/2021\/10\/CLARINETE.pdf\">Tema da Aula &#8211; CLARINETE<\/a><a href=\"https:\/\/www.ficindaial.com.br\/fundacao\/wp-content\/uploads\/2021\/10\/CLARINETE.pdf\" class=\"wp-block-file__button\" download>Baixar<\/a><\/div>\n\n\n\n<div class=\"wp-block-file\"><a href=\"https:\/\/www.ficindaial.com.br\/fundacao\/wp-content\/uploads\/2021\/10\/Clarinete-Sib.PNG.pdf\">Partitura &#8211; Clarinete Sib.PNG<\/a><a href=\"https:\/\/www.ficindaial.com.br\/fundacao\/wp-content\/uploads\/2021\/10\/Clarinete-Sib.PNG.pdf\" class=\"wp-block-file__button\" download>Baixar<\/a><\/div>\n\n\n\n<hr class=\"wp-block-separator\"\/>\n\n\n\n<div class=\"wp-block-file\"><a href=\"https:\/\/www.ficindaial.com.br\/fundacao\/wp-content\/uploads\/2021\/10\/FLAUTA-DOCE-1.pdf\">Tema da Aula &#8211; FLAUTA DOCE <\/a><a href=\"https:\/\/www.ficindaial.com.br\/fundacao\/wp-content\/uploads\/2021\/10\/FLAUTA-DOCE-1.pdf\" class=\"wp-block-file__button\" download>Baixar<\/a><\/div>\n\n\n\n<div class=\"wp-block-file\"><a href=\"https:\/\/www.ficindaial.com.br\/fundacao\/wp-content\/uploads\/2021\/10\/FLAUTA-DOCE.pdf\">Partitura &#8211; FLAUTA DOCE<\/a><a href=\"https:\/\/www.ficindaial.com.br\/fundacao\/wp-content\/uploads\/2021\/10\/FLAUTA-DOCE.pdf\" class=\"wp-block-file__button\" download>Baixar<\/a><\/div>\n\n\n\n<hr class=\"wp-block-separator\"\/>\n\n\n\n<div class=\"wp-block-file\"><a href=\"https:\/\/www.ficindaial.com.br\/fundacao\/wp-content\/uploads\/2021\/10\/SAXOFONE.pdf\">Tema da Aula &#8211; SAXOFONE<\/a><a href=\"https:\/\/www.ficindaial.com.br\/fundacao\/wp-content\/uploads\/2021\/10\/SAXOFONE.pdf\" class=\"wp-block-file__button\" download>Baixar<\/a><\/div>\n\n\n\n<p>O candidato poder\u00e1 optar entre as partituras de Saxofone Tenor ou Alto<\/p>\n\n\n\n<div class=\"wp-block-file\"><a href=\"https:\/\/www.ficindaial.com.br\/fundacao\/wp-content\/uploads\/2021\/10\/Saxofone-Tenor.pdf\">Partitura &#8211; Saxofone Tenor<\/a><a href=\"https:\/\/www.ficindaial.com.br\/fundacao\/wp-content\/uploads\/2021\/10\/Saxofone-Tenor.pdf\" class=\"wp-block-file__button\" download>Baixar<\/a><\/div>\n\n\n\n<div class=\"wp-block-file\"><a href=\"https:\/\/www.ficindaial.com.br\/fundacao\/wp-content\/uploads\/2021\/10\/Saxofone-Alto.pdf\">Partitura &#8211; Saxofone Alto<\/a><a href=\"https:\/\/www.ficindaial.com.br\/fundacao\/wp-content\/uploads\/2021\/10\/Saxofone-Alto.pdf\" class=\"wp-block-file__button\" download>Baixar<\/a><\/div>\n\n\n\n<hr class=\"wp-block-separator\"\/>\n\n\n\n<div class=\"wp-block-file\"><a href=\"https:\/\/www.ficindaial.com.br\/fundacao\/wp-content\/uploads\/2021\/10\/VIOL\u00c3O-1.pdf\">Tema da Aula &#8211; VIOL\u00c3O <\/a><a href=\"https:\/\/www.ficindaial.com.br\/fundacao\/wp-content\/uploads\/2021\/10\/VIOL\u00c3O-1.pdf\" class=\"wp-block-file__button\" download>Baixar<\/a><\/div>\n\n\n\n<div class=\"wp-block-file\"><a href=\"https:\/\/www.ficindaial.com.br\/fundacao\/wp-content\/uploads\/2021\/10\/Viol\u00e3o.pdf\">Cifras &#8211; Viol\u00e3o<\/a><a href=\"https:\/\/www.ficindaial.com.br\/fundacao\/wp-content\/uploads\/2021\/10\/Viol\u00e3o.pdf\" class=\"wp-block-file__button\" download>Baixar<\/a><\/div>\n\n\n\n<hr class=\"wp-block-separator\"\/>\n\n\n\n<div class=\"wp-block-file\"><a href=\"https:\/\/www.ficindaial.com.br\/fundacao\/wp-content\/uploads\/2021\/10\/VIOLINO.pdf\">Tema da Aula &#8211; VIOLINO<\/a><a href=\"https:\/\/www.ficindaial.com.br\/fundacao\/wp-content\/uploads\/2021\/10\/VIOLINO.pdf\" class=\"wp-block-file__button\" download>Baixar<\/a><\/div>\n\n\n\n<div class=\"wp-block-file\"><a href=\"https:\/\/www.ficindaial.com.br\/fundacao\/wp-content\/uploads\/2021\/10\/Violino-1.pdf\">Partitura &#8211; Violino<\/a><a href=\"https:\/\/www.ficindaial.com.br\/fundacao\/wp-content\/uploads\/2021\/10\/Violino-1.pdf\" class=\"wp-block-file__button\" download>Baixar<\/a><\/div>\n\n\n\n<hr class=\"wp-block-separator\"\/>\n\n\n\n<div class=\"wp-block-file\"><a href=\"https:\/\/www.ficindaial.com.br\/fundacao\/wp-content\/uploads\/2021\/10\/VIOLONCELLO.pdf\">Tema da Aula &#8211; VIOLONCELLO<\/a><a href=\"https:\/\/www.ficindaial.com.br\/fundacao\/wp-content\/uploads\/2021\/10\/VIOLONCELLO.pdf\" class=\"wp-block-file__button\" download>Baixar<\/a><\/div>\n\n\n\n<div class=\"wp-block-file\"><a href=\"https:\/\/www.ficindaial.com.br\/fundacao\/wp-content\/uploads\/2021\/10\/Violoncelo.pdf\">Partitura &#8211; Violoncelo<\/a><a href=\"https:\/\/www.ficindaial.com.br\/fundacao\/wp-content\/uploads\/2021\/10\/Violoncelo.pdf\" class=\"wp-block-file__button\" download>Baixar<\/a><\/div>\n\n\n\n<hr class=\"wp-block-separator\"\/>\n","protected":false},"excerpt":{"rendered":"<p>EDITAL DE PROCESSO SELETIVO SIMPLIFICADO PARA PREENCHIMENTO DE VAGAS DO PROGRAMA BOLSA MONITOR ART\u00cdSTICO N\u00ba 007 \/2021 DA FUNDA\u00c7\u00c3O INDAIALENSE DE CULTURA PREFEITO VICTOR PETTERS ANDR\u00c9 LUIZ MOSER, Prefeito Municipal, no uso de suas atribui\u00e7\u00f5es legais, torna p\u00fablica a realiza\u00e7\u00e3o<\/p>\n","protected":false},"author":2,"featured_media":0,"parent":0,"menu_order":0,"comment_status":"closed","ping_status":"closed","template":"","meta":{"saved_in_kubio":false,"ngg_post_thumbnail":0,"footnotes":""},"class_list":["post-6595","page","type-page","status-publish","hentry"],"kubio_ai_page_context":{"short_desc":"","purpose":"general"},"_links":{"self":[{"href":"https:\/\/www.ficindaial.com.br\/fundacao\/wp-json\/wp\/v2\/pages\/6595","targetHints":{"allow":["GET"]}}],"collection":[{"href":"https:\/\/www.ficindaial.com.br\/fundacao\/wp-json\/wp\/v2\/pages"}],"about":[{"href":"https:\/\/www.ficindaial.com.br\/fundacao\/wp-json\/wp\/v2\/types\/page"}],"author":[{"embeddable":true,"href":"https:\/\/www.ficindaial.com.br\/fundacao\/wp-json\/wp\/v2\/users\/2"}],"replies":[{"embeddable":true,"href":"https:\/\/www.ficindaial.com.br\/fundacao\/wp-json\/wp\/v2\/comments?post=6595"}],"version-history":[{"count":22,"href":"https:\/\/www.ficindaial.com.br\/fundacao\/wp-json\/wp\/v2\/pages\/6595\/revisions"}],"predecessor-version":[{"id":7056,"href":"https:\/\/www.ficindaial.com.br\/fundacao\/wp-json\/wp\/v2\/pages\/6595\/revisions\/7056"}],"wp:attachment":[{"href":"https:\/\/www.ficindaial.com.br\/fundacao\/wp-json\/wp\/v2\/media?parent=6595"}],"curies":[{"name":"wp","href":"https:\/\/api.w.org\/{rel}","templated":true}]}}