{"id":6534,"date":"2021-08-11T08:50:36","date_gmt":"2021-08-11T11:50:36","guid":{"rendered":"https:\/\/www.ficindaial.com.br\/fundacao\/?page_id=6534"},"modified":"2021-09-13T15:55:35","modified_gmt":"2021-09-13T18:55:35","slug":"programa-desenvolvimento-para-artesanato-2","status":"publish","type":"page","link":"https:\/\/www.ficindaial.com.br\/fundacao\/programa-desenvolvimento-para-artesanato-2\/","title":{"rendered":"Programa Desenvolvimento para Artesanato"},"content":{"rendered":"\n<figure class=\"wp-block-image\"><img loading=\"lazy\" decoding=\"async\" width=\"1024\" height=\"576\" src=\"https:\/\/www.ficindaial.com.br\/fundacao\/wp-content\/uploads\/2021\/08\/1-1024x576.jpg\" alt=\"\" class=\"wp-image-6535\" srcset=\"https:\/\/www.ficindaial.com.br\/fundacao\/wp-content\/uploads\/2021\/08\/1-1024x576.jpg 1024w, https:\/\/www.ficindaial.com.br\/fundacao\/wp-content\/uploads\/2021\/08\/1-300x169.jpg 300w, https:\/\/www.ficindaial.com.br\/fundacao\/wp-content\/uploads\/2021\/08\/1-768x432.jpg 768w, https:\/\/www.ficindaial.com.br\/fundacao\/wp-content\/uploads\/2021\/08\/1.jpg 1920w\" sizes=\"(max-width: 1024px) 100vw, 1024px\" \/><\/figure>\n\n\n\n<hr class=\"wp-block-separator\"\/>\n\n\n\n<h3 class=\"wp-block-heading\">O que \u00e9<\/h3>\n\n\n\n<p>O programa de Desenvolvimento para o Artesanato &#8211; Pacote Avan\u00e7ado-Ouro \u00e9 uma iniciativa do programa Cidade Empreendedora, uma parceria entre SEBRAE, PMI e FIC que oportunizar\u00e1 a 07 (sete) artes\u00e3os do munic\u00edpio de Indaial uma consultoria individualizada . <\/p>\n\n\n\n<p>O programa ser\u00e1 composto por 3 Fases: <br><strong> 1\u00aa Fase: <\/strong>Sele\u00e7\u00e3o de Artes\u00e3os atrav\u00e9s de curadoria;<strong><br> 2\u00aa Fase: <\/strong>Desenvolvimento de Produto e Precifica\u00e7\u00e3o do Artesanato;<strong><br> 3\u00aa Fase: <\/strong>Acesso ao Mercado.<\/p>\n\n\n\n<hr class=\"wp-block-separator\"\/>\n\n\n\n<h3 class=\"wp-block-heading\">1\u00aa Fase (Setembro 2021)<\/h3>\n\n\n\n<p>O programa oportunizar\u00e1 a 20 artes\u00e3os a oportunidade de concorrerem a 07 (sete) vagas  para uma consultoria individualizada. O processo de sele\u00e7\u00e3o ocorrer\u00e1 atrav\u00e9s de curadoria especializada. <\/p>\n\n\n\n<div style=\"height:50px\" aria-hidden=\"true\" class=\"wp-block-spacer\"><\/div>\n\n\n\n<h3 class=\"wp-block-heading\">2\u00aa Fase (aproximadamente 42 semanas)<\/h3>\n\n\n\n<ol class=\"wp-block-list\"><li>Palestra de sensibiliza\u00e7\u00e3o sobre artesanato e identidade cultural. <\/li><li>Categorias do artesanato ressaltando o artesanato de refer\u00eancia cultural <\/li><li>Diferencia\u00e7\u00e3o: inova\u00e7\u00e3o e apropria\u00e7\u00e3o da cultura local para valoriza\u00e7\u00e3o do artesanato. <\/li><li>Oficina conceitual de identidade cultural local. <\/li><li>Oficina pr\u00e1tica de identidade cultural. <\/li><li>Oficina de Storytelling <\/li><li>Conceitua\u00e7\u00e3o de produto e identifica\u00e7\u00e3o de oportunidades: oferta, demanda, concorrentes e p\u00fablico-alvo. <\/li><li>Oficina de organiza\u00e7\u00e3o de portf\u00f3lio (somente presencial). <\/li><li>Oficina conceitual de forma\u00e7\u00e3o de pre\u00e7o. <\/li><li>Oficina pr\u00e1tica de precifica\u00e7\u00e3o.<\/li><li>Oficina Coletiva de Exerc\u00edcio de Produto Cultural I <\/li><li>Oficina Coletiva de Exerc\u00edcio de Produto Cultural II<\/li><li>Oficina Coletiva de Exerc\u00edcio de Produto Cultural III <\/li><li>Consultoria Individual de Desenvolvimento de Produto<\/li><li>Consultoria Individual de Precifica\u00e7\u00e3o<\/li><\/ol>\n\n\n\n<div style=\"height:50px\" aria-hidden=\"true\" class=\"wp-block-spacer\"><\/div>\n\n\n\n<h3 class=\"wp-block-heading\">3\u00aa Fase<\/h3>\n\n\n\n<ol class=\"wp-block-list\"><li>Cat\u00e1logo digital com conte\u00fado para apresenta\u00e7\u00e3o da cole\u00e7\u00e3o.<\/li><li>Consultoria e comunica\u00e7\u00e3o visual para um empreendimento.<\/li><li>Oficina de gest\u00e3o comercial \u2013 Varejo de artesanato.<\/li><li>Visual Merchandising para loja ou eventos pr\u00f3prios de comercializa\u00e7\u00e3o.<\/li><li>Oficina de gest\u00e3o comercial \u2013 Atacado\/Venda a lojistas.<\/li><li>Rodada de Neg\u00f3cios de artes\u00e3os\/criativos com lojistas ou prospec\u00e7\u00e3o de lojistas.<\/li><\/ol>\n\n\n\n<hr class=\"wp-block-separator\"\/>\n\n\n\n<h3 class=\"wp-block-heading\" id=\"mce_5\">Tempo de Dura\u00e7\u00e3o<\/h3>\n\n\n\n<p>O processo ter\u00e1 aproximadamente 42 semanas de dura\u00e7\u00e3o. <\/p>\n\n\n\n<hr class=\"wp-block-separator\"\/>\n\n\n\n<h3 class=\"wp-block-heading\">Inscri\u00e7\u00f5es<\/h3>\n\n\n\n<p>Inscreva-se no link abaixo at\u00e9 dia 30 de Agosto. <\/p>\n\n\n\n<p style=\"background-color:#ffda74;text-align:center\" class=\"has-background\"><a href=\"https:\/\/www.ficindaial.com.br\/fundacao\/wp-content\/uploads\/2021\/09\/Resultado-Programa-Aperfei%C3%A7oamento-Artesanato-.pdf\"><strong>Rela\u00e7\u00e3o de Selecionados e local de capacita\u00e7\u00e3o<\/strong><\/a><\/p>\n\n\n\n<p style=\"text-align:center\" class=\"has-background has-luminous-vivid-amber-background-color\"><strong><a href=\"https:\/\/forms.gle\/Ky2L1BFA1WiUSfecA\">Inscreva-se aqui<\/a><\/strong><\/p>\n\n\n\n<p style=\"text-align:center\" class=\"has-background has-luminous-vivid-amber-background-color\"><a href=\"https:\/\/www.ficindaial.com.br\/fundacao\/wp-content\/uploads\/2021\/08\/Programa-Desenvolvimento-para-Artesanato.pdf\"><strong>Saiba mais<\/strong><\/a><\/p>\n","protected":false},"excerpt":{"rendered":"<p>O que \u00e9 O programa de Desenvolvimento para o Artesanato &#8211; Pacote Avan\u00e7ado-Ouro \u00e9 uma iniciativa do programa Cidade Empreendedora, uma parceria entre SEBRAE, PMI e FIC que oportunizar\u00e1 a 07 (sete) artes\u00e3os do munic\u00edpio de Indaial uma consultoria individualizada<\/p>\n","protected":false},"author":2,"featured_media":0,"parent":0,"menu_order":0,"comment_status":"closed","ping_status":"closed","template":"","meta":{"saved_in_kubio":false,"ngg_post_thumbnail":0,"footnotes":""},"class_list":["post-6534","page","type-page","status-publish","hentry"],"kubio_ai_page_context":{"short_desc":"","purpose":"general"},"_links":{"self":[{"href":"https:\/\/www.ficindaial.com.br\/fundacao\/wp-json\/wp\/v2\/pages\/6534","targetHints":{"allow":["GET"]}}],"collection":[{"href":"https:\/\/www.ficindaial.com.br\/fundacao\/wp-json\/wp\/v2\/pages"}],"about":[{"href":"https:\/\/www.ficindaial.com.br\/fundacao\/wp-json\/wp\/v2\/types\/page"}],"author":[{"embeddable":true,"href":"https:\/\/www.ficindaial.com.br\/fundacao\/wp-json\/wp\/v2\/users\/2"}],"replies":[{"embeddable":true,"href":"https:\/\/www.ficindaial.com.br\/fundacao\/wp-json\/wp\/v2\/comments?post=6534"}],"version-history":[{"count":9,"href":"https:\/\/www.ficindaial.com.br\/fundacao\/wp-json\/wp\/v2\/pages\/6534\/revisions"}],"predecessor-version":[{"id":6735,"href":"https:\/\/www.ficindaial.com.br\/fundacao\/wp-json\/wp\/v2\/pages\/6534\/revisions\/6735"}],"wp:attachment":[{"href":"https:\/\/www.ficindaial.com.br\/fundacao\/wp-json\/wp\/v2\/media?parent=6534"}],"curies":[{"name":"wp","href":"https:\/\/api.w.org\/{rel}","templated":true}]}}