{"id":5898,"date":"2021-02-15T08:01:57","date_gmt":"2021-02-15T11:01:57","guid":{"rendered":"https:\/\/www.ficindaial.com.br\/fundacao\/?page_id=5898"},"modified":"2021-03-04T14:44:58","modified_gmt":"2021-03-04T17:44:58","slug":"edital-001-2021-cessao-temporaria-de-espaco-para-exposicoes-artisticas-na-casa-do-professor-espaco-educa","status":"publish","type":"page","link":"https:\/\/www.ficindaial.com.br\/fundacao\/edital-001-2021-cessao-temporaria-de-espaco-para-exposicoes-artisticas-na-casa-do-professor-espaco-educa\/","title":{"rendered":"EDITAL 001\/2021  CESS\u00c3O TEMPOR\u00c1RIA DE ESPA\u00c7O PARA EXPOSI\u00c7\u00d5ES ART\u00cdSTICAS NA CASA DO PROFESSOR ESPA\u00c7O EDUCA +"},"content":{"rendered":"\n<p>Funda\u00e7\u00e3o Indailense de Cultura Prefeito Victor Petters, lan\u00e7a o  Edital 001\/2021   que autoriza a cess\u00e3o tempor\u00e1ria de espa\u00e7o para exposi\u00e7\u00f5es art\u00edsticas na casa Do Professor Espa\u00e7o Educa +.  Poder\u00e3o inscrever-se pessoas f\u00edsicas e jur\u00eddicas (sem fins lucrativos), enquadrados como: Artistas, curadores e colecionadores, <\/p>\n\n\n\n<p>As inscri\u00e7\u00f5es ser\u00e3o realizadas online  de  <strong>15\/02\/2021 a 28 \/02\/2021.<\/strong><\/p>\n\n\n\n<hr class=\"wp-block-separator\"\/>\n\n\n\n<div class=\"wp-block-image\"><figure class=\"aligncenter is-resized\"><img loading=\"lazy\" decoding=\"async\" src=\"https:\/\/www.ficindaial.com.br\/fundacao\/wp-content\/uploads\/2021\/02\/Casa-Professor.jpeg\" alt=\"\" class=\"wp-image-5901\" width=\"432\" height=\"325\" srcset=\"https:\/\/www.ficindaial.com.br\/fundacao\/wp-content\/uploads\/2021\/02\/Casa-Professor.jpeg 960w, https:\/\/www.ficindaial.com.br\/fundacao\/wp-content\/uploads\/2021\/02\/Casa-Professor-300x225.jpeg 300w, https:\/\/www.ficindaial.com.br\/fundacao\/wp-content\/uploads\/2021\/02\/Casa-Professor-768x576.jpeg 768w\" sizes=\"(max-width: 432px) 100vw, 432px\" \/><\/figure><\/div>\n\n\n\n<hr class=\"wp-block-separator\"\/>\n\n\n\n<p style=\"text-align:center\" class=\"has-medium-font-size\"><a href=\"https:\/\/www.ficindaial.com.br\/fundacao\/wp-content\/uploads\/2021\/02\/2021_GABINETE_DECRETOS_3163.pdf\">Acesse o edital aqui<\/a><\/p>\n\n\n\n<p style=\"text-align:center\"><a href=\"https:\/\/www.ficindaial.com.br\/fundacao\/wp-content\/uploads\/2021\/03\/Nomea%C3%A7%C3%A3o-Edital-Casa-do-Professor.pdf\">Nomea\u00e7\u00e3o de Comiss\u00e3o Edital 001\/2021 &#8211; FIC<\/a><\/p>\n\n\n\n<p style=\"text-align:center\"><a href=\"https:\/\/www.ficindaial.com.br\/fundacao\/wp-content\/uploads\/2021\/03\/RELA%C3%87%C3%83O-DE-INSCRITOS-EDITAL-001_2021.pdf\">Rela\u00e7\u00e3o de Inscritos<\/a><\/p>\n\n\n\n<p style=\"text-align:center\"><a href=\"https:\/\/www.ficindaial.com.br\/fundacao\/wp-content\/uploads\/2021\/03\/CALEND%C3%81RIO-DE-EXPOSI%C3%87%C3%83O-EDITAL-001_2021.pdf\">Calend\u00e1rio de Exposi\u00e7\u00f5es<\/a><\/p>\n\n\n\n<p style=\"text-align:center\" class=\"has-medium-font-size\"><a href=\"https:\/\/forms.gle\/n8MZxEfMrC36G4ux5\">Acesso o formul\u00e1rio de inscri\u00e7\u00f5es aqui<\/a><\/p>\n","protected":false},"excerpt":{"rendered":"<p>Funda\u00e7\u00e3o Indailense de Cultura Prefeito Victor Petters, lan\u00e7a o Edital 001\/2021 que autoriza a cess\u00e3o tempor\u00e1ria de espa\u00e7o para exposi\u00e7\u00f5es art\u00edsticas na casa Do Professor Espa\u00e7o Educa +. Poder\u00e3o inscrever-se pessoas f\u00edsicas e jur\u00eddicas (sem fins lucrativos), enquadrados como: Artistas,<\/p>\n","protected":false},"author":2,"featured_media":0,"parent":0,"menu_order":0,"comment_status":"closed","ping_status":"closed","template":"","meta":{"saved_in_kubio":false,"ngg_post_thumbnail":0,"footnotes":""},"class_list":["post-5898","page","type-page","status-publish","hentry"],"kubio_ai_page_context":{"short_desc":"","purpose":"general"},"_links":{"self":[{"href":"https:\/\/www.ficindaial.com.br\/fundacao\/wp-json\/wp\/v2\/pages\/5898","targetHints":{"allow":["GET"]}}],"collection":[{"href":"https:\/\/www.ficindaial.com.br\/fundacao\/wp-json\/wp\/v2\/pages"}],"about":[{"href":"https:\/\/www.ficindaial.com.br\/fundacao\/wp-json\/wp\/v2\/types\/page"}],"author":[{"embeddable":true,"href":"https:\/\/www.ficindaial.com.br\/fundacao\/wp-json\/wp\/v2\/users\/2"}],"replies":[{"embeddable":true,"href":"https:\/\/www.ficindaial.com.br\/fundacao\/wp-json\/wp\/v2\/comments?post=5898"}],"version-history":[{"count":7,"href":"https:\/\/www.ficindaial.com.br\/fundacao\/wp-json\/wp\/v2\/pages\/5898\/revisions"}],"predecessor-version":[{"id":5923,"href":"https:\/\/www.ficindaial.com.br\/fundacao\/wp-json\/wp\/v2\/pages\/5898\/revisions\/5923"}],"wp:attachment":[{"href":"https:\/\/www.ficindaial.com.br\/fundacao\/wp-json\/wp\/v2\/media?parent=5898"}],"curies":[{"name":"wp","href":"https:\/\/api.w.org\/{rel}","templated":true}]}}