{"id":5554,"date":"2020-06-07T14:38:15","date_gmt":"2020-06-07T17:38:15","guid":{"rendered":"https:\/\/www.ficindaial.com.br\/fundacao\/?page_id=5554"},"modified":"2020-06-22T07:44:29","modified_gmt":"2020-06-22T10:44:29","slug":"biblioteca-na-quarentena","status":"publish","type":"page","link":"https:\/\/www.ficindaial.com.br\/fundacao\/biblioteca-na-quarentena\/","title":{"rendered":"Biblioteca na Quarentena"},"content":{"rendered":"\n<p><\/p>\n\n\n\n<p>Neste per\u00edodo de distanciamento social, a Biblioteca P\u00fablica Municipal traz \u00e0 comunidade atividades para acesso online.<\/p>\n\n\n\n<p>Estamos com o hor\u00e1rio de funcionamento das 7h \u00e0s 13h (segunda a sexta-feira) para troca de  livros, caso seja necess\u00e1rio renova\u00e7\u00e3o, estamos atendendo atrav\u00e9s do telefone (47)3333-2000 e e-mail  biblioteca@indaial.sc.gov.br.<\/p>\n\n\n\n<p style=\"background-color:#f9ffe0\" class=\"has-background has-medium-font-size\"><strong>Indica\u00e7\u00e3o de Livros<\/strong><\/p>\n\n\n\n<figure class=\"wp-block-embed is-type-rich is-provider-fundacao-indaialense-de-cultura\"><div class=\"wp-block-embed__wrapper\">\n<blockquote class=\"wp-embedded-content\" data-secret=\"xQAXK6y99y\"><a href=\"https:\/\/www.ficindaial.com.br\/fundacao\/indicacoes-de-livros\/\">Indica\u00e7\u00f5es de Livros<\/a><\/blockquote><iframe loading=\"lazy\" class=\"wp-embedded-content\" sandbox=\"allow-scripts\" security=\"restricted\" style=\"position: absolute; clip: rect(1px, 1px, 1px, 1px);\" title=\"&#8220;Indica\u00e7\u00f5es de Livros&#8221; &#8212; Funda\u00e7\u00e3o Indaialense de Cultura\" src=\"https:\/\/www.ficindaial.com.br\/fundacao\/indicacoes-de-livros\/embed\/#?secret=xQAXK6y99y\" data-secret=\"xQAXK6y99y\" width=\"600\" height=\"338\" frameborder=\"0\" marginwidth=\"0\" marginheight=\"0\" scrolling=\"no\"><\/iframe>\n<\/div><\/figure>\n\n\n\n<hr class=\"wp-block-separator\"\/>\n\n\n\n<p style=\"background-color:#f9ffe0\" class=\"has-background has-medium-font-size\"><strong>Conta\u00e7\u00e3o de Hist\u00f3rias<\/strong><\/p>\n\n\n\n<figure class=\"wp-block-embed is-type-rich is-provider-fundacao-indaialense-de-cultura\"><div class=\"wp-block-embed__wrapper\">\n<blockquote class=\"wp-embedded-content\" data-secret=\"TMFmoLjPCY\"><a href=\"https:\/\/www.ficindaial.com.br\/fundacao\/contacao-de-historias\/\">Conta\u00e7\u00e3o de Hist\u00f3rias<\/a><\/blockquote><iframe loading=\"lazy\" class=\"wp-embedded-content\" sandbox=\"allow-scripts\" security=\"restricted\" style=\"position: absolute; clip: rect(1px, 1px, 1px, 1px);\" src=\"https:\/\/www.ficindaial.com.br\/fundacao\/contacao-de-historias\/embed\/#?secret=TMFmoLjPCY\" data-secret=\"TMFmoLjPCY\" width=\"600\" height=\"338\" title=\"&#8220;Conta\u00e7\u00e3o de Hist\u00f3rias&#8221; &#8212; Funda\u00e7\u00e3o Indaialense de Cultura\" frameborder=\"0\" marginwidth=\"0\" marginheight=\"0\" scrolling=\"no\"><\/iframe>\n<\/div><\/figure>\n\n\n\n<hr class=\"wp-block-separator\"\/>\n\n\n\n<p style=\"background-color:#f9ffe0\" class=\"has-background has-medium-font-size\"><strong>Indica\u00e7\u00e3o de Passeios e Sites Culturais<\/strong><\/p>\n\n\n\n<figure class=\"wp-block-embed is-type-rich is-provider-fundacao-indaialense-de-cultura\"><div class=\"wp-block-embed__wrapper\">\n<blockquote class=\"wp-embedded-content\" data-secret=\"vmiYIIjw0r\"><a href=\"https:\/\/www.ficindaial.com.br\/fundacao\/indicacao-de-passeios-e-sites-culturais\/\">Indica\u00e7\u00e3o de Passeios e Sites Culturais<\/a><\/blockquote><iframe loading=\"lazy\" class=\"wp-embedded-content\" sandbox=\"allow-scripts\" security=\"restricted\" style=\"position: absolute; clip: rect(1px, 1px, 1px, 1px);\" src=\"https:\/\/www.ficindaial.com.br\/fundacao\/indicacao-de-passeios-e-sites-culturais\/embed\/#?secret=vmiYIIjw0r\" data-secret=\"vmiYIIjw0r\" width=\"600\" height=\"338\" title=\"&#8220;Indica\u00e7\u00e3o de Passeios e Sites Culturais&#8221; &#8212; Funda\u00e7\u00e3o Indaialense de Cultura\" frameborder=\"0\" marginwidth=\"0\" marginheight=\"0\" scrolling=\"no\"><\/iframe>\n<\/div><\/figure>\n\n\n\n<hr class=\"wp-block-separator\"\/>\n","protected":false},"excerpt":{"rendered":"<p>Neste per\u00edodo de distanciamento social, a Biblioteca P\u00fablica Municipal traz \u00e0 comunidade atividades para acesso online. Estamos com o hor\u00e1rio de funcionamento das 7h \u00e0s 13h (segunda a sexta-feira) para troca de livros, caso seja necess\u00e1rio renova\u00e7\u00e3o, estamos atendendo atrav\u00e9s<\/p>\n","protected":false},"author":2,"featured_media":0,"parent":0,"menu_order":0,"comment_status":"closed","ping_status":"closed","template":"","meta":{"saved_in_kubio":false,"ngg_post_thumbnail":0,"footnotes":""},"class_list":["post-5554","page","type-page","status-publish","hentry"],"kubio_ai_page_context":{"short_desc":"","purpose":"general"},"_links":{"self":[{"href":"https:\/\/www.ficindaial.com.br\/fundacao\/wp-json\/wp\/v2\/pages\/5554","targetHints":{"allow":["GET"]}}],"collection":[{"href":"https:\/\/www.ficindaial.com.br\/fundacao\/wp-json\/wp\/v2\/pages"}],"about":[{"href":"https:\/\/www.ficindaial.com.br\/fundacao\/wp-json\/wp\/v2\/types\/page"}],"author":[{"embeddable":true,"href":"https:\/\/www.ficindaial.com.br\/fundacao\/wp-json\/wp\/v2\/users\/2"}],"replies":[{"embeddable":true,"href":"https:\/\/www.ficindaial.com.br\/fundacao\/wp-json\/wp\/v2\/comments?post=5554"}],"version-history":[{"count":5,"href":"https:\/\/www.ficindaial.com.br\/fundacao\/wp-json\/wp\/v2\/pages\/5554\/revisions"}],"predecessor-version":[{"id":5639,"href":"https:\/\/www.ficindaial.com.br\/fundacao\/wp-json\/wp\/v2\/pages\/5554\/revisions\/5639"}],"wp:attachment":[{"href":"https:\/\/www.ficindaial.com.br\/fundacao\/wp-json\/wp\/v2\/media?parent=5554"}],"curies":[{"name":"wp","href":"https:\/\/api.w.org\/{rel}","templated":true}]}}