{"id":3522,"date":"2019-05-07T08:22:09","date_gmt":"2019-05-07T11:22:09","guid":{"rendered":"https:\/\/www.ficindaial.com.br\/fundacao\/?page_id=3522"},"modified":"2020-01-09T13:44:20","modified_gmt":"2020-01-09T16:44:20","slug":"outros-grupos-culturais","status":"publish","type":"page","link":"https:\/\/www.ficindaial.com.br\/fundacao\/outros-grupos-culturais\/","title":{"rendered":"Outros Grupos Culturais"},"content":{"rendered":"\n<ul class=\"wp-block-list\"><li><a href=\"https:\/\/www.ficindaial.com.br\/fundacao\/banda-municipal\/\">Banda Municipal Prefeito Werner Pabst<\/a><\/li><li> <a href=\"https:\/\/www.ficindaial.com.br\/fundacao\/grupos-culturais\/bogenbruecke\/\">Bogenbr\u00fccke Volkstanzsgruppe (Grupo Folcl\u00f3rico Alem\u00e3o) <\/a><\/li><li> <a href=\"https:\/\/www.ficindaial.com.br\/fundacao\/grupos-culturais\/terno-de-reis\/\">Terno de Reis \u201cEstrela do Oriente\u201d <\/a><\/li><li><a href=\"https:\/\/www.ficindaial.com.br\/fundacao\/grupos-culturais\/viola-caipira\/\">Grupo Indaialense de Viola Caipira<\/a><\/li><\/ul>\n\n\n\n<hr class=\"wp-block-separator\"\/>\n\n\n\n<p>Se voc\u00ea parte de um Grupo Art\u00edstico Cultural na cidade de Indaial e gostaria de  ter as informa\u00e7\u00f5es diponibilizadas em nosso site, fa\u00e7a o cadastro abaixo.<\/p>\n\n\n\n<p><a href=\"https:\/\/forms.gle\/tUuUbT5Pup7U1tj79\">Cadastre-se aqui <\/a><\/p>\n\n\n\n<hr class=\"wp-block-separator\"\/>\n","protected":false},"excerpt":{"rendered":"<p>Banda Municipal Prefeito Werner Pabst Bogenbr\u00fccke Volkstanzsgruppe (Grupo Folcl\u00f3rico Alem\u00e3o) Terno de Reis \u201cEstrela do Oriente\u201d Grupo Indaialense de Viola Caipira Se voc\u00ea parte de um Grupo Art\u00edstico Cultural na cidade de Indaial e gostaria de ter as informa\u00e7\u00f5es diponibilizadas<\/p>\n","protected":false},"author":2,"featured_media":0,"parent":0,"menu_order":0,"comment_status":"closed","ping_status":"closed","template":"","meta":{"saved_in_kubio":false,"ngg_post_thumbnail":0,"footnotes":""},"class_list":["post-3522","page","type-page","status-publish","hentry"],"kubio_ai_page_context":{"short_desc":"","purpose":"general"},"_links":{"self":[{"href":"https:\/\/www.ficindaial.com.br\/fundacao\/wp-json\/wp\/v2\/pages\/3522","targetHints":{"allow":["GET"]}}],"collection":[{"href":"https:\/\/www.ficindaial.com.br\/fundacao\/wp-json\/wp\/v2\/pages"}],"about":[{"href":"https:\/\/www.ficindaial.com.br\/fundacao\/wp-json\/wp\/v2\/types\/page"}],"author":[{"embeddable":true,"href":"https:\/\/www.ficindaial.com.br\/fundacao\/wp-json\/wp\/v2\/users\/2"}],"replies":[{"embeddable":true,"href":"https:\/\/www.ficindaial.com.br\/fundacao\/wp-json\/wp\/v2\/comments?post=3522"}],"version-history":[{"count":3,"href":"https:\/\/www.ficindaial.com.br\/fundacao\/wp-json\/wp\/v2\/pages\/3522\/revisions"}],"predecessor-version":[{"id":5018,"href":"https:\/\/www.ficindaial.com.br\/fundacao\/wp-json\/wp\/v2\/pages\/3522\/revisions\/5018"}],"wp:attachment":[{"href":"https:\/\/www.ficindaial.com.br\/fundacao\/wp-json\/wp\/v2\/media?parent=3522"}],"curies":[{"name":"wp","href":"https:\/\/api.w.org\/{rel}","templated":true}]}}