{"id":3519,"date":"2019-05-07T08:21:20","date_gmt":"2019-05-07T11:21:20","guid":{"rendered":"https:\/\/www.ficindaial.com.br\/fundacao\/?page_id=3519"},"modified":"2023-05-03T13:02:04","modified_gmt":"2023-05-03T16:02:04","slug":"grupos-culturais-fic-e-municipais","status":"publish","type":"page","link":"https:\/\/www.ficindaial.com.br\/fundacao\/grupos-culturais-fic-e-municipais\/","title":{"rendered":"Grupos Culturais FIC"},"content":{"rendered":"\n<p>A Funda\u00e7\u00e3o Indaialense de Cultura tornou oficiais seus grupos art\u00edsticos atrav\u00e9s do decreto N\u00ba 4.529\/22,&nbsp; s\u00e3o grupos distribu\u00eddos nas \u00e1reas de m\u00fasica, dan\u00e7a, teatro e artes visuais.&nbsp;<br><\/p>\n\n\n\n<p>Os grupos da FIC&nbsp; t\u00eam como objetivo o aperfei\u00e7oamento art\u00edstico e a difus\u00e3o da arte e cultura do munic\u00edpio. Seus integrantes participam de forma volunt\u00e1ria e passam periodicamente por audi\u00e7\u00f5es e seletivas a fim de manter a qualidade t\u00e9cnica dos mesmos representando&nbsp; a FIC em eventos e festivais. Al\u00e9m de dar suporte um ao outro na realiza\u00e7\u00e3o de grandes espet\u00e1culos.&nbsp;<br><\/p>\n\n\n\n<p>Estes grupos&nbsp; s\u00e3o de responsabilidade da dire\u00e7\u00e3o art\u00edstica da FIC sob a coordena\u00e7\u00e3o dos professores e colaboradores.<br><\/p>\n\n\n\n<p class=\"has-background has-very-light-gray-background-color\"><strong>Grupos Mantidos pela FIC<\/strong><\/p>\n\n\n\n<p><strong>M\u00fasica<\/strong><\/p>\n\n\n\n<p><a href=\"https:\/\/www.ficindaial.com.br\/fundacao\/coral-da-fic\/\">Coral da FIC<br><\/a><a href=\"https:\/\/www.ficindaial.com.br\/fundacao\/grupo-odeon-2\/\"> Grupo Odeon<br><\/a><a href=\"https:\/\/www.ficindaial.com.br\/fundacao\/grupo-de-sopros-da-fic\/\">Grupo de Sopros da FIC<\/a> <br><a href=\"https:\/\/www.ficindaial.com.br\/fundacao\/grupos-culturais\/orquestra-de-camara-de-indaial\/\"> Orquestra de C\u00e2mara de Indaial<br><\/a><a href=\"https:\/\/www.ficindaial.com.br\/fundacao\/orquestra-experimental-sensibilizarte\/\">Orquestra Experimental SensibilizArte<\/a><br><a href=\"https:\/\/www.ficindaial.com.br\/fundacao\/grupo-odeon\/\">QPR47<\/a><br><br><\/p>\n\n\n\n<p><strong>Dan\u00e7a<\/strong><br><a href=\"https:\/\/www.ficindaial.com.br\/fundacao\/grupos-culturais\/stella-alpina\/\"> Grupo de Dan\u00e7a Italiana Stella Alpina<br><\/a><a href=\"http:\/\/ficindaial.com.br\/fundacao\/the-bulls\/\"> Grupo de Dan\u00e7a Livre The Bulls Company<\/a><br><a href=\"https:\/\/www.ficindaial.com.br\/fundacao\/grupo-de-dancas-classicas\/\">Grupo de Dan\u00e7as Cl\u00e1ssicas da FIC<br><\/a><br><\/p>\n\n\n\n<p><strong>Grupo de Teatro<\/strong><a href=\"http:\/\/ficindaial.com.br\/fundacao\/the-bulls\/\"><br><\/a><a href=\"http:\/\/ficindaial.com.br\/fundacao\/grupos-culturais\/trapos-farrapos\/\"> Grupo de Teatro Trapos e Farrapos <\/a><\/p>\n\n\n\n<hr class=\"wp-block-separator\"\/>\n","protected":false},"excerpt":{"rendered":"<p>A Funda\u00e7\u00e3o Indaialense de Cultura tornou oficiais seus grupos art\u00edsticos atrav\u00e9s do decreto N\u00ba 4.529\/22,&nbsp; s\u00e3o grupos distribu\u00eddos nas \u00e1reas de m\u00fasica, dan\u00e7a, teatro e artes visuais.&nbsp; Os grupos da FIC&nbsp; t\u00eam como objetivo o aperfei\u00e7oamento art\u00edstico e a difus\u00e3o<\/p>\n","protected":false},"author":2,"featured_media":0,"parent":0,"menu_order":0,"comment_status":"closed","ping_status":"closed","template":"","meta":{"saved_in_kubio":false,"ngg_post_thumbnail":0,"footnotes":""},"class_list":["post-3519","page","type-page","status-publish","hentry"],"kubio_ai_page_context":{"short_desc":"","purpose":"general"},"_links":{"self":[{"href":"https:\/\/www.ficindaial.com.br\/fundacao\/wp-json\/wp\/v2\/pages\/3519","targetHints":{"allow":["GET"]}}],"collection":[{"href":"https:\/\/www.ficindaial.com.br\/fundacao\/wp-json\/wp\/v2\/pages"}],"about":[{"href":"https:\/\/www.ficindaial.com.br\/fundacao\/wp-json\/wp\/v2\/types\/page"}],"author":[{"embeddable":true,"href":"https:\/\/www.ficindaial.com.br\/fundacao\/wp-json\/wp\/v2\/users\/2"}],"replies":[{"embeddable":true,"href":"https:\/\/www.ficindaial.com.br\/fundacao\/wp-json\/wp\/v2\/comments?post=3519"}],"version-history":[{"count":6,"href":"https:\/\/www.ficindaial.com.br\/fundacao\/wp-json\/wp\/v2\/pages\/3519\/revisions"}],"predecessor-version":[{"id":8891,"href":"https:\/\/www.ficindaial.com.br\/fundacao\/wp-json\/wp\/v2\/pages\/3519\/revisions\/8891"}],"wp:attachment":[{"href":"https:\/\/www.ficindaial.com.br\/fundacao\/wp-json\/wp\/v2\/media?parent=3519"}],"curies":[{"name":"wp","href":"https:\/\/api.w.org\/{rel}","templated":true}]}}

<p>A Fundação Indaialense de Cultura tornou oficiais seus grupos artísticos através do decreto Nº 4.529/22,&nbsp; são grupos distribuídos nas áreas de música, dança, teatro e artes visuais.&nbsp;<br></p>



<p>Os grupos da FIC&nbsp; têm como objetivo o aperfeiçoamento artístico e a difusão da arte e cultura do município. Seus integrantes participam de forma voluntária e passam periodicamente por audições e seletivas a fim de manter a qualidade técnica dos mesmos representando&nbsp; a FIC em eventos e festivais. Além de dar suporte um ao outro na realização de grandes espetáculos.&nbsp;<br></p>



<p>Estes grupos&nbsp; são de responsabilidade da direção artística da FIC sob a coordenação dos professores e colaboradores.<br></p>



<p class="has-background has-very-light-gray-background-color"><strong>Grupos Mantidos pela FIC</strong></p>



<p><strong>Música</strong></p>



<p><a href="https://www.ficindaial.com.br/fundacao/coral-da-fic/">Coral da FIC<br></a><a href="https://www.ficindaial.com.br/fundacao/grupo-odeon-2/"> Grupo Odeon<br></a><a href="https://www.ficindaial.com.br/fundacao/grupo-de-sopros-da-fic/">Grupo de Sopros da FIC</a> <br><a href="https://www.ficindaial.com.br/fundacao/grupos-culturais/orquestra-de-camara-de-indaial/"> Orquestra de Câmara de Indaial<br></a><a href="https://www.ficindaial.com.br/fundacao/orquestra-experimental-sensibilizarte/">Orquestra Experimental SensibilizArte</a><br><a href="https://www.ficindaial.com.br/fundacao/grupo-odeon/">QPR47</a><br><br></p>



<p><strong>Dança</strong><br><a href="https://www.ficindaial.com.br/fundacao/grupos-culturais/stella-alpina/"> Grupo de Dança Italiana Stella Alpina<br></a><a href="http://ficindaial.com.br/fundacao/the-bulls/"> Grupo de Dança Livre The Bulls Company</a><br><a href="https://www.ficindaial.com.br/fundacao/grupo-de-dancas-classicas/">Grupo de Danças Clássicas da FIC<br></a><br></p>



<p><strong>Grupo de Teatro</strong><a href="http://ficindaial.com.br/fundacao/the-bulls/"><br></a><a href="http://ficindaial.com.br/fundacao/grupos-culturais/trapos-farrapos/"> Grupo de Teatro Trapos e Farrapos </a></p>



<hr class="wp-block-separator"/>

<p>A Fundação Indaialense de Cultura tornou oficiais seus grupos artísticos através do decreto Nº 4.529/22,&nbsp; são grupos distribuídos nas áreas de música, dança, teatro e artes visuais.&nbsp; Os grupos da FIC&nbsp; têm como objetivo o aperfeiçoamento artístico e a difusão</p>
