{"id":12769,"date":"2025-10-23T17:45:41","date_gmt":"2025-10-23T20:45:41","guid":{"rendered":"https:\/\/www.ficindaial.com.br\/fundacao\/?page_id=12769"},"modified":"2025-10-23T17:45:43","modified_gmt":"2025-10-23T20:45:43","slug":"mostras-didaticas-fic-e-programa-sensibilizarte","status":"publish","type":"page","link":"https:\/\/www.ficindaial.com.br\/fundacao\/mostras-didaticas-fic-e-programa-sensibilizarte\/","title":{"rendered":"Mostras Did\u00e1ticas \u2013 FIC e Programa SensibilizArte"},"content":{"rendered":"\n<p>A Funda\u00e7\u00e3o Indaialense de Cultura apresenta a programa\u00e7\u00e3o das <strong>Mostras Did\u00e1ticas 2025,<\/strong> envolvendo alunos dos cursos da FIC e do Programa SensibilizArte dos cursos de m\u00fasica, teatro e artes visuais. As mostras representam um momento essencial no processo formativo, pois possibilitam aos estudantes vivenciar o palco, desenvolver postura art\u00edstica, superar desafios, fortalecer a autoestima e compartilhar com a comunidade o resultado de seus estudos ao longo do ano. Al\u00e9m disso, permitem aos professores acompanhar a evolu\u00e7\u00e3o de cada aluno, avaliar repert\u00f3rios, t\u00e9cnicas e performance, tornando esse momento um importante instrumento pedag\u00f3gico. A participa\u00e7\u00e3o e o prest\u00edgio do p\u00fablico s\u00e3o fundamentais para celebrar e incentivar o talento local.<\/p>\n\n\n\n<hr class=\"wp-block-separator has-alpha-channel-opacity\"\/>\n\n\n\n<p><br><\/p>\n\n\n\n\n\n<hr class=\"wp-block-separator has-alpha-channel-opacity\"\/>\n\n\n\n\n\n<hr class=\"wp-block-separator has-alpha-channel-opacity\"\/>\n\n\n\n\n\n<hr class=\"wp-block-separator has-alpha-channel-opacity\"\/>\n\n\n\n\n\n<hr class=\"wp-block-separator has-alpha-channel-opacity\"\/>\n\n\n\n\n\n<hr class=\"wp-block-separator has-alpha-channel-opacity\"\/>\n\n\n\n\n\n<hr class=\"wp-block-separator has-alpha-channel-opacity\"\/>\n\n\n\n\n\n<hr class=\"wp-block-separator has-alpha-channel-opacity\"\/>\n\n\n\n\n\n\n\n<hr class=\"wp-block-separator has-alpha-channel-opacity\"\/>\n\n\n\n\n\n<hr class=\"wp-block-separator has-alpha-channel-opacity\"\/>\n\n\n\n\n\n<hr class=\"wp-block-separator has-alpha-channel-opacity\"\/>\n\n\n\n\n\n<hr class=\"wp-block-separator has-alpha-channel-opacity\"\/>\n\n\n\n\n\n<hr class=\"wp-block-separator has-alpha-channel-opacity\"\/>\n\n\n\n\n\n<hr class=\"wp-block-separator has-alpha-channel-opacity\"\/>\n\n\n\n\n\n<hr class=\"wp-block-separator has-alpha-channel-opacity\"\/>\n\n\n\n\n\n<hr class=\"wp-block-separator has-alpha-channel-opacity\"\/>\n\n\n\n\n\n<hr class=\"wp-block-separator has-alpha-channel-opacity\"\/>\n\n\n\n\n\n<hr class=\"wp-block-separator has-alpha-channel-opacity\"\/>\n\n\n\n\n\n<hr class=\"wp-block-separator has-alpha-channel-opacity\"\/>\n\n\n\n<p><strong><em>Venha prestigiar nossos talentos em forma\u00e7\u00e3o!<br><\/em><\/strong>Sua presen\u00e7a fortalece a cultura e incentiva o crescimento art\u00edstico em nossa cidade.<\/p>\n","protected":false},"excerpt":{"rendered":"<p>A Funda\u00e7\u00e3o Indaialense de Cultura apresenta a programa\u00e7\u00e3o das Mostras Did\u00e1ticas 2025, envolvendo alunos dos cursos da FIC e do Programa SensibilizArte dos cursos de m\u00fasica, teatro e artes visuais. As mostras representam um momento essencial no processo formativo, pois<\/p>\n","protected":false},"author":2,"featured_media":0,"parent":0,"menu_order":0,"comment_status":"closed","ping_status":"closed","template":"","meta":{"saved_in_kubio":false,"ngg_post_thumbnail":0,"footnotes":""},"class_list":["post-12769","page","type-page","status-publish","hentry"],"kubio_ai_page_context":{"short_desc":"","purpose":"general"},"_links":{"self":[{"href":"https:\/\/www.ficindaial.com.br\/fundacao\/wp-json\/wp\/v2\/pages\/12769","targetHints":{"allow":["GET"]}}],"collection":[{"href":"https:\/\/www.ficindaial.com.br\/fundacao\/wp-json\/wp\/v2\/pages"}],"about":[{"href":"https:\/\/www.ficindaial.com.br\/fundacao\/wp-json\/wp\/v2\/types\/page"}],"author":[{"embeddable":true,"href":"https:\/\/www.ficindaial.com.br\/fundacao\/wp-json\/wp\/v2\/users\/2"}],"replies":[{"embeddable":true,"href":"https:\/\/www.ficindaial.com.br\/fundacao\/wp-json\/wp\/v2\/comments?post=12769"}],"version-history":[{"count":1,"href":"https:\/\/www.ficindaial.com.br\/fundacao\/wp-json\/wp\/v2\/pages\/12769\/revisions"}],"predecessor-version":[{"id":12788,"href":"https:\/\/www.ficindaial.com.br\/fundacao\/wp-json\/wp\/v2\/pages\/12769\/revisions\/12788"}],"wp:attachment":[{"href":"https:\/\/www.ficindaial.com.br\/fundacao\/wp-json\/wp\/v2\/media?parent=12769"}],"curies":[{"name":"wp","href":"https:\/\/api.w.org\/{rel}","templated":true}]}}

Mostras Didáticas – FIC e Programa SensibilizArte

<p>A Fundação Indaialense de Cultura apresenta a programação das <strong>Mostras Didáticas 2025,</strong> envolvendo alunos dos cursos da FIC e do Programa SensibilizArte dos cursos de música, teatro e artes visuais. As mostras representam um momento essencial no processo formativo, pois possibilitam aos estudantes vivenciar o palco, desenvolver postura artística, superar desafios, fortalecer a autoestima e compartilhar com a comunidade o resultado de seus estudos ao longo do ano. Além disso, permitem aos professores acompanhar a evolução de cada aluno, avaliar repertórios, técnicas e performance, tornando esse momento um importante instrumento pedagógico. A participação e o prestígio do público são fundamentais para celebrar e incentivar o talento local.</p>



<hr class="wp-block-separator has-alpha-channel-opacity"/>



<p><br></p>





<hr class="wp-block-separator has-alpha-channel-opacity"/>





<hr class="wp-block-separator has-alpha-channel-opacity"/>





<hr class="wp-block-separator has-alpha-channel-opacity"/>





<hr class="wp-block-separator has-alpha-channel-opacity"/>





<hr class="wp-block-separator has-alpha-channel-opacity"/>





<hr class="wp-block-separator has-alpha-channel-opacity"/>





<hr class="wp-block-separator has-alpha-channel-opacity"/>







<hr class="wp-block-separator has-alpha-channel-opacity"/>





<hr class="wp-block-separator has-alpha-channel-opacity"/>





<hr class="wp-block-separator has-alpha-channel-opacity"/>





<hr class="wp-block-separator has-alpha-channel-opacity"/>





<hr class="wp-block-separator has-alpha-channel-opacity"/>





<hr class="wp-block-separator has-alpha-channel-opacity"/>





<hr class="wp-block-separator has-alpha-channel-opacity"/>





<hr class="wp-block-separator has-alpha-channel-opacity"/>





<hr class="wp-block-separator has-alpha-channel-opacity"/>





<hr class="wp-block-separator has-alpha-channel-opacity"/>





<hr class="wp-block-separator has-alpha-channel-opacity"/>



<p><strong><em>Venha prestigiar nossos talentos em formação!<br></em></strong>Sua presença fortalece a cultura e incentiva o crescimento artístico em nossa cidade.</p>

<p>A Fundação Indaialense de Cultura apresenta a programação das Mostras Didáticas 2025, envolvendo alunos dos cursos da FIC e do Programa SensibilizArte dos cursos de música, teatro e artes visuais. As mostras representam um momento essencial no processo formativo, pois</p>
