{"id":12447,"date":"2025-07-03T10:17:05","date_gmt":"2025-07-03T13:17:05","guid":{"rendered":"https:\/\/www.ficindaial.com.br\/fundacao\/?page_id=12447"},"modified":"2025-09-15T10:58:28","modified_gmt":"2025-09-15T13:58:28","slug":"13o-encontro-regional-de-corais-de-indaial-2025","status":"publish","type":"page","link":"https:\/\/www.ficindaial.com.br\/fundacao\/13o-encontro-regional-de-corais-de-indaial-2025\/","title":{"rendered":"13\u00ba Encontro Regional de Corais de Indaial (2025)"},"content":{"rendered":"\n<figure class=\"wp-block-image alignleft size-large is-resized\"><img loading=\"lazy\" decoding=\"async\" width=\"1024\" height=\"1024\" src=\"https:\/\/www.ficindaial.com.br\/fundacao\/wp-content\/uploads\/2025\/07\/13o-Encontro-de-Corais-2025-5-1-1024x1024.png\" alt=\"\" class=\"wp-image-12450\" style=\"width:378px;height:auto\" srcset=\"https:\/\/www.ficindaial.com.br\/fundacao\/wp-content\/uploads\/2025\/07\/13o-Encontro-de-Corais-2025-5-1-1024x1024.png 1024w, https:\/\/www.ficindaial.com.br\/fundacao\/wp-content\/uploads\/2025\/07\/13o-Encontro-de-Corais-2025-5-1-300x300.png 300w, https:\/\/www.ficindaial.com.br\/fundacao\/wp-content\/uploads\/2025\/07\/13o-Encontro-de-Corais-2025-5-1-150x150.png 150w, https:\/\/www.ficindaial.com.br\/fundacao\/wp-content\/uploads\/2025\/07\/13o-Encontro-de-Corais-2025-5-1-768x768.png 768w, https:\/\/www.ficindaial.com.br\/fundacao\/wp-content\/uploads\/2025\/07\/13o-Encontro-de-Corais-2025-5-1-1536x1536.png 1536w, https:\/\/www.ficindaial.com.br\/fundacao\/wp-content\/uploads\/2025\/07\/13o-Encontro-de-Corais-2025-5-1-2048x2048.png 2048w, https:\/\/www.ficindaial.com.br\/fundacao\/wp-content\/uploads\/2025\/07\/13o-Encontro-de-Corais-2025-5-1-1080x1080.png 1080w, https:\/\/www.ficindaial.com.br\/fundacao\/wp-content\/uploads\/2025\/07\/13o-Encontro-de-Corais-2025-5-1-270x270.png 270w, https:\/\/www.ficindaial.com.br\/fundacao\/wp-content\/uploads\/2025\/07\/13o-Encontro-de-Corais-2025-5-1-230x230.png 230w\" sizes=\"(max-width: 1024px) 100vw, 1024px\" \/><\/figure>\n\n\n\n<p>A Funda\u00e7\u00e3o Indaialense de Cultura convida corais e grupos vocais infantojuvenis e adultos, de todas as categorias, para participar do <strong>13\u00ba Encontro Regional de Corais<\/strong>, que acontecer\u00e1 no dia <strong>27 de setembro de 2025<\/strong>, \u00e0s 17h, no Galp\u00e3o das Artes Prof. M\u00e1rio Dem\u00e9trio.<\/p>\n\n\n\n<hr class=\"wp-block-separator has-alpha-channel-opacity\"\/>\n\n\n\n<p><strong>Objetivo<\/strong><\/p>\n\n\n\n<p>O encontro tem como objetivo promover o interc\u00e2mbio cultural, incentivar a integra\u00e7\u00e3o e fortalecer os la\u00e7os entre os corais da regi\u00e3o e o p\u00fablico, com apresenta\u00e7\u00f5es de repert\u00f3rio livre, erudito ou popular.<\/p>\n\n\n\n<hr class=\"wp-block-separator has-alpha-channel-opacity\"\/>\n\n\n\n<p><strong>Data e Local<\/strong><br><strong>Data<\/strong>: 27 de Setembro de 2025<br><strong>Local<\/strong>: Galp\u00e3o das Artes Prof. M\u00e1rio Dem\u00e9trio<\/p>\n\n\n\n<hr class=\"wp-block-separator has-alpha-channel-opacity\"\/>\n\n\n\n<p><strong>Quem pode participar<\/strong><br><br>Poder\u00e3o participar do Encontro de Corais grupos vocais e corais infantojuvenis e adultos, de todas as categorias, vinculados a empresas p\u00fablicas ou privadas, \u00f3rg\u00e3os governamentais, institui\u00e7\u00f5es religiosas, escolas de m\u00fasica, universidades ou grupos independentes. O repert\u00f3rio poder\u00e1 abranger livremente m\u00fasicas eruditas e populares.<\/p>\n\n\n\n<hr class=\"wp-block-separator has-alpha-channel-opacity\"\/>\n\n\n\n<p><strong>Apresenta\u00e7\u00f5es<\/strong><\/p>\n\n\n\n<p>Cada coral ter\u00e1 <strong>at\u00e9 15 minutos para sua apresenta\u00e7\u00e3o<\/strong>, podendo ser a cappella, com acompanhamento instrumental ou playback. <br>Os grupos que precisarem realizar passagem de som a mesma ocorrer\u00e1 no dia do evento, das 13h30 \u00e0s 16h30, conforme cronograma a ser divulgado pela FIC.<\/p>\n\n\n\n<hr class=\"wp-block-separator has-alpha-channel-opacity\"\/>\n\n\n\n<p><strong>REGULAMENTO<\/strong><\/p>\n\n\n\n<div data-wp-interactive=\"core\/file\" class=\"wp-block-file\"><object data-wp-bind--hidden=\"!state.hasPdfPreview\" hidden class=\"wp-block-file__embed\" data=\"https:\/\/www.ficindaial.com.br\/fundacao\/wp-content\/uploads\/2025\/07\/13o-Encontro-de-Corais-2025-REGULAMENTO.pdf\" type=\"application\/pdf\" style=\"width:100%;height:350px\" aria-label=\"Incorporado de 13\u00ba Encontro de Corais - 2025 - REGULAMENTO.\"><\/object><a id=\"wp-block-file--media-62cf72db-c8b4-4ae4-91e6-0d06f7f5612a\" href=\"https:\/\/www.ficindaial.com.br\/fundacao\/wp-content\/uploads\/2025\/07\/13o-Encontro-de-Corais-2025-REGULAMENTO.pdf\">13\u00ba Encontro de Corais &#8211; 2025 &#8211; REGULAMENTO<\/a><a href=\"https:\/\/www.ficindaial.com.br\/fundacao\/wp-content\/uploads\/2025\/07\/13o-Encontro-de-Corais-2025-REGULAMENTO.pdf\" class=\"wp-block-file__button wp-element-button\" download aria-describedby=\"wp-block-file--media-62cf72db-c8b4-4ae4-91e6-0d06f7f5612a\">Baixar<\/a><\/div>\n\n\n\n<hr class=\"wp-block-separator has-alpha-channel-opacity\"\/>\n\n\n\n<p><strong>Inscri\u00e7\u00e3o<\/strong><\/p>\n\n\n\n<p><strong>Per\u00edodo de Inscri\u00e7\u00e3o:<\/strong> 03 de julho a 12 de setembro de 2025<br><strong>Vagas limitadas:<\/strong> at\u00e9 12 grupos ou 280 coralistas, por ordem de inscri\u00e7\u00e3o.<br><strong>A participa\u00e7\u00e3o no evento ser\u00e1 de forma gratuita, n\u00e3o havendo taxa de inscri\u00e7\u00e3o.<\/strong><\/p>\n\n\n\n\n\n<hr class=\"wp-block-separator has-alpha-channel-opacity\"\/>\n\n\n\n<ul class=\"wp-block-list\">\n<li><strong>Informa\u00e7\u00f5es solicitadas no Formul\u00e1rio de Inscri\u00e7\u00e3o<\/strong><\/li>\n\n\n\n<li><em>Nome do Grupo<\/em><\/li>\n\n\n\n<li><em>Cidade<\/em><\/li>\n\n\n\n<li><em>Modalidade<\/em><\/li>\n\n\n\n<li><em>N\u00famero de Integrantes<\/em><\/li>\n\n\n\n<li><em>Nome do Regente \/ Maestro<\/em><\/li>\n\n\n\n<li><em>N\u00famero de Instrumentistas (se houver)<\/em><\/li>\n\n\n\n<li><em>Apresenta\u00e7\u00e3o do grupo<\/em><\/li>\n\n\n\n<li><em>Envio de foto do grupo para divulga\u00e7\u00e3o<\/em><\/li>\n\n\n\n<li><em>Link do Youtube com v\u00eddeo do grupo (se tiver)<\/em><\/li>\n\n\n\n<li><em>Nome e telefone do respons\u00e1vel do grupo<\/em><\/li>\n<\/ul>\n\n\n\n<ul class=\"wp-block-list\">\n<li><br><strong>Informa\u00e7\u00f5es solicitadas no formul\u00e1rio de repert\u00f3rio<\/strong><\/li>\n\n\n\n<li><em>Nome de cada m\u00fasica<\/em><\/li>\n\n\n\n<li><em>Compositor\/arranjador<\/em><\/li>\n\n\n\n<li><em>Tempo m\u00e9dio de dura\u00e7\u00e3o das m\u00fasicas apresentadas<\/em><\/li>\n\n\n\n<li><em>Informa\u00e7\u00f5es sobre o acompanhamento das m\u00fasicas e suas necessidades<\/em><\/li>\n<\/ul>\n\n\n\n<hr class=\"wp-block-separator has-alpha-channel-opacity\"\/>\n\n\n\n<hr class=\"wp-block-separator has-alpha-channel-opacity\"\/>\n\n\n\n<p><strong>GRUPOS PARTICIPANTES<\/strong><\/p>\n\n\n\n<div class=\"wp-block-file\"><a id=\"wp-block-file--media-06832e73-eaf9-4627-b8ab-04ef5620841a\" href=\"https:\/\/www.ficindaial.com.br\/fundacao\/wp-content\/uploads\/2025\/09\/13o-Encontro-de-Corais-2025-Relatorio-de-Inscricoes.pdf\">13\u00ba Encontro de Corais &#8211; 2025 &#8211; Relat\u00f3rio de Inscri\u00e7\u00f5es<\/a><a href=\"https:\/\/www.ficindaial.com.br\/fundacao\/wp-content\/uploads\/2025\/09\/13o-Encontro-de-Corais-2025-Relatorio-de-Inscricoes.pdf\" class=\"wp-block-file__button wp-element-button\" download aria-describedby=\"wp-block-file--media-06832e73-eaf9-4627-b8ab-04ef5620841a\">Baixar<\/a><\/div>\n\n\n","protected":false},"excerpt":{"rendered":"<p>A Funda\u00e7\u00e3o Indaialense de Cultura convida corais e grupos vocais infantojuvenis e adultos, de todas as categorias, para participar do 13\u00ba Encontro Regional de Corais, que acontecer\u00e1 no dia 27 de setembro de 2025, \u00e0s 17h, no Galp\u00e3o das Artes<\/p>\n","protected":false},"author":2,"featured_media":0,"parent":0,"menu_order":0,"comment_status":"closed","ping_status":"closed","template":"","meta":{"saved_in_kubio":true,"ngg_post_thumbnail":0,"footnotes":""},"class_list":["post-12447","page","type-page","status-publish","hentry"],"kubio_ai_page_context":{"short_desc":"","purpose":"general"},"_links":{"self":[{"href":"https:\/\/www.ficindaial.com.br\/fundacao\/wp-json\/wp\/v2\/pages\/12447","targetHints":{"allow":["GET"]}}],"collection":[{"href":"https:\/\/www.ficindaial.com.br\/fundacao\/wp-json\/wp\/v2\/pages"}],"about":[{"href":"https:\/\/www.ficindaial.com.br\/fundacao\/wp-json\/wp\/v2\/types\/page"}],"author":[{"embeddable":true,"href":"https:\/\/www.ficindaial.com.br\/fundacao\/wp-json\/wp\/v2\/users\/2"}],"replies":[{"embeddable":true,"href":"https:\/\/www.ficindaial.com.br\/fundacao\/wp-json\/wp\/v2\/comments?post=12447"}],"version-history":[{"count":4,"href":"https:\/\/www.ficindaial.com.br\/fundacao\/wp-json\/wp\/v2\/pages\/12447\/revisions"}],"predecessor-version":[{"id":12685,"href":"https:\/\/www.ficindaial.com.br\/fundacao\/wp-json\/wp\/v2\/pages\/12447\/revisions\/12685"}],"wp:attachment":[{"href":"https:\/\/www.ficindaial.com.br\/fundacao\/wp-json\/wp\/v2\/media?parent=12447"}],"curies":[{"name":"wp","href":"https:\/\/api.w.org\/{rel}","templated":true}]}}

13º Encontro Regional de Corais de Indaial (2025)

<figure class="wp-block-image alignleft size-large is-resized"><img loading="lazy" decoding="async" width="1024" height="1024" src="https://www.ficindaial.com.br/fundacao/wp-content/uploads/2025/07/13o-Encontro-de-Corais-2025-5-1-1024x1024.png" alt="" class="wp-image-12450" style="width:378px;height:auto" srcset="https://www.ficindaial.com.br/fundacao/wp-content/uploads/2025/07/13o-Encontro-de-Corais-2025-5-1-1024x1024.png 1024w, https://www.ficindaial.com.br/fundacao/wp-content/uploads/2025/07/13o-Encontro-de-Corais-2025-5-1-300x300.png 300w, https://www.ficindaial.com.br/fundacao/wp-content/uploads/2025/07/13o-Encontro-de-Corais-2025-5-1-150x150.png 150w, https://www.ficindaial.com.br/fundacao/wp-content/uploads/2025/07/13o-Encontro-de-Corais-2025-5-1-768x768.png 768w, https://www.ficindaial.com.br/fundacao/wp-content/uploads/2025/07/13o-Encontro-de-Corais-2025-5-1-1536x1536.png 1536w, https://www.ficindaial.com.br/fundacao/wp-content/uploads/2025/07/13o-Encontro-de-Corais-2025-5-1-2048x2048.png 2048w, https://www.ficindaial.com.br/fundacao/wp-content/uploads/2025/07/13o-Encontro-de-Corais-2025-5-1-1080x1080.png 1080w, https://www.ficindaial.com.br/fundacao/wp-content/uploads/2025/07/13o-Encontro-de-Corais-2025-5-1-270x270.png 270w, https://www.ficindaial.com.br/fundacao/wp-content/uploads/2025/07/13o-Encontro-de-Corais-2025-5-1-230x230.png 230w" sizes="(max-width: 1024px) 100vw, 1024px" /></figure>



<p>A Fundação Indaialense de Cultura convida corais e grupos vocais infantojuvenis e adultos, de todas as categorias, para participar do <strong>13º Encontro Regional de Corais</strong>, que acontecerá no dia <strong>27 de setembro de 2025</strong>, às 17h, no Galpão das Artes Prof. Mário Demétrio.</p>



<hr class="wp-block-separator has-alpha-channel-opacity"/>



<p><strong>Objetivo</strong></p>



<p>O encontro tem como objetivo promover o intercâmbio cultural, incentivar a integração e fortalecer os laços entre os corais da região e o público, com apresentações de repertório livre, erudito ou popular.</p>



<hr class="wp-block-separator has-alpha-channel-opacity"/>



<p><strong>Data e Local</strong><br><strong>Data</strong>: 27 de Setembro de 2025<br><strong>Local</strong>: Galpão das Artes Prof. Mário Demétrio</p>



<hr class="wp-block-separator has-alpha-channel-opacity"/>



<p><strong>Quem pode participar</strong><br><br>Poderão participar do Encontro de Corais grupos vocais e corais infantojuvenis e adultos, de todas as categorias, vinculados a empresas públicas ou privadas, órgãos governamentais, instituições religiosas, escolas de música, universidades ou grupos independentes. O repertório poderá abranger livremente músicas eruditas e populares.</p>



<hr class="wp-block-separator has-alpha-channel-opacity"/>



<p><strong>Apresentações</strong></p>



<p>Cada coral terá <strong>até 15 minutos para sua apresentação</strong>, podendo ser a cappella, com acompanhamento instrumental ou playback. <br>Os grupos que precisarem realizar passagem de som a mesma ocorrerá no dia do evento, das 13h30 às 16h30, conforme cronograma a ser divulgado pela FIC.</p>



<hr class="wp-block-separator has-alpha-channel-opacity"/>



<p><strong>REGULAMENTO</strong></p>



<div data-wp-interactive="core/file" class="wp-block-file"><object data-wp-bind--hidden="!state.hasPdfPreview" hidden class="wp-block-file__embed" data="https://www.ficindaial.com.br/fundacao/wp-content/uploads/2025/07/13o-Encontro-de-Corais-2025-REGULAMENTO.pdf" type="application/pdf" style="width:100%;height:350px" aria-label="Incorporado de 13º Encontro de Corais - 2025 - REGULAMENTO."></object><a id="wp-block-file--media-62cf72db-c8b4-4ae4-91e6-0d06f7f5612a" href="https://www.ficindaial.com.br/fundacao/wp-content/uploads/2025/07/13o-Encontro-de-Corais-2025-REGULAMENTO.pdf">13º Encontro de Corais &#8211; 2025 &#8211; REGULAMENTO</a><a href="https://www.ficindaial.com.br/fundacao/wp-content/uploads/2025/07/13o-Encontro-de-Corais-2025-REGULAMENTO.pdf" class="wp-block-file__button wp-element-button" download aria-describedby="wp-block-file--media-62cf72db-c8b4-4ae4-91e6-0d06f7f5612a">Baixar</a></div>



<hr class="wp-block-separator has-alpha-channel-opacity"/>



<p><strong>Inscrição</strong></p>



<p><strong>Período de Inscrição:</strong> 03 de julho a 12 de setembro de 2025<br><strong>Vagas limitadas:</strong> até 12 grupos ou 280 coralistas, por ordem de inscrição.<br><strong>A participação no evento será de forma gratuita, não havendo taxa de inscrição.</strong></p>





<hr class="wp-block-separator has-alpha-channel-opacity"/>



<ul class="wp-block-list">
<li><strong>Informações solicitadas no Formulário de Inscrição</strong></li>



<li><em>Nome do Grupo</em></li>



<li><em>Cidade</em></li>



<li><em>Modalidade</em></li>



<li><em>Número de Integrantes</em></li>



<li><em>Nome do Regente / Maestro</em></li>



<li><em>Número de Instrumentistas (se houver)</em></li>



<li><em>Apresentação do grupo</em></li>



<li><em>Envio de foto do grupo para divulgação</em></li>



<li><em>Link do Youtube com vídeo do grupo (se tiver)</em></li>



<li><em>Nome e telefone do responsável do grupo</em></li>
</ul>



<ul class="wp-block-list">
<li><br><strong>Informações solicitadas no formulário de repertório</strong></li>



<li><em>Nome de cada música</em></li>



<li><em>Compositor/arranjador</em></li>



<li><em>Tempo médio de duração das músicas apresentadas</em></li>



<li><em>Informações sobre o acompanhamento das músicas e suas necessidades</em></li>
</ul>



<hr class="wp-block-separator has-alpha-channel-opacity"/>



<hr class="wp-block-separator has-alpha-channel-opacity"/>



<p><strong>GRUPOS PARTICIPANTES</strong></p>



<div class="wp-block-file"><a id="wp-block-file--media-06832e73-eaf9-4627-b8ab-04ef5620841a" href="https://www.ficindaial.com.br/fundacao/wp-content/uploads/2025/09/13o-Encontro-de-Corais-2025-Relatorio-de-Inscricoes.pdf">13º Encontro de Corais &#8211; 2025 &#8211; Relatório de Inscrições</a><a href="https://www.ficindaial.com.br/fundacao/wp-content/uploads/2025/09/13o-Encontro-de-Corais-2025-Relatorio-de-Inscricoes.pdf" class="wp-block-file__button wp-element-button" download aria-describedby="wp-block-file--media-06832e73-eaf9-4627-b8ab-04ef5620841a">Baixar</a></div>

<p>A Fundação Indaialense de Cultura convida corais e grupos vocais infantojuvenis e adultos, de todas as categorias, para participar do 13º Encontro Regional de Corais, que acontecerá no dia 27 de setembro de 2025, às 17h, no Galpão das Artes</p>
