{"id":12192,"date":"2025-03-31T11:38:10","date_gmt":"2025-03-31T14:38:10","guid":{"rendered":"https:\/\/www.ficindaial.com.br\/fundacao\/?page_id=12192"},"modified":"2025-03-31T11:38:11","modified_gmt":"2025-03-31T14:38:11","slug":"pascoa-em-indaial","status":"publish","type":"page","link":"https:\/\/www.ficindaial.com.br\/fundacao\/pascoa-em-indaial\/","title":{"rendered":"P\u00e1scoa em Indaial"},"content":{"rendered":"\n<p>Prefeitura de Indaial anuncia programa\u00e7\u00e3o especial de P\u00e1scoa com atividades para toda a fam\u00edlia<\/p>\n\n\n\n<p>A Prefeitura de Indaial preparou uma programa\u00e7\u00e3o especial para celebrar a P\u00e1scoa com a comunidade. Entre os dias <strong>5 e 13 de abril<\/strong>, diversas atividades ser\u00e3o realizadas em variados pontos da cidade, garantindo divers\u00e3o e momentos de reflex\u00e3o para todas as idades.<\/p>\n\n\n\n<blockquote class=\"wp-block-quote is-layout-flow wp-block-quote-is-layout-flow\">\n<p>&#8220;A P\u00e1scoa \u00e9 um momento de uni\u00e3o e renova\u00e7\u00e3o. Queremos proporcionar experi\u00eancias inesquec\u00edveis para os moradores, fortalecendo os la\u00e7os comunit\u00e1rios e valorizando as tradi\u00e7\u00f5es&#8221;, destacou o prefeito, Silvio C\u00e9sar da Silva.<\/p>\n<\/blockquote>\n\n\n\n<p><em><strong>A entrada ser\u00e1 gratuita.<\/strong><\/em><\/p>\n\n\n\n<p><strong>Confira a programa\u00e7\u00e3o:<\/strong><\/p>\n\n\n\n<p><strong>05\/04 (s\u00e1bado): P\u00e1scoa na Pra\u00e7a<br>Local<\/strong>: Pra\u00e7a da Prefeitura (Av. Get\u00falio Vargas, 126, Centro)<br><strong>Hor\u00e1rio<\/strong>: 9h \u00e0s 17h<br><strong>Realiza\u00e7\u00e3o<\/strong>: Prefeitura e Funda\u00e7\u00e3o Indaialense de Cultura<br><strong>Apoio<\/strong>: CDL, ACIDI, FME e Turind<br><strong>Atividades<\/strong>: Feira de Rua &#8220;Flor &amp; Ser&#8221;; Trenzinho do Coelho; Pra\u00e7a de Alimenta\u00e7\u00e3o; Distribui\u00e7\u00e3o de Pequenos Ovos de Chocolate e Ingressos Vila Encantada; Presen\u00e7a do Coelho da P\u00e1scoa; Apresenta\u00e7\u00f5es Art\u00edsticas e Culturais; 9h30 Banda Municipal Prefeito Werner Pabst<\/p>\n\n\n\n<hr class=\"wp-block-separator has-alpha-channel-opacity\"\/>\n\n\n\n<p><strong>11\/04 (sexta): Concerto da Paix\u00e3o de Cristo<br>Local<\/strong>: Igreja Luterana &#8211; Centro<br><strong>Hor\u00e1rio<\/strong>: 20h<br><strong>Realiza\u00e7\u00e3o<\/strong>: Prefeitura e Funda\u00e7\u00e3o Indaialense de Cultura<br><strong>Apoio<\/strong>: Igreja Luterana<br><strong>Grupos Participantes<\/strong>: Orquestra de C\u00e2mara de Indaial, Coral da FIC, Coral Cantate, Disc\u00edpulos do Louvor e 4rteto Maranata<\/p>\n\n\n\n<hr class=\"wp-block-separator has-alpha-channel-opacity\"\/>\n\n\n\n<p><strong>12\/04 (s\u00e1bado): Teatro &#8211; Auto da Paix\u00e3o<br>Local<\/strong>: Igreja Nossa Senhora de F\u00e1tima &#8211; Na\u00e7\u00f5es<br><strong>Hor\u00e1rio<\/strong>: 19h30<br><strong>Realiza\u00e7\u00e3o<\/strong>: Prefeitura e Funda\u00e7\u00e3o Indaialense de Cultura<br><strong>Apoio<\/strong>: Igreja Nossa Senhora de F\u00e1tima<br><strong>Grupo Participante: <\/strong>Associa\u00e7\u00e3o Hansahoehe &#8211; Teatro e Coral &#8211; Ibirama<\/p>\n\n\n\n<hr class=\"wp-block-separator has-alpha-channel-opacity\"\/>\n\n\n\n<p><strong>13\/04 (domingo): Domingo no Parque \u2013 Movimenta Indaial &#8211; 1\u00aa Ca\u00e7a aos Ovos de P\u00e1scoa no Parque<br>Local<\/strong>: Parque Jorge Hardt<br><strong>Hor\u00e1rio<\/strong>: 8h \u00e0s 17h<br><strong>Realiza\u00e7\u00e3o<\/strong>: Prefeitura, Funda\u00e7\u00e3o Indaialense de Cultura e Funda\u00e7\u00e3o Municipal de Esportes<br><strong>Apoio<\/strong>: CDL, ACIDI, Turind, Bombeiros Volunt\u00e1rios, Escoteiros Duque de Caxias, Pol\u00edcia Militar e Sicoob<br><br><strong>Programa\u00e7\u00e3o e Atividades:<\/strong><br>8h \u00e0s 9h30 \u2013 Inscri\u00e7\u00f5es para a Ca\u00e7a aos Ovos<br>9h30 \u2013 In\u00edcio Ca\u00e7a aos Ovos<br>Categorias: PCD, 0 a 2 anos, 3 a 5 anos, 6 a 8 anos e 9 a 10 anos<br>9h \u00e0s 17h: Feira de Rua &#8220;Flor &amp; Ser&#8221;; Trenzinho do Coelho; Pra\u00e7a de Alimenta\u00e7\u00e3o<br>10h \u00e0s 14h: Apresenta\u00e7\u00f5es Culturais<br>13h \u00e0s 17h: Atividades\u00a0Esportivas<\/p>\n\n\n\n<hr class=\"wp-block-separator has-alpha-channel-opacity\"\/>\n","protected":false},"excerpt":{"rendered":"<p>Prefeitura de Indaial anuncia programa\u00e7\u00e3o especial de P\u00e1scoa com atividades para toda a fam\u00edlia A Prefeitura de Indaial preparou uma programa\u00e7\u00e3o especial para celebrar a P\u00e1scoa com a comunidade. Entre os dias 5 e 13 de abril, diversas atividades ser\u00e3o<\/p>\n","protected":false},"author":2,"featured_media":0,"parent":0,"menu_order":0,"comment_status":"closed","ping_status":"closed","template":"","meta":{"saved_in_kubio":false,"ngg_post_thumbnail":0,"footnotes":""},"class_list":["post-12192","page","type-page","status-publish","hentry"],"kubio_ai_page_context":{"short_desc":"","purpose":"general"},"_links":{"self":[{"href":"https:\/\/www.ficindaial.com.br\/fundacao\/wp-json\/wp\/v2\/pages\/12192","targetHints":{"allow":["GET"]}}],"collection":[{"href":"https:\/\/www.ficindaial.com.br\/fundacao\/wp-json\/wp\/v2\/pages"}],"about":[{"href":"https:\/\/www.ficindaial.com.br\/fundacao\/wp-json\/wp\/v2\/types\/page"}],"author":[{"embeddable":true,"href":"https:\/\/www.ficindaial.com.br\/fundacao\/wp-json\/wp\/v2\/users\/2"}],"replies":[{"embeddable":true,"href":"https:\/\/www.ficindaial.com.br\/fundacao\/wp-json\/wp\/v2\/comments?post=12192"}],"version-history":[{"count":1,"href":"https:\/\/www.ficindaial.com.br\/fundacao\/wp-json\/wp\/v2\/pages\/12192\/revisions"}],"predecessor-version":[{"id":12193,"href":"https:\/\/www.ficindaial.com.br\/fundacao\/wp-json\/wp\/v2\/pages\/12192\/revisions\/12193"}],"wp:attachment":[{"href":"https:\/\/www.ficindaial.com.br\/fundacao\/wp-json\/wp\/v2\/media?parent=12192"}],"curies":[{"name":"wp","href":"https:\/\/api.w.org\/{rel}","templated":true}]}}

Páscoa em Indaial

<p>Prefeitura de Indaial anuncia programação especial de Páscoa com atividades para toda a família</p>



<p>A Prefeitura de Indaial preparou uma programação especial para celebrar a Páscoa com a comunidade. Entre os dias <strong>5 e 13 de abril</strong>, diversas atividades serão realizadas em variados pontos da cidade, garantindo diversão e momentos de reflexão para todas as idades.</p>



<blockquote class="wp-block-quote is-layout-flow wp-block-quote-is-layout-flow">
<p>&#8220;A Páscoa é um momento de união e renovação. Queremos proporcionar experiências inesquecíveis para os moradores, fortalecendo os laços comunitários e valorizando as tradições&#8221;, destacou o prefeito, Silvio César da Silva.</p>
</blockquote>



<p><em><strong>A entrada será gratuita.</strong></em></p>



<p><strong>Confira a programação:</strong></p>



<p><strong>05/04 (sábado): Páscoa na Praça<br>Local</strong>: Praça da Prefeitura (Av. Getúlio Vargas, 126, Centro)<br><strong>Horário</strong>: 9h às 17h<br><strong>Realização</strong>: Prefeitura e Fundação Indaialense de Cultura<br><strong>Apoio</strong>: CDL, ACIDI, FME e Turind<br><strong>Atividades</strong>: Feira de Rua &#8220;Flor &amp; Ser&#8221;; Trenzinho do Coelho; Praça de Alimentação; Distribuição de Pequenos Ovos de Chocolate e Ingressos Vila Encantada; Presença do Coelho da Páscoa; Apresentações Artísticas e Culturais; 9h30 Banda Municipal Prefeito Werner Pabst</p>



<hr class="wp-block-separator has-alpha-channel-opacity"/>



<p><strong>11/04 (sexta): Concerto da Paixão de Cristo<br>Local</strong>: Igreja Luterana &#8211; Centro<br><strong>Horário</strong>: 20h<br><strong>Realização</strong>: Prefeitura e Fundação Indaialense de Cultura<br><strong>Apoio</strong>: Igreja Luterana<br><strong>Grupos Participantes</strong>: Orquestra de Câmara de Indaial, Coral da FIC, Coral Cantate, Discípulos do Louvor e 4rteto Maranata</p>



<hr class="wp-block-separator has-alpha-channel-opacity"/>



<p><strong>12/04 (sábado): Teatro &#8211; Auto da Paixão<br>Local</strong>: Igreja Nossa Senhora de Fátima &#8211; Nações<br><strong>Horário</strong>: 19h30<br><strong>Realização</strong>: Prefeitura e Fundação Indaialense de Cultura<br><strong>Apoio</strong>: Igreja Nossa Senhora de Fátima<br><strong>Grupo Participante: </strong>Associação Hansahoehe &#8211; Teatro e Coral &#8211; Ibirama</p>



<hr class="wp-block-separator has-alpha-channel-opacity"/>



<p><strong>13/04 (domingo): Domingo no Parque – Movimenta Indaial &#8211; 1ª Caça aos Ovos de Páscoa no Parque<br>Local</strong>: Parque Jorge Hardt<br><strong>Horário</strong>: 8h às 17h<br><strong>Realização</strong>: Prefeitura, Fundação Indaialense de Cultura e Fundação Municipal de Esportes<br><strong>Apoio</strong>: CDL, ACIDI, Turind, Bombeiros Voluntários, Escoteiros Duque de Caxias, Polícia Militar e Sicoob<br><br><strong>Programação e Atividades:</strong><br>8h às 9h30 – Inscrições para a Caça aos Ovos<br>9h30 – Início Caça aos Ovos<br>Categorias: PCD, 0 a 2 anos, 3 a 5 anos, 6 a 8 anos e 9 a 10 anos<br>9h às 17h: Feira de Rua &#8220;Flor &amp; Ser&#8221;; Trenzinho do Coelho; Praça de Alimentação<br>10h às 14h: Apresentações Culturais<br>13h às 17h: Atividades Esportivas</p>



<hr class="wp-block-separator has-alpha-channel-opacity"/>

<p>Prefeitura de Indaial anuncia programação especial de Páscoa com atividades para toda a família A Prefeitura de Indaial preparou uma programação especial para celebrar a Páscoa com a comunidade. Entre os dias 5 e 13 de abril, diversas atividades serão</p>
