{"id":10533,"date":"2024-05-29T07:45:30","date_gmt":"2024-05-29T10:45:30","guid":{"rendered":"https:\/\/www.ficindaial.com.br\/fundacao\/?page_id=10533"},"modified":"2024-10-10T08:37:54","modified_gmt":"2024-10-10T11:37:54","slug":"2024-exposicoes","status":"publish","type":"page","link":"https:\/\/www.ficindaial.com.br\/fundacao\/2024-exposicoes\/","title":{"rendered":"2024 &#8211; EXPOSI\u00c7\u00d5ES"},"content":{"rendered":"\n<h4 class=\"wp-block-heading has-medium-font-size\"><\/h4>\n\n\n\n<div class=\"wp-block-columns is-layout-flex wp-container-core-columns-is-layout-28f84493 wp-block-columns-is-layout-flex\">\n<div class=\"wp-block-column is-layout-flow wp-block-column-is-layout-flow\">\n<h4 class=\"wp-block-heading has-medium-font-size\"><strong>Varal Po\u00e9tico &#8211; Escritores Indaialenses &#8211; Acervo FIC<\/strong><\/h4>\n\n\n\n<p><strong>Artista:<\/strong>&nbsp;Escritores Indaialenses<\/p>\n\n\n\n<p><strong>Data: 15 de Fevereiro  a 04 de Mar\u00e7o | 2024<br>Local:<\/strong>&nbsp;Sal\u00e3o de Exposi\u00e7\u00e3o da FIC<br><strong>Visita\u00e7\u00e3o:&nbsp;<\/strong>Segunda a Sexta das 8h \u00e0s 21h<\/p>\n<\/div>\n\n\n\n<div class=\"wp-block-column is-layout-flow wp-block-column-is-layout-flow\">\n<figure class=\"wp-block-image size-large is-resized\"><img loading=\"lazy\" decoding=\"async\" width=\"1024\" height=\"768\" src=\"https:\/\/www.ficindaial.com.br\/fundacao\/wp-content\/uploads\/2024\/05\/Varal-2-COLLAGE-1024x768.jpg\" alt=\"\" class=\"wp-image-10534\" style=\"width:439px;height:auto\" srcset=\"https:\/\/www.ficindaial.com.br\/fundacao\/wp-content\/uploads\/2024\/05\/Varal-2-COLLAGE-1024x768.jpg 1024w, https:\/\/www.ficindaial.com.br\/fundacao\/wp-content\/uploads\/2024\/05\/Varal-2-COLLAGE-300x225.jpg 300w, https:\/\/www.ficindaial.com.br\/fundacao\/wp-content\/uploads\/2024\/05\/Varal-2-COLLAGE-768x576.jpg 768w, https:\/\/www.ficindaial.com.br\/fundacao\/wp-content\/uploads\/2024\/05\/Varal-2-COLLAGE-1536x1152.jpg 1536w, https:\/\/www.ficindaial.com.br\/fundacao\/wp-content\/uploads\/2024\/05\/Varal-2-COLLAGE.jpg 2046w\" sizes=\"(max-width: 1024px) 100vw, 1024px\" \/><\/figure>\n<\/div>\n<\/div>\n\n\n\n<hr class=\"wp-block-separator has-alpha-channel-opacity\"\/>\n\n\n\n<p class=\"has-medium-font-size\"><\/p>\n\n\n\n<div class=\"wp-block-columns is-layout-flex wp-container-core-columns-is-layout-28f84493 wp-block-columns-is-layout-flex\">\n<div class=\"wp-block-column is-layout-flow wp-block-column-is-layout-flow\">\n<p class=\"has-medium-font-size\"><strong>Retratos de Indaial &#8211; Acervo FIC<\/strong><\/p>\n\n\n\n<p><strong>Artistas: <\/strong>&nbsp;Felix Conte, E. Wagner, Batolomeu Oberziner, Elaine Theilacker, Jussara M. Nagel, Lilian Hasse, Ab\u00e9rcio Alberto Nascimento.<\/p>\n\n\n\n<p><strong>Data: 15 de Mar\u00e7o a 20 de Abril | 2024<br>Local:<\/strong>&nbsp;Sal\u00e3o de Exposi\u00e7\u00e3o da FIC<br><strong>Visita\u00e7\u00e3o:&nbsp;<\/strong>Segunda a Sexta das 8h \u00e0s 21h<\/p>\n\n\n\n<hr class=\"wp-block-separator has-alpha-channel-opacity\"\/>\n<\/div>\n\n\n\n<div class=\"wp-block-column is-layout-flow wp-block-column-is-layout-flow\">\n<figure class=\"wp-block-image size-large is-resized\"><img loading=\"lazy\" decoding=\"async\" width=\"768\" height=\"1024\" src=\"https:\/\/www.ficindaial.com.br\/fundacao\/wp-content\/uploads\/2024\/05\/IMG_1091-COLLAGE-768x1024.jpg\" alt=\"\" class=\"wp-image-10535\" style=\"width:282px;height:auto\" srcset=\"https:\/\/www.ficindaial.com.br\/fundacao\/wp-content\/uploads\/2024\/05\/IMG_1091-COLLAGE-768x1024.jpg 768w, https:\/\/www.ficindaial.com.br\/fundacao\/wp-content\/uploads\/2024\/05\/IMG_1091-COLLAGE-225x300.jpg 225w, https:\/\/www.ficindaial.com.br\/fundacao\/wp-content\/uploads\/2024\/05\/IMG_1091-COLLAGE-1152x1536.jpg 1152w, https:\/\/www.ficindaial.com.br\/fundacao\/wp-content\/uploads\/2024\/05\/IMG_1091-COLLAGE.jpg 1535w\" sizes=\"(max-width: 768px) 100vw, 768px\" \/><\/figure>\n<\/div>\n<\/div>\n\n\n\n<div class=\"wp-block-columns is-layout-flex wp-container-core-columns-is-layout-28f84493 wp-block-columns-is-layout-flex\">\n<div class=\"wp-block-column is-layout-flow wp-block-column-is-layout-flow\">\n<p class=\"has-medium-font-size\"><strong>Exposi\u00e7\u00e3o: Povos Origin\u00e1rios &#8211; Acervo FIC<\/strong><\/p>\n\n\n\n<p><strong>Artista: <\/strong>Adrian Grasmuk<\/p>\n\n\n\n<p><strong>Data: 24 de Abril a 31 de Maio | 2024<br>Local:<\/strong>&nbsp;Sal\u00e3o de Exposi\u00e7\u00e3o da FIC<br><strong>Visita\u00e7\u00e3o:&nbsp;<\/strong>Segunda a Sexta das 8h \u00e0s 21h<\/p>\n<\/div>\n\n\n\n<div class=\"wp-block-column is-layout-flow wp-block-column-is-layout-flow\">\n<figure class=\"wp-block-image size-large is-resized\"><img loading=\"lazy\" decoding=\"async\" width=\"768\" height=\"1024\" src=\"https:\/\/www.ficindaial.com.br\/fundacao\/wp-content\/uploads\/2024\/05\/IMG_2509-COLLAGE-768x1024.jpg\" alt=\"\" class=\"wp-image-10536\" style=\"width:278px;height:auto\" srcset=\"https:\/\/www.ficindaial.com.br\/fundacao\/wp-content\/uploads\/2024\/05\/IMG_2509-COLLAGE-768x1024.jpg 768w, https:\/\/www.ficindaial.com.br\/fundacao\/wp-content\/uploads\/2024\/05\/IMG_2509-COLLAGE-225x300.jpg 225w, https:\/\/www.ficindaial.com.br\/fundacao\/wp-content\/uploads\/2024\/05\/IMG_2509-COLLAGE-1152x1536.jpg 1152w, https:\/\/www.ficindaial.com.br\/fundacao\/wp-content\/uploads\/2024\/05\/IMG_2509-COLLAGE.jpg 1535w\" sizes=\"(max-width: 768px) 100vw, 768px\" \/><\/figure>\n<\/div>\n<\/div>\n\n\n\n<hr class=\"wp-block-separator has-alpha-channel-opacity\"\/>\n\n\n\n<p class=\"has-medium-font-size\"><strong><a href=\"https:\/\/indaial.atende.net\/cidadao\/noticia\/8-mostra-papeis-apresenta-trabalhos-dos-cursos-de-artes-visuais-da-fic\">Exposi\u00e7\u00e3o: 8\u00ba Mostra Pap\u00e9is<\/a><\/strong><\/p>\n\n\n\n<div class=\"wp-block-columns is-layout-flex wp-container-core-columns-is-layout-28f84493 wp-block-columns-is-layout-flex\">\n<div class=\"wp-block-column is-layout-flow wp-block-column-is-layout-flow\">\n<p><strong>Artistas: <\/strong>Alunos do Curso de Desenho da FIC<\/p>\n\n\n\n<ul style=\"font-size:15px\" class=\"wp-block-list\">\n<li><\/li>\n\n\n\n<li>Cau\u00ea Vin\u00edcius Soares,<\/li>\n\n\n\n<li>Debora Cristina Riffel,<\/li>\n\n\n\n<li>Henrique Mellies Gang,<\/li>\n\n\n\n<li>Jo\u00e3o Vitor Heimberg,<\/li>\n\n\n\n<li>Natanh Velozo Barcelos,<\/li>\n\n\n\n<li>Pietra Tambani Formagi,<\/li>\n\n\n\n<li>Priscila Neves Batista,<\/li>\n\n\n\n<li>Sarah Juliana Neves Batista.<\/li>\n\n\n\n<li><\/li>\n<\/ul>\n\n\n\n<p><strong>Data: 01 a 25 de Outubro | 2024<br>Local:<\/strong>&nbsp;Sal\u00e3o de Exposi\u00e7\u00e3o da FIC<br><strong>Visita\u00e7\u00e3o:&nbsp;<\/strong>Segunda a Sexta das 8h \u00e0s 21h<\/p>\n<\/div>\n\n\n\n<div class=\"wp-block-column is-layout-flow wp-block-column-is-layout-flow\">\n<figure class=\"wp-block-image size-large is-resized\"><img loading=\"lazy\" decoding=\"async\" width=\"1024\" height=\"1024\" src=\"https:\/\/www.ficindaial.com.br\/fundacao\/wp-content\/uploads\/2024\/10\/8a-Mostra-PAPEIS-2024-1-1024x1024.png\" alt=\"\" class=\"wp-image-10756\" style=\"width:393px;height:auto\" srcset=\"https:\/\/www.ficindaial.com.br\/fundacao\/wp-content\/uploads\/2024\/10\/8a-Mostra-PAPEIS-2024-1-1024x1024.png 1024w, https:\/\/www.ficindaial.com.br\/fundacao\/wp-content\/uploads\/2024\/10\/8a-Mostra-PAPEIS-2024-1-300x300.png 300w, https:\/\/www.ficindaial.com.br\/fundacao\/wp-content\/uploads\/2024\/10\/8a-Mostra-PAPEIS-2024-1-150x150.png 150w, https:\/\/www.ficindaial.com.br\/fundacao\/wp-content\/uploads\/2024\/10\/8a-Mostra-PAPEIS-2024-1-768x768.png 768w, https:\/\/www.ficindaial.com.br\/fundacao\/wp-content\/uploads\/2024\/10\/8a-Mostra-PAPEIS-2024-1-270x270.png 270w, https:\/\/www.ficindaial.com.br\/fundacao\/wp-content\/uploads\/2024\/10\/8a-Mostra-PAPEIS-2024-1-230x230.png 230w, https:\/\/www.ficindaial.com.br\/fundacao\/wp-content\/uploads\/2024\/10\/8a-Mostra-PAPEIS-2024-1.png 1080w\" sizes=\"(max-width: 1024px) 100vw, 1024px\" \/><\/figure>\n\n\n\n<figure class=\"wp-block-gallery has-nested-images columns-default is-cropped wp-block-gallery-1 is-layout-flex wp-block-gallery-is-layout-flex\">\n<figure class=\"wp-block-image size-large\"><img loading=\"lazy\" decoding=\"async\" width=\"1024\" height=\"768\" data-id=\"10758\" src=\"https:\/\/www.ficindaial.com.br\/fundacao\/wp-content\/uploads\/2024\/10\/Imagem-do-WhatsApp-de-2024-10-09-as-07.47.57_c143f91f-1024x768.jpg\" alt=\"\" class=\"wp-image-10758\" srcset=\"https:\/\/www.ficindaial.com.br\/fundacao\/wp-content\/uploads\/2024\/10\/Imagem-do-WhatsApp-de-2024-10-09-as-07.47.57_c143f91f-1024x768.jpg 1024w, https:\/\/www.ficindaial.com.br\/fundacao\/wp-content\/uploads\/2024\/10\/Imagem-do-WhatsApp-de-2024-10-09-as-07.47.57_c143f91f-300x225.jpg 300w, https:\/\/www.ficindaial.com.br\/fundacao\/wp-content\/uploads\/2024\/10\/Imagem-do-WhatsApp-de-2024-10-09-as-07.47.57_c143f91f-768x576.jpg 768w, https:\/\/www.ficindaial.com.br\/fundacao\/wp-content\/uploads\/2024\/10\/Imagem-do-WhatsApp-de-2024-10-09-as-07.47.57_c143f91f.jpg 1280w\" sizes=\"(max-width: 1024px) 100vw, 1024px\" \/><\/figure>\n\n\n\n<figure class=\"wp-block-image size-large\"><img loading=\"lazy\" decoding=\"async\" width=\"1024\" height=\"768\" data-id=\"10757\" src=\"https:\/\/www.ficindaial.com.br\/fundacao\/wp-content\/uploads\/2024\/10\/Imagem-do-WhatsApp-de-2024-10-09-as-07.47.57_f2f34a92-1024x768.jpg\" alt=\"\" class=\"wp-image-10757\" srcset=\"https:\/\/www.ficindaial.com.br\/fundacao\/wp-content\/uploads\/2024\/10\/Imagem-do-WhatsApp-de-2024-10-09-as-07.47.57_f2f34a92-1024x768.jpg 1024w, https:\/\/www.ficindaial.com.br\/fundacao\/wp-content\/uploads\/2024\/10\/Imagem-do-WhatsApp-de-2024-10-09-as-07.47.57_f2f34a92-300x225.jpg 300w, https:\/\/www.ficindaial.com.br\/fundacao\/wp-content\/uploads\/2024\/10\/Imagem-do-WhatsApp-de-2024-10-09-as-07.47.57_f2f34a92-768x576.jpg 768w, https:\/\/www.ficindaial.com.br\/fundacao\/wp-content\/uploads\/2024\/10\/Imagem-do-WhatsApp-de-2024-10-09-as-07.47.57_f2f34a92.jpg 1280w\" sizes=\"(max-width: 1024px) 100vw, 1024px\" \/><\/figure>\n<\/figure>\n<\/div>\n<\/div>\n\n\n\n<hr class=\"wp-block-separator has-alpha-channel-opacity\"\/>\n","protected":false},"excerpt":{"rendered":"<p>Varal Po\u00e9tico &#8211; Escritores Indaialenses &#8211; Acervo FIC Artista:&nbsp;Escritores Indaialenses Data: 15 de Fevereiro a 04 de Mar\u00e7o | 2024Local:&nbsp;Sal\u00e3o de Exposi\u00e7\u00e3o da FICVisita\u00e7\u00e3o:&nbsp;Segunda a Sexta das 8h \u00e0s 21h Retratos de Indaial &#8211; Acervo FIC Artistas: &nbsp;Felix Conte, E.<\/p>\n","protected":false},"author":2,"featured_media":0,"parent":0,"menu_order":0,"comment_status":"closed","ping_status":"closed","template":"","meta":{"saved_in_kubio":false,"ngg_post_thumbnail":0,"footnotes":""},"class_list":["post-10533","page","type-page","status-publish","hentry"],"kubio_ai_page_context":{"short_desc":"","purpose":"general"},"_links":{"self":[{"href":"https:\/\/www.ficindaial.com.br\/fundacao\/wp-json\/wp\/v2\/pages\/10533","targetHints":{"allow":["GET"]}}],"collection":[{"href":"https:\/\/www.ficindaial.com.br\/fundacao\/wp-json\/wp\/v2\/pages"}],"about":[{"href":"https:\/\/www.ficindaial.com.br\/fundacao\/wp-json\/wp\/v2\/types\/page"}],"author":[{"embeddable":true,"href":"https:\/\/www.ficindaial.com.br\/fundacao\/wp-json\/wp\/v2\/users\/2"}],"replies":[{"embeddable":true,"href":"https:\/\/www.ficindaial.com.br\/fundacao\/wp-json\/wp\/v2\/comments?post=10533"}],"version-history":[{"count":3,"href":"https:\/\/www.ficindaial.com.br\/fundacao\/wp-json\/wp\/v2\/pages\/10533\/revisions"}],"predecessor-version":[{"id":10815,"href":"https:\/\/www.ficindaial.com.br\/fundacao\/wp-json\/wp\/v2\/pages\/10533\/revisions\/10815"}],"wp:attachment":[{"href":"https:\/\/www.ficindaial.com.br\/fundacao\/wp-json\/wp\/v2\/media?parent=10533"}],"curies":[{"name":"wp","href":"https:\/\/api.w.org\/{rel}","templated":true}]}}

2024 &#8211; EXPOSIÇÕES

<h4 class="wp-block-heading has-medium-font-size"></h4>



<div class="wp-block-columns is-layout-flex wp-container-core-columns-is-layout-28f84493 wp-block-columns-is-layout-flex">
<div class="wp-block-column is-layout-flow wp-block-column-is-layout-flow">
<h4 class="wp-block-heading has-medium-font-size"><strong>Varal Poético &#8211; Escritores Indaialenses &#8211; Acervo FIC</strong></h4>



<p><strong>Artista:</strong>&nbsp;Escritores Indaialenses</p>



<p><strong>Data: 15 de Fevereiro  a 04 de Março | 2024<br>Local:</strong>&nbsp;Salão de Exposição da FIC<br><strong>Visitação:&nbsp;</strong>Segunda a Sexta das 8h às 21h</p>
</div>



<div class="wp-block-column is-layout-flow wp-block-column-is-layout-flow">
<figure class="wp-block-image size-large is-resized"><img loading="lazy" decoding="async" width="1024" height="768" src="https://www.ficindaial.com.br/fundacao/wp-content/uploads/2024/05/Varal-2-COLLAGE-1024x768.jpg" alt="" class="wp-image-10534" style="width:439px;height:auto" srcset="https://www.ficindaial.com.br/fundacao/wp-content/uploads/2024/05/Varal-2-COLLAGE-1024x768.jpg 1024w, https://www.ficindaial.com.br/fundacao/wp-content/uploads/2024/05/Varal-2-COLLAGE-300x225.jpg 300w, https://www.ficindaial.com.br/fundacao/wp-content/uploads/2024/05/Varal-2-COLLAGE-768x576.jpg 768w, https://www.ficindaial.com.br/fundacao/wp-content/uploads/2024/05/Varal-2-COLLAGE-1536x1152.jpg 1536w, https://www.ficindaial.com.br/fundacao/wp-content/uploads/2024/05/Varal-2-COLLAGE.jpg 2046w" sizes="(max-width: 1024px) 100vw, 1024px" /></figure>
</div>
</div>



<hr class="wp-block-separator has-alpha-channel-opacity"/>



<p class="has-medium-font-size"></p>



<div class="wp-block-columns is-layout-flex wp-container-core-columns-is-layout-28f84493 wp-block-columns-is-layout-flex">
<div class="wp-block-column is-layout-flow wp-block-column-is-layout-flow">
<p class="has-medium-font-size"><strong>Retratos de Indaial &#8211; Acervo FIC</strong></p>



<p><strong>Artistas: </strong>&nbsp;Felix Conte, E. Wagner, Batolomeu Oberziner, Elaine Theilacker, Jussara M. Nagel, Lilian Hasse, Abércio Alberto Nascimento.</p>



<p><strong>Data: 15 de Março a 20 de Abril | 2024<br>Local:</strong>&nbsp;Salão de Exposição da FIC<br><strong>Visitação:&nbsp;</strong>Segunda a Sexta das 8h às 21h</p>



<hr class="wp-block-separator has-alpha-channel-opacity"/>
</div>



<div class="wp-block-column is-layout-flow wp-block-column-is-layout-flow">
<figure class="wp-block-image size-large is-resized"><img loading="lazy" decoding="async" width="768" height="1024" src="https://www.ficindaial.com.br/fundacao/wp-content/uploads/2024/05/IMG_1091-COLLAGE-768x1024.jpg" alt="" class="wp-image-10535" style="width:282px;height:auto" srcset="https://www.ficindaial.com.br/fundacao/wp-content/uploads/2024/05/IMG_1091-COLLAGE-768x1024.jpg 768w, https://www.ficindaial.com.br/fundacao/wp-content/uploads/2024/05/IMG_1091-COLLAGE-225x300.jpg 225w, https://www.ficindaial.com.br/fundacao/wp-content/uploads/2024/05/IMG_1091-COLLAGE-1152x1536.jpg 1152w, https://www.ficindaial.com.br/fundacao/wp-content/uploads/2024/05/IMG_1091-COLLAGE.jpg 1535w" sizes="(max-width: 768px) 100vw, 768px" /></figure>
</div>
</div>



<div class="wp-block-columns is-layout-flex wp-container-core-columns-is-layout-28f84493 wp-block-columns-is-layout-flex">
<div class="wp-block-column is-layout-flow wp-block-column-is-layout-flow">
<p class="has-medium-font-size"><strong>Exposição: Povos Originários &#8211; Acervo FIC</strong></p>



<p><strong>Artista: </strong>Adrian Grasmuk</p>



<p><strong>Data: 24 de Abril a 31 de Maio | 2024<br>Local:</strong>&nbsp;Salão de Exposição da FIC<br><strong>Visitação:&nbsp;</strong>Segunda a Sexta das 8h às 21h</p>
</div>



<div class="wp-block-column is-layout-flow wp-block-column-is-layout-flow">
<figure class="wp-block-image size-large is-resized"><img loading="lazy" decoding="async" width="768" height="1024" src="https://www.ficindaial.com.br/fundacao/wp-content/uploads/2024/05/IMG_2509-COLLAGE-768x1024.jpg" alt="" class="wp-image-10536" style="width:278px;height:auto" srcset="https://www.ficindaial.com.br/fundacao/wp-content/uploads/2024/05/IMG_2509-COLLAGE-768x1024.jpg 768w, https://www.ficindaial.com.br/fundacao/wp-content/uploads/2024/05/IMG_2509-COLLAGE-225x300.jpg 225w, https://www.ficindaial.com.br/fundacao/wp-content/uploads/2024/05/IMG_2509-COLLAGE-1152x1536.jpg 1152w, https://www.ficindaial.com.br/fundacao/wp-content/uploads/2024/05/IMG_2509-COLLAGE.jpg 1535w" sizes="(max-width: 768px) 100vw, 768px" /></figure>
</div>
</div>



<hr class="wp-block-separator has-alpha-channel-opacity"/>



<p class="has-medium-font-size"><strong><a href="https://indaial.atende.net/cidadao/noticia/8-mostra-papeis-apresenta-trabalhos-dos-cursos-de-artes-visuais-da-fic">Exposição: 8º Mostra Papéis</a></strong></p>



<div class="wp-block-columns is-layout-flex wp-container-core-columns-is-layout-28f84493 wp-block-columns-is-layout-flex">
<div class="wp-block-column is-layout-flow wp-block-column-is-layout-flow">
<p><strong>Artistas: </strong>Alunos do Curso de Desenho da FIC</p>



<ul style="font-size:15px" class="wp-block-list">
<li></li>



<li>Cauê Vinícius Soares,</li>



<li>Debora Cristina Riffel,</li>



<li>Henrique Mellies Gang,</li>



<li>João Vitor Heimberg,</li>



<li>Natanh Velozo Barcelos,</li>



<li>Pietra Tambani Formagi,</li>



<li>Priscila Neves Batista,</li>



<li>Sarah Juliana Neves Batista.</li>



<li></li>
</ul>



<p><strong>Data: 01 a 25 de Outubro | 2024<br>Local:</strong>&nbsp;Salão de Exposição da FIC<br><strong>Visitação:&nbsp;</strong>Segunda a Sexta das 8h às 21h</p>
</div>



<div class="wp-block-column is-layout-flow wp-block-column-is-layout-flow">
<figure class="wp-block-image size-large is-resized"><img loading="lazy" decoding="async" width="1024" height="1024" src="https://www.ficindaial.com.br/fundacao/wp-content/uploads/2024/10/8a-Mostra-PAPEIS-2024-1-1024x1024.png" alt="" class="wp-image-10756" style="width:393px;height:auto" srcset="https://www.ficindaial.com.br/fundacao/wp-content/uploads/2024/10/8a-Mostra-PAPEIS-2024-1-1024x1024.png 1024w, https://www.ficindaial.com.br/fundacao/wp-content/uploads/2024/10/8a-Mostra-PAPEIS-2024-1-300x300.png 300w, https://www.ficindaial.com.br/fundacao/wp-content/uploads/2024/10/8a-Mostra-PAPEIS-2024-1-150x150.png 150w, https://www.ficindaial.com.br/fundacao/wp-content/uploads/2024/10/8a-Mostra-PAPEIS-2024-1-768x768.png 768w, https://www.ficindaial.com.br/fundacao/wp-content/uploads/2024/10/8a-Mostra-PAPEIS-2024-1-270x270.png 270w, https://www.ficindaial.com.br/fundacao/wp-content/uploads/2024/10/8a-Mostra-PAPEIS-2024-1-230x230.png 230w, https://www.ficindaial.com.br/fundacao/wp-content/uploads/2024/10/8a-Mostra-PAPEIS-2024-1.png 1080w" sizes="(max-width: 1024px) 100vw, 1024px" /></figure>



<figure class="wp-block-gallery has-nested-images columns-default is-cropped wp-block-gallery-1 is-layout-flex wp-block-gallery-is-layout-flex">
<figure class="wp-block-image size-large"><img loading="lazy" decoding="async" width="1024" height="768" data-id="10758" src="https://www.ficindaial.com.br/fundacao/wp-content/uploads/2024/10/Imagem-do-WhatsApp-de-2024-10-09-as-07.47.57_c143f91f-1024x768.jpg" alt="" class="wp-image-10758" srcset="https://www.ficindaial.com.br/fundacao/wp-content/uploads/2024/10/Imagem-do-WhatsApp-de-2024-10-09-as-07.47.57_c143f91f-1024x768.jpg 1024w, https://www.ficindaial.com.br/fundacao/wp-content/uploads/2024/10/Imagem-do-WhatsApp-de-2024-10-09-as-07.47.57_c143f91f-300x225.jpg 300w, https://www.ficindaial.com.br/fundacao/wp-content/uploads/2024/10/Imagem-do-WhatsApp-de-2024-10-09-as-07.47.57_c143f91f-768x576.jpg 768w, https://www.ficindaial.com.br/fundacao/wp-content/uploads/2024/10/Imagem-do-WhatsApp-de-2024-10-09-as-07.47.57_c143f91f.jpg 1280w" sizes="(max-width: 1024px) 100vw, 1024px" /></figure>



<figure class="wp-block-image size-large"><img loading="lazy" decoding="async" width="1024" height="768" data-id="10757" src="https://www.ficindaial.com.br/fundacao/wp-content/uploads/2024/10/Imagem-do-WhatsApp-de-2024-10-09-as-07.47.57_f2f34a92-1024x768.jpg" alt="" class="wp-image-10757" srcset="https://www.ficindaial.com.br/fundacao/wp-content/uploads/2024/10/Imagem-do-WhatsApp-de-2024-10-09-as-07.47.57_f2f34a92-1024x768.jpg 1024w, https://www.ficindaial.com.br/fundacao/wp-content/uploads/2024/10/Imagem-do-WhatsApp-de-2024-10-09-as-07.47.57_f2f34a92-300x225.jpg 300w, https://www.ficindaial.com.br/fundacao/wp-content/uploads/2024/10/Imagem-do-WhatsApp-de-2024-10-09-as-07.47.57_f2f34a92-768x576.jpg 768w, https://www.ficindaial.com.br/fundacao/wp-content/uploads/2024/10/Imagem-do-WhatsApp-de-2024-10-09-as-07.47.57_f2f34a92.jpg 1280w" sizes="(max-width: 1024px) 100vw, 1024px" /></figure>
</figure>
</div>
</div>



<hr class="wp-block-separator has-alpha-channel-opacity"/>

<p>Varal Poético &#8211; Escritores Indaialenses &#8211; Acervo FIC Artista:&nbsp;Escritores Indaialenses Data: 15 de Fevereiro a 04 de Março | 2024Local:&nbsp;Salão de Exposição da FICVisitação:&nbsp;Segunda a Sexta das 8h às 21h Retratos de Indaial &#8211; Acervo FIC Artistas: &nbsp;Felix Conte, E.</p>
