{"id":10428,"date":"2024-04-25T11:59:10","date_gmt":"2024-04-25T14:59:10","guid":{"rendered":"https:\/\/www.ficindaial.com.br\/fundacao\/?page_id=10428"},"modified":"2024-05-29T07:08:58","modified_gmt":"2024-05-29T10:08:58","slug":"pnab-oitivas-escuta-publica","status":"publish","type":"page","link":"https:\/\/www.ficindaial.com.br\/fundacao\/pnab-oitivas-escuta-publica\/","title":{"rendered":"PNAB &#8211; Oitivas (Escuta P\u00fablica)"},"content":{"rendered":"\n<figure class=\"wp-block-image alignright size-large is-resized\"><img loading=\"lazy\" decoding=\"async\" width=\"1024\" height=\"806\" src=\"https:\/\/www.ficindaial.com.br\/fundacao\/wp-content\/uploads\/2024\/04\/marcas_PNAB_RGB.pdf-1024x806.png\" alt=\"\" class=\"wp-image-10433\" style=\"width:258px;height:auto\" srcset=\"https:\/\/www.ficindaial.com.br\/fundacao\/wp-content\/uploads\/2024\/04\/marcas_PNAB_RGB.pdf-1024x806.png 1024w, https:\/\/www.ficindaial.com.br\/fundacao\/wp-content\/uploads\/2024\/04\/marcas_PNAB_RGB.pdf-300x236.png 300w, https:\/\/www.ficindaial.com.br\/fundacao\/wp-content\/uploads\/2024\/04\/marcas_PNAB_RGB.pdf-768x604.png 768w, https:\/\/www.ficindaial.com.br\/fundacao\/wp-content\/uploads\/2024\/04\/marcas_PNAB_RGB.pdf.png 1080w\" sizes=\"(max-width: 1024px) 100vw, 1024px\" \/><\/figure>\n\n\n\n<p class=\"has-background\" style=\"background-color:#f9f9f9;font-size:16px\"><strong>DATAS<\/strong>: 13, 16 e 17 de Abril<br><strong>HOR\u00c1RIO<\/strong>: 19h \u00e0s 20h30<br><strong>LOCAL<\/strong>: Galp\u00e3o das Artes Prof. M\u00e1rio Dem\u00e9trio &#8211; FIC<\/p>\n\n\n\n<p><\/p>\n\n\n\n<p>A Funda\u00e7\u00e3o Indaialense de Cultura convida toda classe art\u00edstica para participar do F\u00f3rum de escutas sobre a Pol\u00edtica Nacional Aldir Blanc de Fomento \u00e0 Cultura.<\/p>\n\n\n\n<p>A participa\u00e7\u00e3o de todos \u00e9 fundamental para o exerc\u00edcio democr\u00e1tico da constru\u00e7\u00e3o coletiva das Pol\u00edticas p\u00fablicas municipais e para a melhor aplicabilidade da PNAB no \u00e2mbito municipal.<\/p>\n\n\n\n<hr class=\"wp-block-separator has-alpha-channel-opacity\"\/>\n\n\n\n<p><strong>PROGRAMA\u00c7\u00c3O:<\/strong><\/p>\n\n\n\n<ul class=\"wp-block-list\">\n<li>Explana\u00e7\u00e3o sobre o que \u00e9 a PNAB<\/li>\n\n\n\n<li>Explana\u00e7\u00e3o sobre a Cultura Viva<\/li>\n\n\n\n<li>Discuss\u00e3o Aplica\u00e7\u00e3o dos Recursos<\/li>\n<\/ul>\n\n\n\n<p>Durante as oitivas, haver\u00e1 a apresenta\u00e7\u00e3o da Lei Aldir Blanc e Cultura Viva, para proporcionar aos agentes culturais um entendimento dos principais pontos das leis. Em seguida, ser\u00e1 realizada uma discuss\u00e3o sobre a aplica\u00e7\u00e3o dos recursos recebidos e aberto espa\u00e7o para perguntas e esclarecimento de d\u00favidas.<\/p>\n\n\n\n<p>As escutas est\u00e3o divididas por Setoriais conforme cronograma abaixo. <\/p>\n\n\n\n<p class=\"has-background\" style=\"background-color:#f6f6f6\"><strong>13 de Maio<\/strong><\/p>\n\n\n\n<ul class=\"wp-block-list\">\n<li>Artes Visuais e Audiovisual;<\/li>\n\n\n\n<li>Artes C\u00eanicas;<\/li>\n<\/ul>\n\n\n\n<p class=\"has-background\" style=\"background-color:#f6f6f6\"><strong>16 de Maio<\/strong><\/p>\n\n\n\n<ul class=\"wp-block-list\">\n<li>M\u00fasica;<\/li>\n\n\n\n<li>Livro, Leitura e Literatura<\/li>\n<\/ul>\n\n\n\n<p class=\"has-background\" style=\"background-color:#f6f6f6\"><strong>17 de Maio<\/strong><\/p>\n\n\n\n<ul class=\"wp-block-list\">\n<li>Culturas Populares, Folclore e Artesanato;<\/li>\n\n\n\n<li>Patrim\u00f4nio Material e Imaterial;<\/li>\n<\/ul>\n\n\n\n<p><strong><em>As escutas est\u00e3o separadas por setorial mas s\u00e3o abertas ao p\u00fablico, caso tenha indisponibilidade de participa\u00e7\u00e3o no dia dedicado ao seu segmento \u00e9 poss\u00edvel participar em outra data.<\/em><\/strong><\/p>\n\n\n\n<hr class=\"wp-block-separator has-alpha-channel-opacity\"\/>\n\n\n\n<p class=\"has-medium-font-size\"><a href=\"https:\/\/forms.gle\/GQ6TEYcB8yQbyfjX6\" data-type=\"link\" data-id=\"https:\/\/forms.gle\/GQ6TEYcB8yQbyfjX6\">INSCREVA-SE AQUI<\/a><\/p>\n\n\n\n<hr class=\"wp-block-separator has-alpha-channel-opacity\"\/>\n\n\n\n<figure class=\"wp-block-image size-large\"><img loading=\"lazy\" decoding=\"async\" width=\"1024\" height=\"215\" src=\"https:\/\/www.ficindaial.com.br\/fundacao\/wp-content\/uploads\/2024\/04\/BANNERS-SITE-20-1-1024x215.png\" alt=\"\" class=\"wp-image-10429\" srcset=\"https:\/\/www.ficindaial.com.br\/fundacao\/wp-content\/uploads\/2024\/04\/BANNERS-SITE-20-1-1024x215.png 1024w, https:\/\/www.ficindaial.com.br\/fundacao\/wp-content\/uploads\/2024\/04\/BANNERS-SITE-20-1-300x63.png 300w, https:\/\/www.ficindaial.com.br\/fundacao\/wp-content\/uploads\/2024\/04\/BANNERS-SITE-20-1-768x161.png 768w, https:\/\/www.ficindaial.com.br\/fundacao\/wp-content\/uploads\/2024\/04\/BANNERS-SITE-20-1-1536x322.png 1536w, https:\/\/www.ficindaial.com.br\/fundacao\/wp-content\/uploads\/2024\/04\/BANNERS-SITE-20-1-2048x429.png 2048w\" sizes=\"(max-width: 1024px) 100vw, 1024px\" \/><\/figure>\n\n\n\n<hr class=\"wp-block-separator has-alpha-channel-opacity\"\/>\n\n\n\n<p>APRESENTA\u00c7\u00c3O &#8211; OITIVAS<\/p>\n\n\n\n<div data-wp-interactive=\"core\/file\" class=\"wp-block-file\"><object data-wp-bind--hidden=\"!state.hasPdfPreview\" hidden class=\"wp-block-file__embed\" data=\"https:\/\/www.ficindaial.com.br\/fundacao\/wp-content\/uploads\/2024\/05\/OITIVAS-APRESENTACAO.pdf\" type=\"application\/pdf\" style=\"width:100%;height:238px\" aria-label=\"Incorporado de OITIVAS - APRESENTA\u00c7\u00c3O.\"><\/object><a id=\"wp-block-file--media-febd8c67-d68d-44de-b971-912113967c05\" href=\"https:\/\/www.ficindaial.com.br\/fundacao\/wp-content\/uploads\/2024\/05\/OITIVAS-APRESENTACAO.pdf\">OITIVAS &#8211; APRESENTA\u00c7\u00c3O<\/a><a href=\"https:\/\/www.ficindaial.com.br\/fundacao\/wp-content\/uploads\/2024\/05\/OITIVAS-APRESENTACAO.pdf\" class=\"wp-block-file__button wp-element-button\" download aria-describedby=\"wp-block-file--media-febd8c67-d68d-44de-b971-912113967c05\">Baixar<\/a><\/div>\n\n\n\n<hr class=\"wp-block-separator has-alpha-channel-opacity\"\/>\n\n\n\n<figure class=\"wp-block-gallery has-nested-images columns-default is-cropped wp-block-gallery-1 is-layout-flex wp-block-gallery-is-layout-flex\">\n<figure class=\"wp-block-image size-large\"><img loading=\"lazy\" decoding=\"async\" width=\"1024\" height=\"768\" data-id=\"10478\" src=\"https:\/\/www.ficindaial.com.br\/fundacao\/wp-content\/uploads\/2024\/05\/5-1024x768.jpg\" alt=\"\" class=\"wp-image-10478\" srcset=\"https:\/\/www.ficindaial.com.br\/fundacao\/wp-content\/uploads\/2024\/05\/5-1024x768.jpg 1024w, https:\/\/www.ficindaial.com.br\/fundacao\/wp-content\/uploads\/2024\/05\/5-300x225.jpg 300w, https:\/\/www.ficindaial.com.br\/fundacao\/wp-content\/uploads\/2024\/05\/5-768x576.jpg 768w, https:\/\/www.ficindaial.com.br\/fundacao\/wp-content\/uploads\/2024\/05\/5.jpg 1280w\" sizes=\"(max-width: 1024px) 100vw, 1024px\" \/><\/figure>\n\n\n\n<figure class=\"wp-block-image size-large\"><img loading=\"lazy\" decoding=\"async\" width=\"1024\" height=\"768\" data-id=\"10481\" src=\"https:\/\/www.ficindaial.com.br\/fundacao\/wp-content\/uploads\/2024\/05\/2-1024x768.jpg\" alt=\"\" class=\"wp-image-10481\" srcset=\"https:\/\/www.ficindaial.com.br\/fundacao\/wp-content\/uploads\/2024\/05\/2-1024x768.jpg 1024w, https:\/\/www.ficindaial.com.br\/fundacao\/wp-content\/uploads\/2024\/05\/2-300x225.jpg 300w, https:\/\/www.ficindaial.com.br\/fundacao\/wp-content\/uploads\/2024\/05\/2-768x576.jpg 768w, https:\/\/www.ficindaial.com.br\/fundacao\/wp-content\/uploads\/2024\/05\/2-1536x1152.jpg 1536w, https:\/\/www.ficindaial.com.br\/fundacao\/wp-content\/uploads\/2024\/05\/2.jpg 1600w\" sizes=\"(max-width: 1024px) 100vw, 1024px\" \/><\/figure>\n\n\n\n<figure class=\"wp-block-image size-large\"><img loading=\"lazy\" decoding=\"async\" width=\"1024\" height=\"768\" data-id=\"10479\" src=\"https:\/\/www.ficindaial.com.br\/fundacao\/wp-content\/uploads\/2024\/05\/4-1024x768.jpg\" alt=\"\" class=\"wp-image-10479\" srcset=\"https:\/\/www.ficindaial.com.br\/fundacao\/wp-content\/uploads\/2024\/05\/4-1024x768.jpg 1024w, https:\/\/www.ficindaial.com.br\/fundacao\/wp-content\/uploads\/2024\/05\/4-300x225.jpg 300w, https:\/\/www.ficindaial.com.br\/fundacao\/wp-content\/uploads\/2024\/05\/4-768x576.jpg 768w, https:\/\/www.ficindaial.com.br\/fundacao\/wp-content\/uploads\/2024\/05\/4-1536x1152.jpg 1536w, https:\/\/www.ficindaial.com.br\/fundacao\/wp-content\/uploads\/2024\/05\/4.jpg 1600w\" sizes=\"(max-width: 1024px) 100vw, 1024px\" \/><\/figure>\n<\/figure>\n\n\n\n<hr class=\"wp-block-separator has-alpha-channel-opacity\"\/>\n\n\n\n<div class=\"wp-block-file\"><a id=\"wp-block-file--media-9ddae4fe-9abf-4b3c-a0f1-bff1e31d24b5\" href=\"https:\/\/www.ficindaial.com.br\/fundacao\/wp-content\/uploads\/2024\/05\/ATA-OITIVAS.pdf\">ATA-OITIVAS<\/a><a href=\"https:\/\/www.ficindaial.com.br\/fundacao\/wp-content\/uploads\/2024\/05\/ATA-OITIVAS.pdf\" class=\"wp-block-file__button wp-element-button\" download aria-describedby=\"wp-block-file--media-9ddae4fe-9abf-4b3c-a0f1-bff1e31d24b5\">Baixar<\/a><\/div>\n\n\n\n<div class=\"wp-block-file\"><a id=\"wp-block-file--media-a946daca-c039-41c8-ab3e-eec3ed5ffe8c\" href=\"https:\/\/www.ficindaial.com.br\/fundacao\/wp-content\/uploads\/2024\/05\/ATA-DE-APPROVACAO-DO-PAAR-CMPCI.pdf\">ATA-DE-APPROVACAO-DO-PAAR-CMPCI<\/a><a href=\"https:\/\/www.ficindaial.com.br\/fundacao\/wp-content\/uploads\/2024\/05\/ATA-DE-APPROVACAO-DO-PAAR-CMPCI.pdf\" class=\"wp-block-file__button wp-element-button\" download aria-describedby=\"wp-block-file--media-a946daca-c039-41c8-ab3e-eec3ed5ffe8c\">Baixar<\/a><\/div>\n\n\n\n<div class=\"wp-block-file\"><a id=\"wp-block-file--media-670a6e0a-7abf-413e-9c0b-62c91a666b12\" href=\"https:\/\/www.ficindaial.com.br\/fundacao\/wp-content\/uploads\/2024\/05\/JOHXRQNNSC-MUNICIPIO-DE-INDAIAL.pdf\">CADASTRO PAAR &#8211; JOHXRQNNSC-MUNICIPIO-DE-INDAIAL<\/a><a href=\"https:\/\/www.ficindaial.com.br\/fundacao\/wp-content\/uploads\/2024\/05\/JOHXRQNNSC-MUNICIPIO-DE-INDAIAL.pdf\" class=\"wp-block-file__button wp-element-button\" download aria-describedby=\"wp-block-file--media-670a6e0a-7abf-413e-9c0b-62c91a666b12\">Baixar<\/a><\/div>\n\n\n\n<div class=\"wp-block-file\"><a id=\"wp-block-file--media-4adff405-eb24-4c1c-aa00-fb29aa7c2bb7\" href=\"https:\/\/www.ficindaial.com.br\/fundacao\/wp-content\/uploads\/2024\/05\/DOM-PUBLICACAO-JOHXRQNNSC-MUNICIPIO-DE-INDAIAL.pdf\">DOM-PUBLICACAO-JOHXRQNNSC-MUNICIPIO-DE-INDAIAL<\/a><a href=\"https:\/\/www.ficindaial.com.br\/fundacao\/wp-content\/uploads\/2024\/05\/DOM-PUBLICACAO-JOHXRQNNSC-MUNICIPIO-DE-INDAIAL.pdf\" class=\"wp-block-file__button wp-element-button\" download aria-describedby=\"wp-block-file--media-4adff405-eb24-4c1c-aa00-fb29aa7c2bb7\">Baixar<\/a><\/div>\n\n\n\n<div class=\"wp-block-file\"><a id=\"wp-block-file--media-7c42a18a-3850-4d85-bfe2-0432f4d2ea80\" href=\"https:\/\/www.ficindaial.com.br\/fundacao\/wp-content\/uploads\/2024\/05\/CADASTRO-PLANO-DE-ACAO-TRANFEREGOV.pdf\">CADASTRO-PLANO-DE-ACAO-TRANFEREGOV<\/a><a href=\"https:\/\/www.ficindaial.com.br\/fundacao\/wp-content\/uploads\/2024\/05\/CADASTRO-PLANO-DE-ACAO-TRANFEREGOV.pdf\" class=\"wp-block-file__button wp-element-button\" download aria-describedby=\"wp-block-file--media-7c42a18a-3850-4d85-bfe2-0432f4d2ea80\">Baixar<\/a><\/div>\n","protected":false},"excerpt":{"rendered":"<p>DATAS: 13, 16 e 17 de AbrilHOR\u00c1RIO: 19h \u00e0s 20h30LOCAL: Galp\u00e3o das Artes Prof. M\u00e1rio Dem\u00e9trio &#8211; FIC A Funda\u00e7\u00e3o Indaialense de Cultura convida toda classe art\u00edstica para participar do F\u00f3rum de escutas sobre a Pol\u00edtica Nacional Aldir Blanc de<\/p>\n","protected":false},"author":2,"featured_media":0,"parent":0,"menu_order":0,"comment_status":"closed","ping_status":"closed","template":"","meta":{"saved_in_kubio":false,"ngg_post_thumbnail":0,"footnotes":""},"class_list":["post-10428","page","type-page","status-publish","hentry"],"kubio_ai_page_context":{"short_desc":"","purpose":"general"},"_links":{"self":[{"href":"https:\/\/www.ficindaial.com.br\/fundacao\/wp-json\/wp\/v2\/pages\/10428","targetHints":{"allow":["GET"]}}],"collection":[{"href":"https:\/\/www.ficindaial.com.br\/fundacao\/wp-json\/wp\/v2\/pages"}],"about":[{"href":"https:\/\/www.ficindaial.com.br\/fundacao\/wp-json\/wp\/v2\/types\/page"}],"author":[{"embeddable":true,"href":"https:\/\/www.ficindaial.com.br\/fundacao\/wp-json\/wp\/v2\/users\/2"}],"replies":[{"embeddable":true,"href":"https:\/\/www.ficindaial.com.br\/fundacao\/wp-json\/wp\/v2\/comments?post=10428"}],"version-history":[{"count":8,"href":"https:\/\/www.ficindaial.com.br\/fundacao\/wp-json\/wp\/v2\/pages\/10428\/revisions"}],"predecessor-version":[{"id":10531,"href":"https:\/\/www.ficindaial.com.br\/fundacao\/wp-json\/wp\/v2\/pages\/10428\/revisions\/10531"}],"wp:attachment":[{"href":"https:\/\/www.ficindaial.com.br\/fundacao\/wp-json\/wp\/v2\/media?parent=10428"}],"curies":[{"name":"wp","href":"https:\/\/api.w.org\/{rel}","templated":true}]}}